{"id":5250,"date":"2022-02-26T11:39:45","date_gmt":"2022-02-26T14:39:45","guid":{"rendered":"https:\/\/www.taller-palabras.com\/WordPress_04\/?post_type=product&#038;p=5250"},"modified":"2024-06-23T13:51:50","modified_gmt":"2024-06-23T16:51:50","slug":"las-almas-muertas-nikolai-gogol-ebook","status":"publish","type":"product","link":"https:\/\/www.taller-palabras.com\/WordPress_04\/producto\/las-almas-muertas-nikolai-gogol-ebook","title":{"rendered":"Las almas muertas &#8211; Nikol\u00e1i G\u00f3gol \/ebook"},"content":{"rendered":"<figure id=\"attachment_5227\" aria-describedby=\"caption-attachment-5227\" style=\"width: 150px\" class=\"wp-caption alignleft\"><img loading=\"lazy\" decoding=\"async\" class=\"wp-image-5227 size-thumbnail\" src=\"https:\/\/www.taller-palabras.com\/WordPress_04\/wp-content\/uploads\/2022\/02\/Nikolai-Gogol-150x150.jpg\" alt=\"\" width=\"150\" height=\"150\" srcset=\"https:\/\/www.taller-palabras.com\/WordPress_04\/wp-content\/uploads\/2022\/02\/Nikolai-Gogol-150x150.jpg 150w, https:\/\/www.taller-palabras.com\/WordPress_04\/wp-content\/uploads\/2022\/02\/Nikolai-Gogol-100x100.jpg 100w\" sizes=\"auto, (max-width: 150px) 100vw, 150px\" \/><figcaption id=\"caption-attachment-5227\" class=\"wp-caption-text\">Autor Nikol\u00e1i G\u00f3gol<\/figcaption><\/figure>\n<p>Un peque\u00f1o terrateniente, P\u00e1vel Iv\u00e1novich Ch\u00edchikov, se dedica a comprar campesinos muertos para registrarlos como vivos y conseguir as\u00ed las tierras que se conced\u00edan a aquellos que poseyeran un cierto n\u00famero de siervos. G\u00f3gol utiliza este argumento como pretexto para ofrecer la versi\u00f3n m\u00e1s cruda y detestable del ser humano, logrando que esta obra, publicada por primera vez en 1842, sea un cl\u00e1sico con una vigencia formidable en nuestro mundo actual.<\/p>\n","protected":false},"excerpt":{"rendered":"<p>Un peque\u00f1o terrateniente, P\u00e1vel Iv\u00e1novich Ch\u00edchikov, se dedica a comprar campesinos muertos para registrarlos como vivos y conseguir as\u00ed las tierras que se conced\u00edan a aquellos que poseyeran un cierto n\u00famero de siervos. G\u00f3gol utiliza este argumento como pretexto para ofrecer la versi\u00f3n m\u00e1s cruda y detestable del ser humano, logrando que esta obra, publicada [&hellip;]<\/p>\n","protected":false},"featured_media":5223,"template":"","meta":[],"product_brand":[],"product_cat":[25],"product_tag":[54,721,45,722],"class_list":{"0":"post-5250","1":"product","2":"type-product","3":"status-publish","4":"has-post-thumbnail","6":"product_cat-libros-digitales-ebooks","7":"product_tag-descargar-ebook","8":"product_tag-las-almas-muertas","9":"product_tag-mejor-novela","10":"product_tag-nicolai-gogol","12":"first","13":"instock","14":"shipping-taxable","15":"purchasable","16":"product-type-variable","17":"has-default-attributes"},"_links":{"self":[{"href":"https:\/\/www.taller-palabras.com\/WordPress_04\/wp-json\/wp\/v2\/product\/5250","targetHints":{"allow":["GET"]}}],"collection":[{"href":"https:\/\/www.taller-palabras.com\/WordPress_04\/wp-json\/wp\/v2\/product"}],"about":[{"href":"https:\/\/www.taller-palabras.com\/WordPress_04\/wp-json\/wp\/v2\/types\/product"}],"wp:featuredmedia":[{"embeddable":true,"href":"https:\/\/www.taller-palabras.com\/WordPress_04\/wp-json\/wp\/v2\/media\/5223"}],"wp:attachment":[{"href":"https:\/\/www.taller-palabras.com\/WordPress_04\/wp-json\/wp\/v2\/media?parent=5250"}],"wp:term":[{"taxonomy":"product_brand","embeddable":true,"href":"https:\/\/www.taller-palabras.com\/WordPress_04\/wp-json\/wp\/v2\/product_brand?post=5250"},{"taxonomy":"product_cat","embeddable":true,"href":"https:\/\/www.taller-palabras.com\/WordPress_04\/wp-json\/wp\/v2\/product_cat?post=5250"},{"taxonomy":"product_tag","embeddable":true,"href":"https:\/\/www.taller-palabras.com\/WordPress_04\/wp-json\/wp\/v2\/product_tag?post=5250"}],"curies":[{"name":"wp","href":"https:\/\/api.w.org\/{rel}","templated":true}]}}