{"id":5254,"date":"2022-02-26T11:45:30","date_gmt":"2022-02-26T14:45:30","guid":{"rendered":"https:\/\/www.taller-palabras.com\/WordPress_04\/?post_type=product&#038;p=5254"},"modified":"2024-06-23T14:17:39","modified_gmt":"2024-06-23T17:17:39","slug":"el-capote-nikolai-gogol-ebook","status":"publish","type":"product","link":"https:\/\/www.taller-palabras.com\/WordPress_04\/producto\/el-capote-nikolai-gogol-ebook","title":{"rendered":"El capote &#8211; Nikol\u00e1i G\u00f3gol \/ebook"},"content":{"rendered":"<figure id=\"attachment_5227\" aria-describedby=\"caption-attachment-5227\" style=\"width: 150px\" class=\"wp-caption alignleft\"><img loading=\"lazy\" decoding=\"async\" class=\"wp-image-5227 size-thumbnail\" src=\"https:\/\/www.taller-palabras.com\/WordPress_04\/wp-content\/uploads\/2022\/02\/Nikolai-Gogol-150x150.jpg\" alt=\"\" width=\"150\" height=\"150\" srcset=\"https:\/\/www.taller-palabras.com\/WordPress_04\/wp-content\/uploads\/2022\/02\/Nikolai-Gogol-150x150.jpg 150w, https:\/\/www.taller-palabras.com\/WordPress_04\/wp-content\/uploads\/2022\/02\/Nikolai-Gogol-100x100.jpg 100w\" sizes=\"auto, (max-width: 150px) 100vw, 150px\" \/><figcaption id=\"caption-attachment-5227\" class=\"wp-caption-text\">Autor Nikol\u00e1i G\u00f3gol<\/figcaption><\/figure>\n<p>Aunque por su corta extensi\u00f3n esta obra sea dif\u00edcil considerarla una novela, es tan completa en su trama y tan rica en met\u00e1foras y significado que merece consideraci\u00f3n especial. Desde mi punto de vista es uno de los mejores cuentos de todos los tiempos. El capote, publicado en 1842, es un cuento cl\u00e1sico para disfrutar y, sobre todo, para quienes se reconozcan como aspirantes a cuentistas. Tiene el m\u00e9rito de haber sido destacado por el mismo Dostoievski, como un cuento can\u00f3nico, en su conocida frase: \u00abTodos crecimos bajo el capote de G\u00f3gol\u00bb. Es una historia dram\u00e1tica, la adquisici\u00f3n y p\u00e9rdida de un abrigo nuevo por un funcionario con recursos escasos, pero uno puede crearle m\u00faltiples lecturas; una, considerarla como una met\u00e1fora. Akakiy Akakievich logra en un momento de su vida apasionarse por algo. Encuentra el deseo, logra esa fiebre magn\u00edfica de desear algo. Es condici\u00f3n que ese algo sea contingente, una nada enmascarada que desaparecer\u00e1. Finalmente la pasi\u00f3n por su nuevo capote le dar\u00e1 un sentido a esa vida gris e imposibilitada y el lector podr\u00e1 solidarizarse con el protagonista. La humanidad y la ternura de esta historia son de car\u00e1cter universal. Hay quienes pueden reinventarse capotes por los que apasionarse en cada tramo de su vida, quienes renuevan su capote insistentemente, y sin haberlo previsto, dejan por herencia el puro af\u00e1n de procurarse abrigos. Eso de lo incesante de la vida es el deseo, la herencia estructurante y mayor.<\/p>\n","protected":false},"excerpt":{"rendered":"<p>Aunque por su corta extensi\u00f3n esta obra sea dif\u00edcil considerarla una novela, es tan completa en su trama y tan rica en met\u00e1foras y significado que merece consideraci\u00f3n especial. Desde mi punto de vista es uno de los mejores cuentos de todos los tiempos. El capote, publicado en 1842, es un cuento cl\u00e1sico para disfrutar [&hellip;]<\/p>\n","protected":false},"featured_media":5225,"template":"","meta":[],"product_brand":[],"product_cat":[25],"product_tag":[54,723,45,722],"class_list":{"0":"post-5254","1":"product","2":"type-product","3":"status-publish","4":"has-post-thumbnail","6":"product_cat-libros-digitales-ebooks","7":"product_tag-descargar-ebook","8":"product_tag-el-capote","9":"product_tag-mejor-novela","10":"product_tag-nicolai-gogol","12":"first","13":"instock","14":"shipping-taxable","15":"purchasable","16":"product-type-variable","17":"has-default-attributes"},"_links":{"self":[{"href":"https:\/\/www.taller-palabras.com\/WordPress_04\/wp-json\/wp\/v2\/product\/5254","targetHints":{"allow":["GET"]}}],"collection":[{"href":"https:\/\/www.taller-palabras.com\/WordPress_04\/wp-json\/wp\/v2\/product"}],"about":[{"href":"https:\/\/www.taller-palabras.com\/WordPress_04\/wp-json\/wp\/v2\/types\/product"}],"wp:featuredmedia":[{"embeddable":true,"href":"https:\/\/www.taller-palabras.com\/WordPress_04\/wp-json\/wp\/v2\/media\/5225"}],"wp:attachment":[{"href":"https:\/\/www.taller-palabras.com\/WordPress_04\/wp-json\/wp\/v2\/media?parent=5254"}],"wp:term":[{"taxonomy":"product_brand","embeddable":true,"href":"https:\/\/www.taller-palabras.com\/WordPress_04\/wp-json\/wp\/v2\/product_brand?post=5254"},{"taxonomy":"product_cat","embeddable":true,"href":"https:\/\/www.taller-palabras.com\/WordPress_04\/wp-json\/wp\/v2\/product_cat?post=5254"},{"taxonomy":"product_tag","embeddable":true,"href":"https:\/\/www.taller-palabras.com\/WordPress_04\/wp-json\/wp\/v2\/product_tag?post=5254"}],"curies":[{"name":"wp","href":"https:\/\/api.w.org\/{rel}","templated":true}]}}