{"id":5507,"date":"2022-04-16T14:59:11","date_gmt":"2022-04-16T17:59:11","guid":{"rendered":"https:\/\/www.taller-palabras.com\/WordPress_04\/?post_type=product&#038;p=5507"},"modified":"2024-07-10T16:59:03","modified_gmt":"2024-07-10T19:59:03","slug":"la-hermana-tormenta-2-lucinda-riley-ebook","status":"publish","type":"product","link":"https:\/\/www.taller-palabras.com\/WordPress_04\/producto\/la-hermana-tormenta-2-lucinda-riley-ebook","title":{"rendered":"Saga: La hermana tormenta (2) &#8211; Lucinda Riley \/ebook"},"content":{"rendered":"<figure id=\"attachment_5506\" aria-describedby=\"caption-attachment-5506\" style=\"width: 150px\" class=\"wp-caption alignleft\"><img loading=\"lazy\" decoding=\"async\" class=\"wp-image-5506 size-thumbnail\" src=\"https:\/\/www.taller-palabras.com\/WordPress_04\/wp-content\/uploads\/2022\/04\/Lucinda-Ridley-150x150.jpg\" alt=\"\" width=\"150\" height=\"150\" srcset=\"https:\/\/www.taller-palabras.com\/WordPress_04\/wp-content\/uploads\/2022\/04\/Lucinda-Ridley-150x150.jpg 150w, https:\/\/www.taller-palabras.com\/WordPress_04\/wp-content\/uploads\/2022\/04\/Lucinda-Ridley-100x100.jpg 100w\" sizes=\"auto, (max-width: 150px) 100vw, 150px\" \/><figcaption id=\"caption-attachment-5506\" class=\"wp-caption-text\">Autora Lucinda Riley<\/figcaption><\/figure>\n<p>Ally D\u2019Apli\u00e8se est\u00e1 a punto de competir en una de las regatas de yates m\u00e1s peligrosas del mundo cuando recibe la noticia de que su padre acaba de fallecer. Al reunirse con sus cinco hermanas en la mansi\u00f3n familiar en Suiza descubren que su padre, un misterioso multimillonario conocido cari\u00f1osamente como Pa Salt, ha dejado a cada una de ellas una carta con informaci\u00f3n sobre sus or\u00edgenes. Tras la lectura de la carta Ally decide dejar a un lado tanto el mar como la apasionada relaci\u00f3n que acababa de comenzar para seguir una pista que la lleva hasta la nevada Noruega. All\u00ed descubrir\u00e1 sus ra\u00edces y c\u00f3mo su historia est\u00e1 unida a la de la joven Anna Landvik, una cantante desconocida que vivi\u00f3 en el pa\u00eds escandinavo cien a\u00f1os antes y que cant\u00f3 en la primera representaci\u00f3n de Peer Gynt de Ibsen con m\u00fasica de Grieg.<\/p>\n","protected":false},"excerpt":{"rendered":"<p>Ally D\u2019Apli\u00e8se est\u00e1 a punto de competir en una de las regatas de yates m\u00e1s peligrosas del mundo cuando recibe la noticia de que su padre acaba de fallecer. Al reunirse con sus cinco hermanas en la mansi\u00f3n familiar en Suiza descubren que su padre, un misterioso multimillonario conocido cari\u00f1osamente como Pa Salt, ha dejado [&hellip;]<\/p>\n","protected":false},"featured_media":5470,"template":"","meta":[],"product_brand":[],"product_cat":[25,47],"product_tag":[54,764,762,45],"class_list":{"0":"post-5507","1":"product","2":"type-product","3":"status-publish","4":"has-post-thumbnail","6":"product_cat-libros-digitales-ebooks","7":"product_cat-libros-digitales-sagas","8":"product_tag-descargar-ebook","9":"product_tag-la-hermana-tormenta","10":"product_tag-lucinda-riley","11":"product_tag-mejor-novela","13":"first","14":"instock","15":"shipping-taxable","16":"purchasable","17":"product-type-variable","18":"has-default-attributes"},"_links":{"self":[{"href":"https:\/\/www.taller-palabras.com\/WordPress_04\/wp-json\/wp\/v2\/product\/5507","targetHints":{"allow":["GET"]}}],"collection":[{"href":"https:\/\/www.taller-palabras.com\/WordPress_04\/wp-json\/wp\/v2\/product"}],"about":[{"href":"https:\/\/www.taller-palabras.com\/WordPress_04\/wp-json\/wp\/v2\/types\/product"}],"wp:featuredmedia":[{"embeddable":true,"href":"https:\/\/www.taller-palabras.com\/WordPress_04\/wp-json\/wp\/v2\/media\/5470"}],"wp:attachment":[{"href":"https:\/\/www.taller-palabras.com\/WordPress_04\/wp-json\/wp\/v2\/media?parent=5507"}],"wp:term":[{"taxonomy":"product_brand","embeddable":true,"href":"https:\/\/www.taller-palabras.com\/WordPress_04\/wp-json\/wp\/v2\/product_brand?post=5507"},{"taxonomy":"product_cat","embeddable":true,"href":"https:\/\/www.taller-palabras.com\/WordPress_04\/wp-json\/wp\/v2\/product_cat?post=5507"},{"taxonomy":"product_tag","embeddable":true,"href":"https:\/\/www.taller-palabras.com\/WordPress_04\/wp-json\/wp\/v2\/product_tag?post=5507"}],"curies":[{"name":"wp","href":"https:\/\/api.w.org\/{rel}","templated":true}]}}

<figure id="attachment_5506" aria-describedby="caption-attachment-5506" style="width: 150px" class="wp-caption alignleft"><img loading="lazy" decoding="async" class="wp-image-5506 size-thumbnail" src="https://www.taller-palabras.com/WordPress_04/wp-content/uploads/2022/04/Lucinda-Ridley-150x150.jpg" alt="" width="150" height="150" srcset="https://www.taller-palabras.com/WordPress_04/wp-content/uploads/2022/04/Lucinda-Ridley-150x150.jpg 150w, https://www.taller-palabras.com/WordPress_04/wp-content/uploads/2022/04/Lucinda-Ridley-100x100.jpg 100w" sizes="auto, (max-width: 150px) 100vw, 150px" /><figcaption id="caption-attachment-5506" class="wp-caption-text">Autora Lucinda Riley</figcaption></figure>
<p>Ally D’Aplièse está a punto de competir en una de las regatas de yates más peligrosas del mundo cuando recibe la noticia de que su padre acaba de fallecer. Al reunirse con sus cinco hermanas en la mansión familiar en Suiza descubren que su padre, un misterioso multimillonario conocido cariñosamente como Pa Salt, ha dejado a cada una de ellas una carta con información sobre sus orígenes. Tras la lectura de la carta Ally decide dejar a un lado tanto el mar como la apasionada relación que acababa de comenzar para seguir una pista que la lleva hasta la nevada Noruega. Allí descubrirá sus raíces y cómo su historia está unida a la de la joven Anna Landvik, una cantante desconocida que vivió en el país escandinavo cien años antes y que cantó en la primera representación de Peer Gynt de Ibsen con música de Grieg.</p>

<p>Ally D’Aplièse está a punto de competir en una de las regatas de yates más peligrosas del mundo cuando recibe la noticia de que su padre acaba de fallecer. Al reunirse con sus cinco hermanas en la mansión familiar en Suiza descubren que su padre, un misterioso multimillonario conocido cariñosamente como Pa Salt, ha dejado [&hellip;]</p>
