{"id":5511,"date":"2018-10-18T14:20:23","date_gmt":"2018-10-18T17:20:23","guid":{"rendered":"https:\/\/www.taller-palabras.com\/WordPress_04\/?post_type=product&#038;p=5511"},"modified":"2023-09-24T13:00:50","modified_gmt":"2023-09-24T16:00:50","slug":"atrapada-en-el-tiempo-2-diana-gabaldon-ebook","status":"publish","type":"product","link":"https:\/\/www.taller-palabras.com\/WordPress_04\/producto\/atrapada-en-el-tiempo-2-diana-gabaldon-ebook","title":{"rendered":"Saga: Atrapada en el tiempo (2) &#8211; Diana Gabaldon  \/ebook"},"content":{"rendered":"<figure id=\"attachment_249\" aria-describedby=\"caption-attachment-249\" style=\"width: 150px\" class=\"wp-caption alignleft\"><img loading=\"lazy\" decoding=\"async\" class=\"wp-image-249 size-thumbnail\" src=\"https:\/\/www.taller-palabras.com\/WordPress_04\/wp-content\/uploads\/2018\/10\/Gabaldon-150x150.jpg\" alt=\"\" width=\"150\" height=\"150\" srcset=\"https:\/\/www.taller-palabras.com\/WordPress_04\/wp-content\/uploads\/2018\/10\/Gabaldon-150x150.jpg 150w, https:\/\/www.taller-palabras.com\/WordPress_04\/wp-content\/uploads\/2018\/10\/Gabaldon-324x324.jpg 324w, https:\/\/www.taller-palabras.com\/WordPress_04\/wp-content\/uploads\/2018\/10\/Gabaldon-100x100.jpg 100w\" sizes=\"auto, (max-width: 150px) 100vw, 150px\" \/><figcaption id=\"caption-attachment-249\" class=\"wp-caption-text\">Autora Diana Gabaldon<\/figcaption><\/figure>\n<p>Veinte a\u00f1os despu\u00e9s de haber experimentado la aventura m\u00e1s extra\u00f1a de su vida \u2014un viaje a trav\u00e9s del tiempo hasta la Escocia del siglo XVII\u2014 Claire Randall regresa con su hija Brianna a las imponentes y misteriosas monta\u00f1as escocesas donde todo comenz\u00f3. Con la ayuda de Roger, un joven historiador, Claire se lanza a una obsesiva b\u00fasqueda de las tumbas de los ca\u00eddos en la batalla de Culloden, en 1745. El paso del tiempo no ha podido borrar los intensos recuerdos de un amor dif\u00edcil de explicar, y con el transcurrir de los d\u00edas Claire ir\u00e1 descubriendo, ante los ojos incr\u00e9dulos de su hija y de Roger, el fascinante secreto cuya clave es el puente que conduce al pasado.<\/p>\n","protected":false},"excerpt":{"rendered":"<p>Veinte a\u00f1os despu\u00e9s de haber experimentado la aventura m\u00e1s extra\u00f1a de su vida \u2014un viaje a trav\u00e9s del tiempo hasta la Escocia del siglo XVII\u2014 Claire Randall regresa con su hija Brianna a las imponentes y misteriosas monta\u00f1as escocesas donde todo comenz\u00f3. Con la ayuda de Roger, un joven historiador, Claire se lanza a una [&hellip;]<\/p>\n","protected":false},"featured_media":5515,"template":"","meta":[],"product_brand":[],"product_cat":[25,47],"product_tag":[765,54,87,55],"class_list":{"0":"post-5511","1":"product","2":"type-product","3":"status-publish","4":"has-post-thumbnail","6":"product_cat-libros-digitales-ebooks","7":"product_cat-libros-digitales-sagas","8":"product_tag-atrapada-en-el-tiempo","9":"product_tag-descargar-ebook","10":"product_tag-diana-gabaldon","11":"product_tag-novelas","13":"first","14":"instock","15":"shipping-taxable","16":"purchasable","17":"product-type-variable","18":"has-default-attributes"},"_links":{"self":[{"href":"https:\/\/www.taller-palabras.com\/WordPress_04\/wp-json\/wp\/v2\/product\/5511","targetHints":{"allow":["GET"]}}],"collection":[{"href":"https:\/\/www.taller-palabras.com\/WordPress_04\/wp-json\/wp\/v2\/product"}],"about":[{"href":"https:\/\/www.taller-palabras.com\/WordPress_04\/wp-json\/wp\/v2\/types\/product"}],"wp:featuredmedia":[{"embeddable":true,"href":"https:\/\/www.taller-palabras.com\/WordPress_04\/wp-json\/wp\/v2\/media\/5515"}],"wp:attachment":[{"href":"https:\/\/www.taller-palabras.com\/WordPress_04\/wp-json\/wp\/v2\/media?parent=5511"}],"wp:term":[{"taxonomy":"product_brand","embeddable":true,"href":"https:\/\/www.taller-palabras.com\/WordPress_04\/wp-json\/wp\/v2\/product_brand?post=5511"},{"taxonomy":"product_cat","embeddable":true,"href":"https:\/\/www.taller-palabras.com\/WordPress_04\/wp-json\/wp\/v2\/product_cat?post=5511"},{"taxonomy":"product_tag","embeddable":true,"href":"https:\/\/www.taller-palabras.com\/WordPress_04\/wp-json\/wp\/v2\/product_tag?post=5511"}],"curies":[{"name":"wp","href":"https:\/\/api.w.org\/{rel}","templated":true}]}}

<figure id="attachment_249" aria-describedby="caption-attachment-249" style="width: 150px" class="wp-caption alignleft"><img loading="lazy" decoding="async" class="wp-image-249 size-thumbnail" src="https://www.taller-palabras.com/WordPress_04/wp-content/uploads/2018/10/Gabaldon-150x150.jpg" alt="" width="150" height="150" srcset="https://www.taller-palabras.com/WordPress_04/wp-content/uploads/2018/10/Gabaldon-150x150.jpg 150w, https://www.taller-palabras.com/WordPress_04/wp-content/uploads/2018/10/Gabaldon-324x324.jpg 324w, https://www.taller-palabras.com/WordPress_04/wp-content/uploads/2018/10/Gabaldon-100x100.jpg 100w" sizes="auto, (max-width: 150px) 100vw, 150px" /><figcaption id="caption-attachment-249" class="wp-caption-text">Autora Diana Gabaldon</figcaption></figure>
<p>Veinte años después de haber experimentado la aventura más extraña de su vida —un viaje a través del tiempo hasta la Escocia del siglo XVII— Claire Randall regresa con su hija Brianna a las imponentes y misteriosas montañas escocesas donde todo comenzó. Con la ayuda de Roger, un joven historiador, Claire se lanza a una obsesiva búsqueda de las tumbas de los caídos en la batalla de Culloden, en 1745. El paso del tiempo no ha podido borrar los intensos recuerdos de un amor difícil de explicar, y con el transcurrir de los días Claire irá descubriendo, ante los ojos incrédulos de su hija y de Roger, el fascinante secreto cuya clave es el puente que conduce al pasado.</p>

<p>Veinte años después de haber experimentado la aventura más extraña de su vida —un viaje a través del tiempo hasta la Escocia del siglo XVII— Claire Randall regresa con su hija Brianna a las imponentes y misteriosas montañas escocesas donde todo comenzó. Con la ayuda de Roger, un joven historiador, Claire se lanza a una [&hellip;]</p>
