{"id":5690,"date":"2018-10-18T12:00:27","date_gmt":"2018-10-18T15:00:27","guid":{"rendered":"https:\/\/www.taller-palabras.com\/WordPress_04\/?post_type=product&#038;p=5690"},"modified":"2023-09-24T12:21:32","modified_gmt":"2023-09-24T15:21:32","slug":"la-cruz-ardiente-5-diana-gabaldon-ebook","status":"publish","type":"product","link":"https:\/\/www.taller-palabras.com\/WordPress_04\/producto\/la-cruz-ardiente-5-diana-gabaldon-ebook","title":{"rendered":"Saga: La cruz ardiente (5) &#8211; Diana Gabaldon \/ebook"},"content":{"rendered":"<figure id=\"attachment_249\" aria-describedby=\"caption-attachment-249\" style=\"width: 150px\" class=\"wp-caption alignleft\"><img loading=\"lazy\" decoding=\"async\" class=\"wp-image-249 size-thumbnail\" src=\"https:\/\/www.taller-palabras.com\/WordPress_04\/wp-content\/uploads\/2018\/10\/Gabaldon-150x150.jpg\" alt=\"\" width=\"150\" height=\"150\" srcset=\"https:\/\/www.taller-palabras.com\/WordPress_04\/wp-content\/uploads\/2018\/10\/Gabaldon-150x150.jpg 150w, https:\/\/www.taller-palabras.com\/WordPress_04\/wp-content\/uploads\/2018\/10\/Gabaldon-324x324.jpg 324w, https:\/\/www.taller-palabras.com\/WordPress_04\/wp-content\/uploads\/2018\/10\/Gabaldon-100x100.jpg 100w\" sizes=\"auto, (max-width: 150px) 100vw, 150px\" \/><figcaption id=\"caption-attachment-249\" class=\"wp-caption-text\">Autora Diana Gabaldon<\/figcaption><\/figure>\n<p>Dividida entre salvar a su marido de los peligros que se avecinan, o por el contrario contribuir a provocar el estallido de la violencia entre la Corona inglesa y las trece colonias norteamericanas, Claire vive otra vez el dilema de quien, aun conociendo los acontecimientos del futuro, tiene que adaptarse a su vida del presente. Nacida en 1918 en Inglaterra, Claire Randall sirvi\u00f3 como enfermera en la Segunda Guerra Mundial. Terminado el conflicto, un extraordinario viaje en el tiempo la traslad\u00f3 a las Tierras Altas escocesas en 1743, y pese a haberse convertido en esposa de Jamie Fraser, y m\u00e1s tarde en madre y cirujana, Claire contin\u00faa sinti\u00e9ndose extranjera, fuera de su lugar y de su tiempo.<\/p>\n","protected":false},"excerpt":{"rendered":"<p>Dividida entre salvar a su marido de los peligros que se avecinan, o por el contrario contribuir a provocar el estallido de la violencia entre la Corona inglesa y las trece colonias norteamericanas, Claire vive otra vez el dilema de quien, aun conociendo los acontecimientos del futuro, tiene que adaptarse a su vida del presente. [&hellip;]<\/p>\n","protected":false},"featured_media":5668,"template":"","meta":[],"product_brand":[],"product_cat":[25,47],"product_tag":[54,87,789,55],"class_list":{"0":"post-5690","1":"product","2":"type-product","3":"status-publish","4":"has-post-thumbnail","6":"product_cat-libros-digitales-ebooks","7":"product_cat-libros-digitales-sagas","8":"product_tag-descargar-ebook","9":"product_tag-diana-gabaldon","10":"product_tag-la-cruz-ardiente","11":"product_tag-novelas","13":"first","14":"instock","15":"shipping-taxable","16":"purchasable","17":"product-type-variable","18":"has-default-attributes"},"_links":{"self":[{"href":"https:\/\/www.taller-palabras.com\/WordPress_04\/wp-json\/wp\/v2\/product\/5690","targetHints":{"allow":["GET"]}}],"collection":[{"href":"https:\/\/www.taller-palabras.com\/WordPress_04\/wp-json\/wp\/v2\/product"}],"about":[{"href":"https:\/\/www.taller-palabras.com\/WordPress_04\/wp-json\/wp\/v2\/types\/product"}],"wp:featuredmedia":[{"embeddable":true,"href":"https:\/\/www.taller-palabras.com\/WordPress_04\/wp-json\/wp\/v2\/media\/5668"}],"wp:attachment":[{"href":"https:\/\/www.taller-palabras.com\/WordPress_04\/wp-json\/wp\/v2\/media?parent=5690"}],"wp:term":[{"taxonomy":"product_brand","embeddable":true,"href":"https:\/\/www.taller-palabras.com\/WordPress_04\/wp-json\/wp\/v2\/product_brand?post=5690"},{"taxonomy":"product_cat","embeddable":true,"href":"https:\/\/www.taller-palabras.com\/WordPress_04\/wp-json\/wp\/v2\/product_cat?post=5690"},{"taxonomy":"product_tag","embeddable":true,"href":"https:\/\/www.taller-palabras.com\/WordPress_04\/wp-json\/wp\/v2\/product_tag?post=5690"}],"curies":[{"name":"wp","href":"https:\/\/api.w.org\/{rel}","templated":true}]}}