{"id":5731,"date":"2022-05-21T11:51:28","date_gmt":"2022-05-21T14:51:28","guid":{"rendered":"https:\/\/www.taller-palabras.com\/WordPress_04\/?post_type=product&#038;p=5731"},"modified":"2024-07-28T17:22:19","modified_gmt":"2024-07-28T20:22:19","slug":"el-pensamiento-creativo-edward-de-bono-ebook","status":"publish","type":"product","link":"https:\/\/www.taller-palabras.com\/WordPress_04\/producto\/el-pensamiento-creativo-edward-de-bono-ebook","title":{"rendered":"El pensamiento creativo &#8211; Edward De Bono \/ebook"},"content":{"rendered":"<figure id=\"attachment_5719\" aria-describedby=\"caption-attachment-5719\" style=\"width: 150px\" class=\"wp-caption alignleft\"><img loading=\"lazy\" decoding=\"async\" class=\"wp-image-5719 size-thumbnail\" src=\"https:\/\/www.taller-palabras.com\/WordPress_04\/wp-content\/uploads\/2022\/05\/EdwardDeBono-150x150.jpg\" alt=\"\" width=\"150\" height=\"150\" srcset=\"https:\/\/www.taller-palabras.com\/WordPress_04\/wp-content\/uploads\/2022\/05\/EdwardDeBono-150x150.jpg 150w, https:\/\/www.taller-palabras.com\/WordPress_04\/wp-content\/uploads\/2022\/05\/EdwardDeBono-100x100.jpg 100w, https:\/\/www.taller-palabras.com\/WordPress_04\/wp-content\/uploads\/2022\/05\/EdwardDeBono.jpg 225w\" sizes=\"auto, (max-width: 150px) 100vw, 150px\" \/><figcaption id=\"caption-attachment-5719\" class=\"wp-caption-text\">Autor Edward De Bono<\/figcaption><\/figure>\n<p>El ya famoso experto en creatividad e inventor del proceso del pensamiento lateral Edward De Bono demuestra en esta obra, ya definitiva, que referirse al pensamiento creativo no es ninguna utop\u00eda: en el fondo, las herramientas formales de la creatividad se basan en la l\u00f3gica de los sistemas de autoorganizaci\u00f3n, lejos del modelo \u00abfantasioso\u00bb al que nos han acostumbrado ciertos investigadores con sus teor\u00edas. \u00c9ste es un libro, pues, que se convertir\u00e1 con el tiempo en un imprescindible manual de creatividad. Los m\u00e1s de veinticinco a\u00f1os de experiencia, investigaci\u00f3n y reflexi\u00f3n de su autor hacen de \u00e9l una obra poderosa y fundamental para los que deban utilizar el pensamiento creativo en su vida cotidiana, tanto en la empresa como en otros lugares. Y en la efectividad de las t\u00e9cnicas que expone nos reafirma que este tipo de pensamiento no es ya cuesti\u00f3n de talento, temperamento o suerte, sino una habilidad m\u00e1s que podemos cultivar y desarrollar.<\/p>\n","protected":false},"excerpt":{"rendered":"<p>El ya famoso experto en creatividad e inventor del proceso del pensamiento lateral Edward De Bono demuestra en esta obra, ya definitiva, que referirse al pensamiento creativo no es ninguna utop\u00eda: en el fondo, las herramientas formales de la creatividad se basan en la l\u00f3gica de los sistemas de autoorganizaci\u00f3n, lejos del modelo \u00abfantasioso\u00bb al [&hellip;]<\/p>\n","protected":false},"featured_media":5722,"template":"","meta":[],"product_brand":[],"product_cat":[25],"product_tag":[54,793,794,45],"class_list":{"0":"post-5731","1":"product","2":"type-product","3":"status-publish","4":"has-post-thumbnail","6":"product_cat-libros-digitales-ebooks","7":"product_tag-descargar-ebook","8":"product_tag-edward-de-bono","9":"product_tag-el-pensamiento-creativo","10":"product_tag-mejor-novela","12":"first","13":"instock","14":"shipping-taxable","15":"purchasable","16":"product-type-variable","17":"has-default-attributes"},"_links":{"self":[{"href":"https:\/\/www.taller-palabras.com\/WordPress_04\/wp-json\/wp\/v2\/product\/5731","targetHints":{"allow":["GET"]}}],"collection":[{"href":"https:\/\/www.taller-palabras.com\/WordPress_04\/wp-json\/wp\/v2\/product"}],"about":[{"href":"https:\/\/www.taller-palabras.com\/WordPress_04\/wp-json\/wp\/v2\/types\/product"}],"wp:featuredmedia":[{"embeddable":true,"href":"https:\/\/www.taller-palabras.com\/WordPress_04\/wp-json\/wp\/v2\/media\/5722"}],"wp:attachment":[{"href":"https:\/\/www.taller-palabras.com\/WordPress_04\/wp-json\/wp\/v2\/media?parent=5731"}],"wp:term":[{"taxonomy":"product_brand","embeddable":true,"href":"https:\/\/www.taller-palabras.com\/WordPress_04\/wp-json\/wp\/v2\/product_brand?post=5731"},{"taxonomy":"product_cat","embeddable":true,"href":"https:\/\/www.taller-palabras.com\/WordPress_04\/wp-json\/wp\/v2\/product_cat?post=5731"},{"taxonomy":"product_tag","embeddable":true,"href":"https:\/\/www.taller-palabras.com\/WordPress_04\/wp-json\/wp\/v2\/product_tag?post=5731"}],"curies":[{"name":"wp","href":"https:\/\/api.w.org\/{rel}","templated":true}]}}