{"id":5807,"date":"2022-06-02T14:15:08","date_gmt":"2022-06-02T17:15:08","guid":{"rendered":"https:\/\/www.taller-palabras.com\/WordPress_04\/?post_type=product&#038;p=5807"},"modified":"2024-07-30T11:40:46","modified_gmt":"2024-07-30T14:40:46","slug":"la-reina-roja-victoria-aveyard-ebook","status":"publish","type":"product","link":"https:\/\/www.taller-palabras.com\/WordPress_04\/producto\/la-reina-roja-victoria-aveyard-ebook","title":{"rendered":"Saga: La Reina Roja (1) &#8211; Victoria Aveyard \/ebook"},"content":{"rendered":"<figure id=\"attachment_5786\" aria-describedby=\"caption-attachment-5786\" style=\"width: 150px\" class=\"wp-caption alignleft\"><img loading=\"lazy\" decoding=\"async\" class=\"wp-image-5786 size-thumbnail\" src=\"https:\/\/www.taller-palabras.com\/WordPress_04\/wp-content\/uploads\/2022\/06\/VictoriaAveyard-150x150.jpg\" alt=\"\" width=\"150\" height=\"150\" srcset=\"https:\/\/www.taller-palabras.com\/WordPress_04\/wp-content\/uploads\/2022\/06\/VictoriaAveyard-150x150.jpg 150w, https:\/\/www.taller-palabras.com\/WordPress_04\/wp-content\/uploads\/2022\/06\/VictoriaAveyard-100x100.jpg 100w\" sizes=\"auto, (max-width: 150px) 100vw, 150px\" \/><figcaption id=\"caption-attachment-5786\" class=\"wp-caption-text\">Autora Victoria Aveyard<\/figcaption><\/figure>\n<p>En una sociedad dividida por el color de la sangre, los Rojos luchan por sobrevivir bajo la sombra de los Plateados, \u00absuperhumanos\u00bb con poderes terribles que les permiten manejar el mundo a su antojo. Pero cuando se revela que Mare Barrow \u2014una joven ladronzuela Roja\u2014 tiene tambi\u00e9n esas habilidades, es llevada al mundo de los Plateados. All\u00ed descubrir\u00e1 que el poder es un juego peligroso y que la \u00fanica certeza es la traici\u00f3n. \u00abEn la escuela aprendimos acerca del mundo anterior a este, el mundo de los \u00e1ngeles y los dioses que viv\u00edan en el cielo y gobernaban la Tierra con amor y bondad. Algunos dicen que son solo leyendas, pero yo no lo creo. Los dioses a\u00fan nos dominan, han descendido de las estrellas y no les queda ni un \u00e1pice de bondad\u00bb.<\/p>\n","protected":false},"excerpt":{"rendered":"<p>En una sociedad dividida por el color de la sangre, los Rojos luchan por sobrevivir bajo la sombra de los Plateados, \u00absuperhumanos\u00bb con poderes terribles que les permiten manejar el mundo a su antojo. Pero cuando se revela que Mare Barrow \u2014una joven ladronzuela Roja\u2014 tiene tambi\u00e9n esas habilidades, es llevada al mundo de los [&hellip;]<\/p>\n","protected":false},"featured_media":5790,"template":"","meta":[],"product_brand":[],"product_cat":[25,47],"product_tag":[54,803,45,802],"class_list":{"0":"post-5807","1":"product","2":"type-product","3":"status-publish","4":"has-post-thumbnail","6":"product_cat-libros-digitales-ebooks","7":"product_cat-libros-digitales-sagas","8":"product_tag-descargar-ebook","9":"product_tag-la-reina-roja","10":"product_tag-mejor-novela","11":"product_tag-victoria-aveyard","13":"first","14":"instock","15":"shipping-taxable","16":"purchasable","17":"product-type-variable","18":"has-default-attributes"},"_links":{"self":[{"href":"https:\/\/www.taller-palabras.com\/WordPress_04\/wp-json\/wp\/v2\/product\/5807","targetHints":{"allow":["GET"]}}],"collection":[{"href":"https:\/\/www.taller-palabras.com\/WordPress_04\/wp-json\/wp\/v2\/product"}],"about":[{"href":"https:\/\/www.taller-palabras.com\/WordPress_04\/wp-json\/wp\/v2\/types\/product"}],"wp:featuredmedia":[{"embeddable":true,"href":"https:\/\/www.taller-palabras.com\/WordPress_04\/wp-json\/wp\/v2\/media\/5790"}],"wp:attachment":[{"href":"https:\/\/www.taller-palabras.com\/WordPress_04\/wp-json\/wp\/v2\/media?parent=5807"}],"wp:term":[{"taxonomy":"product_brand","embeddable":true,"href":"https:\/\/www.taller-palabras.com\/WordPress_04\/wp-json\/wp\/v2\/product_brand?post=5807"},{"taxonomy":"product_cat","embeddable":true,"href":"https:\/\/www.taller-palabras.com\/WordPress_04\/wp-json\/wp\/v2\/product_cat?post=5807"},{"taxonomy":"product_tag","embeddable":true,"href":"https:\/\/www.taller-palabras.com\/WordPress_04\/wp-json\/wp\/v2\/product_tag?post=5807"}],"curies":[{"name":"wp","href":"https:\/\/api.w.org\/{rel}","templated":true}]}}