{"id":5851,"date":"2022-06-19T17:18:30","date_gmt":"2022-06-19T20:18:30","guid":{"rendered":"https:\/\/www.taller-palabras.com\/WordPress_04\/?post_type=product&#038;p=5851"},"modified":"2024-08-03T13:39:46","modified_gmt":"2024-08-03T16:39:46","slug":"joven-abogado-john-grisham-ebook","status":"publish","type":"product","link":"https:\/\/www.taller-palabras.com\/WordPress_04\/producto\/joven-abogado-john-grisham-ebook","title":{"rendered":"Joven abogado &#8211; John Grisham \/ebook"},"content":{"rendered":"<figure id=\"attachment_5856\" aria-describedby=\"caption-attachment-5856\" style=\"width: 150px\" class=\"wp-caption alignleft\"><img loading=\"lazy\" decoding=\"async\" class=\"wp-image-5856 size-thumbnail\" src=\"https:\/\/www.taller-palabras.com\/WordPress_04\/wp-content\/uploads\/2022\/06\/JohnGrisham-1-150x150.jpg\" alt=\"\" width=\"150\" height=\"150\" srcset=\"https:\/\/www.taller-palabras.com\/WordPress_04\/wp-content\/uploads\/2022\/06\/JohnGrisham-1-150x150.jpg 150w, https:\/\/www.taller-palabras.com\/WordPress_04\/wp-content\/uploads\/2022\/06\/JohnGrisham-1-100x100.jpg 100w, https:\/\/www.taller-palabras.com\/WordPress_04\/wp-content\/uploads\/2022\/06\/JohnGrisham-1.jpg 282w\" sizes=\"auto, (max-width: 150px) 100vw, 150px\" \/><figcaption id=\"caption-attachment-5856\" class=\"wp-caption-text\">Autor John Grisham<\/figcaption><\/figure>\n<p>Theodore Boone es un chico de trece a\u00f1os con las ideas muy claras: va a ser abogado. Ya conoce todos los pormenores de la vida judicial de su peque\u00f1a ciudad, Strattenburg, y espera con ansia el d\u00eda en que podr\u00e1 subirse a un estrado. Pero ni en sus mejores sue\u00f1os hubiera podido imaginar que se ver\u00eda involucrado en el llamado juicio del siglo \u00a1antes siquiera de acabar el instituto! No hay suficientes pruebas para condenar al rico golfista Peter Duffy por el asesinato de su esposa; pero Theo cuenta con un testigo que puede cambiar el curso de los acontecimientos S\u00f3lo hay un problema: un inviolable pacto de silencio le impide llevarlo a los tribunales.<\/p>\n","protected":false},"excerpt":{"rendered":"<p>Theodore Boone es un chico de trece a\u00f1os con las ideas muy claras: va a ser abogado. Ya conoce todos los pormenores de la vida judicial de su peque\u00f1a ciudad, Strattenburg, y espera con ansia el d\u00eda en que podr\u00e1 subirse a un estrado. Pero ni en sus mejores sue\u00f1os hubiera podido imaginar que se [&hellip;]<\/p>\n","protected":false},"featured_media":5857,"template":"","meta":[],"product_brand":[],"product_cat":[25],"product_tag":[54,812,813,45],"class_list":{"0":"post-5851","1":"product","2":"type-product","3":"status-publish","4":"has-post-thumbnail","6":"product_cat-libros-digitales-ebooks","7":"product_tag-descargar-ebook","8":"product_tag-john-grisham","9":"product_tag-joven-abogado","10":"product_tag-mejor-novela","12":"first","13":"instock","14":"shipping-taxable","15":"purchasable","16":"product-type-variable","17":"has-default-attributes"},"_links":{"self":[{"href":"https:\/\/www.taller-palabras.com\/WordPress_04\/wp-json\/wp\/v2\/product\/5851","targetHints":{"allow":["GET"]}}],"collection":[{"href":"https:\/\/www.taller-palabras.com\/WordPress_04\/wp-json\/wp\/v2\/product"}],"about":[{"href":"https:\/\/www.taller-palabras.com\/WordPress_04\/wp-json\/wp\/v2\/types\/product"}],"wp:featuredmedia":[{"embeddable":true,"href":"https:\/\/www.taller-palabras.com\/WordPress_04\/wp-json\/wp\/v2\/media\/5857"}],"wp:attachment":[{"href":"https:\/\/www.taller-palabras.com\/WordPress_04\/wp-json\/wp\/v2\/media?parent=5851"}],"wp:term":[{"taxonomy":"product_brand","embeddable":true,"href":"https:\/\/www.taller-palabras.com\/WordPress_04\/wp-json\/wp\/v2\/product_brand?post=5851"},{"taxonomy":"product_cat","embeddable":true,"href":"https:\/\/www.taller-palabras.com\/WordPress_04\/wp-json\/wp\/v2\/product_cat?post=5851"},{"taxonomy":"product_tag","embeddable":true,"href":"https:\/\/www.taller-palabras.com\/WordPress_04\/wp-json\/wp\/v2\/product_tag?post=5851"}],"curies":[{"name":"wp","href":"https:\/\/api.w.org\/{rel}","templated":true}]}}