{"id":5872,"date":"2022-06-26T11:15:40","date_gmt":"2022-06-26T14:15:40","guid":{"rendered":"https:\/\/www.taller-palabras.com\/WordPress_04\/?post_type=product&#038;p=5872"},"modified":"2024-07-30T13:10:01","modified_gmt":"2024-07-30T16:10:01","slug":"la-mujer-de-la-libreta-roja-antoine-laurain-ebook","status":"publish","type":"product","link":"https:\/\/www.taller-palabras.com\/WordPress_04\/producto\/la-mujer-de-la-libreta-roja-antoine-laurain-ebook","title":{"rendered":"La mujer de la libreta roja &#8211; Antoine Laurain \/ebook"},"content":{"rendered":"<figure id=\"attachment_5875\" aria-describedby=\"caption-attachment-5875\" style=\"width: 150px\" class=\"wp-caption alignleft\"><img loading=\"lazy\" decoding=\"async\" class=\"wp-image-5875 size-thumbnail\" src=\"https:\/\/www.taller-palabras.com\/WordPress_04\/wp-content\/uploads\/2022\/06\/antoine-laurain-150x150.jpg\" alt=\"\" width=\"150\" height=\"150\" srcset=\"https:\/\/www.taller-palabras.com\/WordPress_04\/wp-content\/uploads\/2022\/06\/antoine-laurain-150x150.jpg 150w, https:\/\/www.taller-palabras.com\/WordPress_04\/wp-content\/uploads\/2022\/06\/antoine-laurain-100x100.jpg 100w, https:\/\/www.taller-palabras.com\/WordPress_04\/wp-content\/uploads\/2022\/06\/antoine-laurain.jpg 250w\" sizes=\"auto, (max-width: 150px) 100vw, 150px\" \/><figcaption id=\"caption-attachment-5875\" class=\"wp-caption-text\">Autor Antoine Laurain<\/figcaption><\/figure>\n<p>Sus d\u00edas de banquero pertenecen al pasado. Ahora, Laurent Letellier es el feliz propietario de una peque\u00f1a librer\u00eda parisina. Cuando una ma\u00f1ana, camino del trabajo, se topa con un bolso de mujer abandonado sobre un cubo de basura, decide llev\u00e1rselo a la tienda con la noble intenci\u00f3n de devolverlo a su due\u00f1a. Desaparecidos el billetero y el m\u00f3vil, su prop\u00f3sito parece casi imposible si no fuera porque, entre diversos objetos femeninos, Laurent encuentra una libreta roja llena de anotaciones, pensamientos y recuerdos. Cediendo a la curiosidad, se sumerge en la jugosa lectura y, como un si de un rompecabezas se tratara, empieza a reconstruir la vida de Laure, amparado por la excusa de hallar alguna pista que le permita localizarla. Sin embargo, para qu\u00e9 enga\u00f1arse, el diario tambi\u00e9n es una llave a la intimidad de la enigm\u00e1tica desconocida, lo que ejerce sobre Laurent una irresistible fascinaci\u00f3n. Y mientras \u00e9l se entrega de lleno a una absorbente labor detectivesca, Laure regresa a casa despu\u00e9s de recuperarse en el hospital de las secuelas del atraco. De pronto, los papeles se intercambian, y en un giro sorprendente, Laure se convierte tambi\u00e9n en investigadora, empe\u00f1ada en descubrir qui\u00e9n es el misterioso hombre que ha depositado el bolso, con todo su preciado contenido, en el sal\u00f3n de su casa.<\/p>\n","protected":false},"excerpt":{"rendered":"<p>Sus d\u00edas de banquero pertenecen al pasado. Ahora, Laurent Letellier es el feliz propietario de una peque\u00f1a librer\u00eda parisina. Cuando una ma\u00f1ana, camino del trabajo, se topa con un bolso de mujer abandonado sobre un cubo de basura, decide llev\u00e1rselo a la tienda con la noble intenci\u00f3n de devolverlo a su due\u00f1a. Desaparecidos el billetero [&hellip;]<\/p>\n","protected":false},"featured_media":5878,"template":"","meta":[],"product_brand":[],"product_cat":[25],"product_tag":[817,54,818,45],"class_list":{"0":"post-5872","1":"product","2":"type-product","3":"status-publish","4":"has-post-thumbnail","6":"product_cat-libros-digitales-ebooks","7":"product_tag-antoine-laurain","8":"product_tag-descargar-ebook","9":"product_tag-la-mujer-de-la-libreta-roja","10":"product_tag-mejor-novela","12":"first","13":"instock","14":"shipping-taxable","15":"purchasable","16":"product-type-variable","17":"has-default-attributes"},"_links":{"self":[{"href":"https:\/\/www.taller-palabras.com\/WordPress_04\/wp-json\/wp\/v2\/product\/5872","targetHints":{"allow":["GET"]}}],"collection":[{"href":"https:\/\/www.taller-palabras.com\/WordPress_04\/wp-json\/wp\/v2\/product"}],"about":[{"href":"https:\/\/www.taller-palabras.com\/WordPress_04\/wp-json\/wp\/v2\/types\/product"}],"wp:featuredmedia":[{"embeddable":true,"href":"https:\/\/www.taller-palabras.com\/WordPress_04\/wp-json\/wp\/v2\/media\/5878"}],"wp:attachment":[{"href":"https:\/\/www.taller-palabras.com\/WordPress_04\/wp-json\/wp\/v2\/media?parent=5872"}],"wp:term":[{"taxonomy":"product_brand","embeddable":true,"href":"https:\/\/www.taller-palabras.com\/WordPress_04\/wp-json\/wp\/v2\/product_brand?post=5872"},{"taxonomy":"product_cat","embeddable":true,"href":"https:\/\/www.taller-palabras.com\/WordPress_04\/wp-json\/wp\/v2\/product_cat?post=5872"},{"taxonomy":"product_tag","embeddable":true,"href":"https:\/\/www.taller-palabras.com\/WordPress_04\/wp-json\/wp\/v2\/product_tag?post=5872"}],"curies":[{"name":"wp","href":"https:\/\/api.w.org\/{rel}","templated":true}]}}