{"id":6048,"date":"2018-10-18T11:33:28","date_gmt":"2018-10-18T14:33:28","guid":{"rendered":"https:\/\/www.taller-palabras.com\/WordPress_04\/?post_type=product&#038;p=6048"},"modified":"2023-09-24T11:57:08","modified_gmt":"2023-09-24T14:57:08","slug":"ecos-del-pasado-7-diana-gabaldon-ebook","status":"publish","type":"product","link":"https:\/\/www.taller-palabras.com\/WordPress_04\/producto\/ecos-del-pasado-7-diana-gabaldon-ebook","title":{"rendered":"Saga: Ecos del pasado (7) &#8211; Diana Gabaldon \/ebook"},"content":{"rendered":"<figure id=\"attachment_249\" aria-describedby=\"caption-attachment-249\" style=\"width: 150px\" class=\"wp-caption alignleft\"><img loading=\"lazy\" decoding=\"async\" class=\"wp-image-249 size-thumbnail\" src=\"https:\/\/www.taller-palabras.com\/WordPress_04\/wp-content\/uploads\/2018\/10\/Gabaldon-150x150.jpg\" alt=\"\" width=\"150\" height=\"150\" srcset=\"https:\/\/www.taller-palabras.com\/WordPress_04\/wp-content\/uploads\/2018\/10\/Gabaldon-150x150.jpg 150w, https:\/\/www.taller-palabras.com\/WordPress_04\/wp-content\/uploads\/2018\/10\/Gabaldon-324x324.jpg 324w, https:\/\/www.taller-palabras.com\/WordPress_04\/wp-content\/uploads\/2018\/10\/Gabaldon-100x100.jpg 100w\" sizes=\"auto, (max-width: 150px) 100vw, 150px\" \/><figcaption id=\"caption-attachment-249\" class=\"wp-caption-text\">Autora Diana Gabaldon<\/figcaption><\/figure>\n<p>En plena revoluci\u00f3n americana, Jamie Fraser est\u00e1 seguro de tres cosas: que los americanos vencer\u00e1n, que luchar del lado de la victoria no garantiza la supervivencia, y que prefiere morir antes que enfrentarse a su hijo ileg\u00edtimo, un joven terrateniente del ej\u00e9rcito ingl\u00e9s, en el campo de batalla. El enfrentamiento parece inminente y, de producirse, podr\u00eda significar el fin de sus ideales, de su felicidad y hasta de su vida\u2026 Entretanto, en la relativa seguridad del siglo XX, la hija de Claire y Jamie, Brianna, y su marido, Roger MacKenzie, se han instalado en una casa escocesa con muchos siglos de historia entre sus paredes. All\u00ed Brianna encuentra unas cartas que revelan el amor de Claire por Jamie y sus viajes en el tiempo\u2026 Conscientes de que de ello depende su propio futuro, Brianna y Roger se ven obligados a encontrar lo antes posible pistas sobre el destino de Claire. Porque el futuro de la familia MacKenzie est\u00e1 irremediable, misteriosa e \u00edntimamente entrelazado con el pasado de su madre en una Am\u00e9rica devastada por la guerra. Ecos del pasado , la s\u00e9ptima entrega de las aventuras de Jamie Fraser y Claire Randall, es una extraordinaria novela llena de imaginaci\u00f3n y aventura que transportar\u00e1 al lector a un incre\u00edble y apasionante viaje a trav\u00e9s del tiempo y el espacio.<\/p>\n","protected":false},"excerpt":{"rendered":"<p>En plena revoluci\u00f3n americana, Jamie Fraser est\u00e1 seguro de tres cosas: que los americanos vencer\u00e1n, que luchar del lado de la victoria no garantiza la supervivencia, y que prefiere morir antes que enfrentarse a su hijo ileg\u00edtimo, un joven terrateniente del ej\u00e9rcito ingl\u00e9s, en el campo de batalla. El enfrentamiento parece inminente y, de producirse, [&hellip;]<\/p>\n","protected":false},"featured_media":6053,"template":"","meta":[],"product_brand":[],"product_cat":[25,47],"product_tag":[54,87,857,55],"class_list":{"0":"post-6048","1":"product","2":"type-product","3":"status-publish","4":"has-post-thumbnail","6":"product_cat-libros-digitales-ebooks","7":"product_cat-libros-digitales-sagas","8":"product_tag-descargar-ebook","9":"product_tag-diana-gabaldon","10":"product_tag-ecos-del-pasado","11":"product_tag-novelas","13":"first","14":"instock","15":"shipping-taxable","16":"purchasable","17":"product-type-variable","18":"has-default-attributes"},"_links":{"self":[{"href":"https:\/\/www.taller-palabras.com\/WordPress_04\/wp-json\/wp\/v2\/product\/6048","targetHints":{"allow":["GET"]}}],"collection":[{"href":"https:\/\/www.taller-palabras.com\/WordPress_04\/wp-json\/wp\/v2\/product"}],"about":[{"href":"https:\/\/www.taller-palabras.com\/WordPress_04\/wp-json\/wp\/v2\/types\/product"}],"wp:featuredmedia":[{"embeddable":true,"href":"https:\/\/www.taller-palabras.com\/WordPress_04\/wp-json\/wp\/v2\/media\/6053"}],"wp:attachment":[{"href":"https:\/\/www.taller-palabras.com\/WordPress_04\/wp-json\/wp\/v2\/media?parent=6048"}],"wp:term":[{"taxonomy":"product_brand","embeddable":true,"href":"https:\/\/www.taller-palabras.com\/WordPress_04\/wp-json\/wp\/v2\/product_brand?post=6048"},{"taxonomy":"product_cat","embeddable":true,"href":"https:\/\/www.taller-palabras.com\/WordPress_04\/wp-json\/wp\/v2\/product_cat?post=6048"},{"taxonomy":"product_tag","embeddable":true,"href":"https:\/\/www.taller-palabras.com\/WordPress_04\/wp-json\/wp\/v2\/product_tag?post=6048"}],"curies":[{"name":"wp","href":"https:\/\/api.w.org\/{rel}","templated":true}]}}