{"id":615,"date":"2018-10-08T10:35:19","date_gmt":"2018-10-08T13:35:19","guid":{"rendered":"https:\/\/www.taller-palabras.com\/WordPress_04\/?post_type=product&#038;p=615"},"modified":"2025-07-08T16:03:48","modified_gmt":"2025-07-08T19:03:48","slug":"la-falsa-pista-henning-mankell-ebook","status":"publish","type":"product","link":"https:\/\/www.taller-palabras.com\/WordPress_04\/producto\/la-falsa-pista-henning-mankell-ebook","title":{"rendered":"5-La falsa pista \u2013 Henning Mankell  \/ebook"},"content":{"rendered":"<figure id=\"attachment_106\" aria-describedby=\"caption-attachment-106\" style=\"width: 150px\" class=\"wp-caption alignleft\"><img loading=\"lazy\" decoding=\"async\" class=\"wp-image-106 size-thumbnail\" src=\"https:\/\/www.taller-palabras.com\/WordPress_04\/wp-content\/uploads\/2018\/10\/Henning-Mankell-150x150.jpg\" alt=\"\" width=\"150\" height=\"150\" srcset=\"https:\/\/www.taller-palabras.com\/WordPress_04\/wp-content\/uploads\/2018\/10\/Henning-Mankell-150x150.jpg 150w, https:\/\/www.taller-palabras.com\/WordPress_04\/wp-content\/uploads\/2018\/10\/Henning-Mankell-324x324.jpg 324w, https:\/\/www.taller-palabras.com\/WordPress_04\/wp-content\/uploads\/2018\/10\/Henning-Mankell-100x100.jpg 100w\" sizes=\"auto, (max-width: 150px) 100vw, 150px\" \/><figcaption id=\"caption-attachment-106\" class=\"wp-caption-text\">Autor Henning Mankell<\/figcaption><\/figure>\n<p>En Suecia nadie recuerda un verano tan caluroso como el de 1994. Mientras la gente sigue con pasi\u00f3n los partidos finales del Campeonato Mundial de F\u00fatbol, el inspector Kurt Wallander se dispone a iniciar unas cortas vacaciones. Pero la tranquilidad de la provincia de Escania se ve truncada cuando una muchacha, posiblemente extranjera, se suicida quem\u00e1ndose a lo bonzo. Wallander y su equipo tratan de averiguar la identidad de la chica y los motivos de esa tr\u00e1gica decisi\u00f3n; pero los sustos no han hecho m\u00e1s que empezar, pues un brutal asesino en serie ha comenzado su macabra actividad. Las primeras v\u00edctimas son un antiguo ministro de Justicia, un adinerado tratante de arte y un ladronzuelo de poca monta. Sin que pueda sospecharlo, la pista a la que Wallander se aferra para detener esta carnicer\u00eda le conducir\u00e1 a las altas esferas de la pol\u00edtica, y pondr\u00e1 seriamente en peligro su vida y la de sus allegados.<\/p>\n<p>Su estilo es directo; los personajes se muestran mediante un narrador en tercera persona situado en un punto de vista focalizado intensamente desde el protagonista. El tratamiento cinematogr\u00e1fico permite escenas donde los di\u00e1logos son oportunos y Mankell maneja a la perfecci\u00f3n esta herramienta que utiliza al servicio de las acciones para armar el entramado de la historia, logrando de esta forma una descripci\u00f3n din\u00e1mica, tan cercana a la realidad como es el deseo de este autor sensibilizado con el contexto social en el cual le ha tocado vivir.<\/p>\n","protected":false},"excerpt":{"rendered":"<p>En Suecia nadie recuerda un verano tan caluroso como el de 1994. Mientras la gente sigue con pasi\u00f3n los partidos finales del Campeonato Mundial de F\u00fatbol, el inspector Kurt Wallander se dispone a iniciar unas cortas vacaciones. Pero la tranquilidad de la provincia de Escania se ve truncada cuando una muchacha, posiblemente extranjera, se suicida [&hellip;]<\/p>\n","protected":false},"featured_media":616,"template":"","meta":[],"product_brand":[],"product_cat":[25],"product_tag":[54,56,127,55],"class_list":{"0":"post-615","1":"product","2":"type-product","3":"status-publish","4":"has-post-thumbnail","6":"product_cat-libros-digitales-ebooks","7":"product_tag-descargar-ebook","8":"product_tag-henning-mankell","9":"product_tag-la-falsa-pista","10":"product_tag-novelas","12":"first","13":"instock","14":"shipping-taxable","15":"purchasable","16":"product-type-variable","17":"has-default-attributes"},"_links":{"self":[{"href":"https:\/\/www.taller-palabras.com\/WordPress_04\/wp-json\/wp\/v2\/product\/615","targetHints":{"allow":["GET"]}}],"collection":[{"href":"https:\/\/www.taller-palabras.com\/WordPress_04\/wp-json\/wp\/v2\/product"}],"about":[{"href":"https:\/\/www.taller-palabras.com\/WordPress_04\/wp-json\/wp\/v2\/types\/product"}],"wp:featuredmedia":[{"embeddable":true,"href":"https:\/\/www.taller-palabras.com\/WordPress_04\/wp-json\/wp\/v2\/media\/616"}],"wp:attachment":[{"href":"https:\/\/www.taller-palabras.com\/WordPress_04\/wp-json\/wp\/v2\/media?parent=615"}],"wp:term":[{"taxonomy":"product_brand","embeddable":true,"href":"https:\/\/www.taller-palabras.com\/WordPress_04\/wp-json\/wp\/v2\/product_brand?post=615"},{"taxonomy":"product_cat","embeddable":true,"href":"https:\/\/www.taller-palabras.com\/WordPress_04\/wp-json\/wp\/v2\/product_cat?post=615"},{"taxonomy":"product_tag","embeddable":true,"href":"https:\/\/www.taller-palabras.com\/WordPress_04\/wp-json\/wp\/v2\/product_tag?post=615"}],"curies":[{"name":"wp","href":"https:\/\/api.w.org\/{rel}","templated":true}]}}

<figure id="attachment_106" aria-describedby="caption-attachment-106" style="width: 150px" class="wp-caption alignleft"><img loading="lazy" decoding="async" class="wp-image-106 size-thumbnail" src="https://www.taller-palabras.com/WordPress_04/wp-content/uploads/2018/10/Henning-Mankell-150x150.jpg" alt="" width="150" height="150" srcset="https://www.taller-palabras.com/WordPress_04/wp-content/uploads/2018/10/Henning-Mankell-150x150.jpg 150w, https://www.taller-palabras.com/WordPress_04/wp-content/uploads/2018/10/Henning-Mankell-324x324.jpg 324w, https://www.taller-palabras.com/WordPress_04/wp-content/uploads/2018/10/Henning-Mankell-100x100.jpg 100w" sizes="auto, (max-width: 150px) 100vw, 150px" /><figcaption id="caption-attachment-106" class="wp-caption-text">Autor Henning Mankell</figcaption></figure>
<p>En Suecia nadie recuerda un verano tan caluroso como el de 1994. Mientras la gente sigue con pasión los partidos finales del Campeonato Mundial de Fútbol, el inspector Kurt Wallander se dispone a iniciar unas cortas vacaciones. Pero la tranquilidad de la provincia de Escania se ve truncada cuando una muchacha, posiblemente extranjera, se suicida quemándose a lo bonzo. Wallander y su equipo tratan de averiguar la identidad de la chica y los motivos de esa trágica decisión; pero los sustos no han hecho más que empezar, pues un brutal asesino en serie ha comenzado su macabra actividad. Las primeras víctimas son un antiguo ministro de Justicia, un adinerado tratante de arte y un ladronzuelo de poca monta. Sin que pueda sospecharlo, la pista a la que Wallander se aferra para detener esta carnicería le conducirá a las altas esferas de la política, y pondrá seriamente en peligro su vida y la de sus allegados.</p>
<p>Su estilo es directo; los personajes se muestran mediante un narrador en tercera persona situado en un punto de vista focalizado intensamente desde el protagonista. El tratamiento cinematográfico permite escenas donde los diálogos son oportunos y Mankell maneja a la perfección esta herramienta que utiliza al servicio de las acciones para armar el entramado de la historia, logrando de esta forma una descripción dinámica, tan cercana a la realidad como es el deseo de este autor sensibilizado con el contexto social en el cual le ha tocado vivir.</p>

<p>En Suecia nadie recuerda un verano tan caluroso como el de 1994. Mientras la gente sigue con pasión los partidos finales del Campeonato Mundial de Fútbol, el inspector Kurt Wallander se dispone a iniciar unas cortas vacaciones. Pero la tranquilidad de la provincia de Escania se ve truncada cuando una muchacha, posiblemente extranjera, se suicida [&hellip;]</p>
