{"id":6156,"date":"2022-08-27T11:06:08","date_gmt":"2022-08-27T14:06:08","guid":{"rendered":"https:\/\/www.taller-palabras.com\/WordPress_04\/?post_type=product&#038;p=6156"},"modified":"2024-08-21T14:01:21","modified_gmt":"2024-08-21T17:01:21","slug":"dune-frank-herbert-ebook","status":"publish","type":"product","link":"https:\/\/www.taller-palabras.com\/WordPress_04\/producto\/dune-frank-herbert-ebook","title":{"rendered":"Saga: Dune (1) &#8211; Frank Herbert \/ebook"},"content":{"rendered":"<figure id=\"attachment_6160\" aria-describedby=\"caption-attachment-6160\" style=\"width: 150px\" class=\"wp-caption alignleft\"><img loading=\"lazy\" decoding=\"async\" class=\"wp-image-6160 size-thumbnail\" src=\"https:\/\/www.taller-palabras.com\/WordPress_04\/wp-content\/uploads\/2022\/08\/Franck_Hebert-150x150.jpg\" alt=\"\" width=\"150\" height=\"150\" srcset=\"https:\/\/www.taller-palabras.com\/WordPress_04\/wp-content\/uploads\/2022\/08\/Franck_Hebert-150x150.jpg 150w, https:\/\/www.taller-palabras.com\/WordPress_04\/wp-content\/uploads\/2022\/08\/Franck_Hebert-100x100.jpg 100w\" sizes=\"auto, (max-width: 150px) 100vw, 150px\" \/><figcaption id=\"caption-attachment-6160\" class=\"wp-caption-text\">Autor Frank Herbert<\/figcaption><\/figure>\n<p>Arrakis: un planeta des\u00e9rtico donde el agua es el bien m\u00e1s preciado, donde llorar a los muertos es el s\u00edmbolo de m\u00e1xima prodigalidad. Paul Atreides: un adolescente marcado por un destino singular, dotado de extra\u00f1os poderes, abocado a convertirse en dictador, mes\u00edas y m\u00e1rtir. Los Harkonnen: personificaci\u00f3n de las intrigas que rodean el Imperio Gal\u00e1ctico, buscan obtener el control sobre Arrakis para disponer de la melange, preciosa especia y uno de los bienes m\u00e1s codiciados del universo. Los Fremen: seres libres que han convertido el inh\u00f3spito paraje de Dune en su hogar, y que se sienten orgullosos de su pasado y temerosos de su futuro. Dune: una obra maestra un\u00e1nimemente reconocida como la mejor saga de ciencia ficci\u00f3n de todos los tiempos.<\/p>\n","protected":false},"excerpt":{"rendered":"<p>Arrakis: un planeta des\u00e9rtico donde el agua es el bien m\u00e1s preciado, donde llorar a los muertos es el s\u00edmbolo de m\u00e1xima prodigalidad. Paul Atreides: un adolescente marcado por un destino singular, dotado de extra\u00f1os poderes, abocado a convertirse en dictador, mes\u00edas y m\u00e1rtir. Los Harkonnen: personificaci\u00f3n de las intrigas que rodean el Imperio Gal\u00e1ctico, [&hellip;]<\/p>\n","protected":false},"featured_media":6159,"template":"","meta":[],"product_brand":[],"product_cat":[25,47],"product_tag":[54,890,889,45],"class_list":{"0":"post-6156","1":"product","2":"type-product","3":"status-publish","4":"has-post-thumbnail","6":"product_cat-libros-digitales-ebooks","7":"product_cat-libros-digitales-sagas","8":"product_tag-descargar-ebook","9":"product_tag-dune","10":"product_tag-frank-herbert","11":"product_tag-mejor-novela","13":"first","14":"instock","15":"shipping-taxable","16":"purchasable","17":"product-type-variable","18":"has-default-attributes"},"_links":{"self":[{"href":"https:\/\/www.taller-palabras.com\/WordPress_04\/wp-json\/wp\/v2\/product\/6156","targetHints":{"allow":["GET"]}}],"collection":[{"href":"https:\/\/www.taller-palabras.com\/WordPress_04\/wp-json\/wp\/v2\/product"}],"about":[{"href":"https:\/\/www.taller-palabras.com\/WordPress_04\/wp-json\/wp\/v2\/types\/product"}],"wp:featuredmedia":[{"embeddable":true,"href":"https:\/\/www.taller-palabras.com\/WordPress_04\/wp-json\/wp\/v2\/media\/6159"}],"wp:attachment":[{"href":"https:\/\/www.taller-palabras.com\/WordPress_04\/wp-json\/wp\/v2\/media?parent=6156"}],"wp:term":[{"taxonomy":"product_brand","embeddable":true,"href":"https:\/\/www.taller-palabras.com\/WordPress_04\/wp-json\/wp\/v2\/product_brand?post=6156"},{"taxonomy":"product_cat","embeddable":true,"href":"https:\/\/www.taller-palabras.com\/WordPress_04\/wp-json\/wp\/v2\/product_cat?post=6156"},{"taxonomy":"product_tag","embeddable":true,"href":"https:\/\/www.taller-palabras.com\/WordPress_04\/wp-json\/wp\/v2\/product_tag?post=6156"}],"curies":[{"name":"wp","href":"https:\/\/api.w.org\/{rel}","templated":true}]}}