{"id":6161,"date":"2022-08-27T12:35:55","date_gmt":"2022-08-27T15:35:55","guid":{"rendered":"https:\/\/www.taller-palabras.com\/WordPress_04\/?post_type=product&#038;p=6161"},"modified":"2024-02-16T14:39:43","modified_gmt":"2024-02-16T17:39:43","slug":"penas-de-amor-de-una-gata-inglesa-honore-de-balzac-ebook","status":"publish","type":"product","link":"https:\/\/www.taller-palabras.com\/WordPress_04\/producto\/penas-de-amor-de-una-gata-inglesa-honore-de-balzac-ebook","title":{"rendered":"Penas de amor de una gata inglesa  &#8211; Honor\u00e9 de Balzac \/ebook"},"content":{"rendered":"<figure id=\"attachment_3593\" aria-describedby=\"caption-attachment-3593\" style=\"width: 150px\" class=\"wp-caption alignleft\"><img loading=\"lazy\" decoding=\"async\" class=\"wp-image-3593 size-thumbnail\" src=\"https:\/\/www.taller-palabras.com\/WordPress_04\/wp-content\/uploads\/2021\/05\/honore-de-balzac-150x150.jpg\" alt=\"\" width=\"150\" height=\"150\" srcset=\"https:\/\/www.taller-palabras.com\/WordPress_04\/wp-content\/uploads\/2021\/05\/honore-de-balzac-150x150.jpg 150w, https:\/\/www.taller-palabras.com\/WordPress_04\/wp-content\/uploads\/2021\/05\/honore-de-balzac-100x100.jpg 100w, https:\/\/www.taller-palabras.com\/WordPress_04\/wp-content\/uploads\/2021\/05\/honore-de-balzac.jpg 283w\" sizes=\"auto, (max-width: 150px) 100vw, 150px\" \/><figcaption id=\"caption-attachment-3593\" class=\"wp-caption-text\">Autor Honor\u00e9 de Balzac<\/figcaption><\/figure>\n<p>Una gata inglesa conoce el amor, y sus adversos efectos en la conservadora sociedad inglesa del siglo XIX, entre las patas de un gato franc\u00e9s seg\u00fan la ir\u00f3nica mirada de H. de Balzac y con las ilustraciones originales de J.J. Grandville.<\/p>\n","protected":false},"excerpt":{"rendered":"<p>Una gata inglesa conoce el amor, y sus adversos efectos en la conservadora sociedad inglesa del siglo XIX, entre las patas de un gato franc\u00e9s seg\u00fan la ir\u00f3nica mirada de H. de Balzac y con las ilustraciones originales de J.J. Grandville.<\/p>\n","protected":false},"featured_media":6165,"template":"","meta":[],"product_brand":[],"product_cat":[25],"product_tag":[54,443,225,878],"class_list":{"0":"post-6161","1":"product","2":"type-product","3":"status-publish","4":"has-post-thumbnail","6":"product_cat-libros-digitales-ebooks","7":"product_tag-descargar-ebook","8":"product_tag-honore-de-balzac","9":"product_tag-mejores-novelas","10":"product_tag-penas-de-amor-de-una-gata-inglesa","12":"first","13":"instock","14":"shipping-taxable","15":"purchasable","16":"product-type-variable","17":"has-default-attributes"},"_links":{"self":[{"href":"https:\/\/www.taller-palabras.com\/WordPress_04\/wp-json\/wp\/v2\/product\/6161","targetHints":{"allow":["GET"]}}],"collection":[{"href":"https:\/\/www.taller-palabras.com\/WordPress_04\/wp-json\/wp\/v2\/product"}],"about":[{"href":"https:\/\/www.taller-palabras.com\/WordPress_04\/wp-json\/wp\/v2\/types\/product"}],"wp:featuredmedia":[{"embeddable":true,"href":"https:\/\/www.taller-palabras.com\/WordPress_04\/wp-json\/wp\/v2\/media\/6165"}],"wp:attachment":[{"href":"https:\/\/www.taller-palabras.com\/WordPress_04\/wp-json\/wp\/v2\/media?parent=6161"}],"wp:term":[{"taxonomy":"product_brand","embeddable":true,"href":"https:\/\/www.taller-palabras.com\/WordPress_04\/wp-json\/wp\/v2\/product_brand?post=6161"},{"taxonomy":"product_cat","embeddable":true,"href":"https:\/\/www.taller-palabras.com\/WordPress_04\/wp-json\/wp\/v2\/product_cat?post=6161"},{"taxonomy":"product_tag","embeddable":true,"href":"https:\/\/www.taller-palabras.com\/WordPress_04\/wp-json\/wp\/v2\/product_tag?post=6161"}],"curies":[{"name":"wp","href":"https:\/\/api.w.org\/{rel}","templated":true}]}}