{"id":6182,"date":"2022-08-27T16:01:14","date_gmt":"2022-08-27T19:01:14","guid":{"rendered":"https:\/\/www.taller-palabras.com\/WordPress_04\/?post_type=product&#038;p=6182"},"modified":"2024-08-21T17:53:52","modified_gmt":"2024-08-21T20:53:52","slug":"gato-murr-e-t-a-hoffmann-ebook","status":"publish","type":"product","link":"https:\/\/www.taller-palabras.com\/WordPress_04\/producto\/gato-murr-e-t-a-hoffmann-ebook","title":{"rendered":"Gato Murr &#8211; E T A Hoffmann \/ebook"},"content":{"rendered":"<figure id=\"attachment_6188\" aria-describedby=\"caption-attachment-6188\" style=\"width: 150px\" class=\"wp-caption alignleft\"><img loading=\"lazy\" decoding=\"async\" class=\"wp-image-6188 size-thumbnail\" src=\"https:\/\/www.taller-palabras.com\/WordPress_04\/wp-content\/uploads\/2022\/08\/eta-hoffmann-150x150.jpg\" alt=\"\" width=\"150\" height=\"150\" srcset=\"https:\/\/www.taller-palabras.com\/WordPress_04\/wp-content\/uploads\/2022\/08\/eta-hoffmann-150x150.jpg 150w, https:\/\/www.taller-palabras.com\/WordPress_04\/wp-content\/uploads\/2022\/08\/eta-hoffmann-100x100.jpg 100w, https:\/\/www.taller-palabras.com\/WordPress_04\/wp-content\/uploads\/2022\/08\/eta-hoffmann.jpg 283w\" sizes=\"auto, (max-width: 150px) 100vw, 150px\" \/><figcaption id=\"caption-attachment-6188\" class=\"wp-caption-text\">Autor E. T. A. Hoffmann<\/figcaption><\/figure>\n<p>Lo fant\u00e1stico no sobreviene para Ernst Theodor Amadeus Hoffmann (1776-1822) exclusivamente a partir del mundo del sue\u00f1o o del cuento, de la alegor\u00eda o de lo literario. Lo fant\u00e1stico est\u00e1 presente en la realidad cotidiana, forma parte de ella como posibilidad amenazadora, como puerta abierta a todas las eventualidades, como sufrimiento de todo tipo, como exponente de las pasiones m\u00e1s intensas y ocultas del ser humano. La dualidad de los personajes de Hoffmann es constante, de la misma forma que el propio Hoffmann vive una existencia dual: como magistrado y como poeta-m\u00fasico, como caminante entre la utop\u00eda y el mundo de la burgues\u00eda restauradora, el mundo que los rom\u00e1nticos bautizaron como mundo de \u00abfilisteos\u00bb. Es f\u00e1cil ver al propio Hoffmann como personaje de espectacular doble vida en el Berl\u00edn ordenado y majestuoso en el que, a partir de 1819, escribe sus \u00abConsideraciones del Gato Murr sobre la vida\u00bb. Hoffmann llega a Berl\u00edn el a\u00f1o 1814, y su misma llegada est\u00e1 ya marcada por la ambivalencia. Por un lado, le llena de alegr\u00eda llegar a la capital. Por otro, el regreso a Berl\u00edn supone la vuelta al trabajo como magistrado, el fracaso de sus tentativas de ganarse la vida como m\u00fasico. Sus estudios de derecho, su carrera en el \u00e1mbito de la administraci\u00f3n de justicia le hab\u00edan supuesto desde siempre m\u00e1s bien un problema, un ganap\u00e1n necesario, pero que le apartaba de sus intereses reales, art\u00edsticos, musicales. La obra de Hoffmann, inquietante transcripci\u00f3n po\u00e9tica de una actividad fant\u00e1stica y alucinadora, alcanz\u00f3 una resonancia inmensa. Para escritores como Baudelaire o Balzac aqu\u00e9lla encarn\u00f3 el verdadero esp\u00edritu rom\u00e1ntico alem\u00e1n. Tambi\u00e9n los cuentos de Poe y las primeras obras de Dostoievski son un testimonio de su influjo.<\/p>\n","protected":false},"excerpt":{"rendered":"<p>Lo fant\u00e1stico no sobreviene para Ernst Theodor Amadeus Hoffmann (1776-1822) exclusivamente a partir del mundo del sue\u00f1o o del cuento, de la alegor\u00eda o de lo literario. Lo fant\u00e1stico est\u00e1 presente en la realidad cotidiana, forma parte de ella como posibilidad amenazadora, como puerta abierta a todas las eventualidades, como sufrimiento de todo tipo, como [&hellip;]<\/p>\n","protected":false},"featured_media":6187,"template":"","meta":[],"product_brand":[],"product_cat":[25],"product_tag":[54,883,884,225],"class_list":{"0":"post-6182","1":"product","2":"type-product","3":"status-publish","4":"has-post-thumbnail","6":"product_cat-libros-digitales-ebooks","7":"product_tag-descargar-ebook","8":"product_tag-e-t-a-hoffmann","9":"product_tag-gato-murr","10":"product_tag-mejores-novelas","12":"first","13":"instock","14":"shipping-taxable","15":"purchasable","16":"product-type-variable","17":"has-default-attributes"},"_links":{"self":[{"href":"https:\/\/www.taller-palabras.com\/WordPress_04\/wp-json\/wp\/v2\/product\/6182","targetHints":{"allow":["GET"]}}],"collection":[{"href":"https:\/\/www.taller-palabras.com\/WordPress_04\/wp-json\/wp\/v2\/product"}],"about":[{"href":"https:\/\/www.taller-palabras.com\/WordPress_04\/wp-json\/wp\/v2\/types\/product"}],"wp:featuredmedia":[{"embeddable":true,"href":"https:\/\/www.taller-palabras.com\/WordPress_04\/wp-json\/wp\/v2\/media\/6187"}],"wp:attachment":[{"href":"https:\/\/www.taller-palabras.com\/WordPress_04\/wp-json\/wp\/v2\/media?parent=6182"}],"wp:term":[{"taxonomy":"product_brand","embeddable":true,"href":"https:\/\/www.taller-palabras.com\/WordPress_04\/wp-json\/wp\/v2\/product_brand?post=6182"},{"taxonomy":"product_cat","embeddable":true,"href":"https:\/\/www.taller-palabras.com\/WordPress_04\/wp-json\/wp\/v2\/product_cat?post=6182"},{"taxonomy":"product_tag","embeddable":true,"href":"https:\/\/www.taller-palabras.com\/WordPress_04\/wp-json\/wp\/v2\/product_tag?post=6182"}],"curies":[{"name":"wp","href":"https:\/\/api.w.org\/{rel}","templated":true}]}}