{"id":6231,"date":"2022-09-17T12:29:16","date_gmt":"2022-09-17T15:29:16","guid":{"rendered":"https:\/\/www.taller-palabras.com\/WordPress_04\/?post_type=product&#038;p=6231"},"modified":"2024-08-25T18:14:40","modified_gmt":"2024-08-25T21:14:40","slug":"la-nina-perdida-4-elena-ferrante-ebook","status":"publish","type":"product","link":"https:\/\/www.taller-palabras.com\/WordPress_04\/producto\/la-nina-perdida-4-elena-ferrante-ebook","title":{"rendered":"La ni\u00f1a perdida (4) &#8211; Elena Ferrante \/ebook"},"content":{"rendered":"<figure id=\"attachment_6234\" aria-describedby=\"caption-attachment-6234\" style=\"width: 150px\" class=\"wp-caption alignleft\"><img loading=\"lazy\" decoding=\"async\" class=\"wp-image-6234 size-thumbnail\" src=\"https:\/\/www.taller-palabras.com\/WordPress_04\/wp-content\/uploads\/2022\/09\/Elena-Ferrante-150x150.jpg\" alt=\"\" width=\"150\" height=\"150\" srcset=\"https:\/\/www.taller-palabras.com\/WordPress_04\/wp-content\/uploads\/2022\/09\/Elena-Ferrante-150x150.jpg 150w, https:\/\/www.taller-palabras.com\/WordPress_04\/wp-content\/uploads\/2022\/09\/Elena-Ferrante-100x100.jpg 100w\" sizes=\"auto, (max-width: 150px) 100vw, 150px\" \/><figcaption id=\"caption-attachment-6234\" class=\"wp-caption-text\">Autor Elena Ferrante<\/figcaption><\/figure>\n<p>Nadie sabe qui\u00e9n es Elena Ferrante, y sus editores procuran mantener un silencio absoluto sobre su identidad. Alguien ha llegado a sospechar que sea un hombre&#8230;<\/p>\n<p>La ni\u00f1a perdida cierra con broche de oro la historia de dos mujeres que nacieron a mediados del siglo XX en N\u00e1poles y desde peque\u00f1as fueron compartiendo una amistad compleja, con momentos de duda o ausencia, pero siempre c\u00f3mplice. Lina y Elena son ahora adultas, y la vida de cada una de ellas ha sido muy distinta: Elena dej\u00f3 N\u00e1poles para casarse y convertirse en una escritora de \u00e9xito en Mil\u00e1n. Solo un amor de juventud que vuelve a florecer la devolver\u00e1 a N\u00e1poles, donde la espera Lina, que ahora es madre y adem\u00e1s ha triunfado muy a su manera en el negocio local, convirti\u00e9ndose en una experta en inform\u00e1tica. Elena es la se\u00f1ora culta, Lina es en apariencia la mujer de barrio, ignorante y poco dispuesta al refinamiento, pero la inteligencia pura y la intuici\u00f3n est\u00e1n del lado de Lina. Los hechos se precipitan cuando, de repente, un buen d\u00eda la hija de Lina desaparece: \u00bfasesinato, rapto, muerte? Nadie lo sabe, y el barrio murmura. Desde entonces, Lina ya no es la misma y la locura acecha. Todos \u2013los hombres, las mujeres, el paisaje, la ciudad entera de N\u00e1poles\u2013 se convierten en testigos del duelo de una madre que no sabe llorar y un buen d\u00eda tambi\u00e9n desaparecer\u00e1, devolviendo al lector a las primeras p\u00e1ginas de esta espl\u00e9ndida saga titulada \u00abDos mujeres\u00bb. Inteligencia, emoci\u00f3n contenida, escritura que se pliega a los acontecimientos y se ajusta como un guante a la trama: todo est\u00e1 aqu\u00ed, en una de las obras m\u00e1s brillantes que ha dado Occidente en el siglo XXI.<\/p>\n","protected":false},"excerpt":{"rendered":"<p>Nadie sabe qui\u00e9n es Elena Ferrante, y sus editores procuran mantener un silencio absoluto sobre su identidad. Alguien ha llegado a sospechar que sea un hombre&#8230; La ni\u00f1a perdida cierra con broche de oro la historia de dos mujeres que nacieron a mediados del siglo XX en N\u00e1poles y desde peque\u00f1as fueron compartiendo una amistad [&hellip;]<\/p>\n","protected":false},"featured_media":6238,"template":"","meta":[],"product_brand":[],"product_cat":[25],"product_tag":[54,895,896,225],"class_list":{"0":"post-6231","1":"product","2":"type-product","3":"status-publish","4":"has-post-thumbnail","6":"product_cat-libros-digitales-ebooks","7":"product_tag-descargar-ebook","8":"product_tag-elena-ferrante","9":"product_tag-la-nina-perdida","10":"product_tag-mejores-novelas","12":"first","13":"instock","14":"shipping-taxable","15":"purchasable","16":"product-type-variable","17":"has-default-attributes"},"_links":{"self":[{"href":"https:\/\/www.taller-palabras.com\/WordPress_04\/wp-json\/wp\/v2\/product\/6231","targetHints":{"allow":["GET"]}}],"collection":[{"href":"https:\/\/www.taller-palabras.com\/WordPress_04\/wp-json\/wp\/v2\/product"}],"about":[{"href":"https:\/\/www.taller-palabras.com\/WordPress_04\/wp-json\/wp\/v2\/types\/product"}],"wp:featuredmedia":[{"embeddable":true,"href":"https:\/\/www.taller-palabras.com\/WordPress_04\/wp-json\/wp\/v2\/media\/6238"}],"wp:attachment":[{"href":"https:\/\/www.taller-palabras.com\/WordPress_04\/wp-json\/wp\/v2\/media?parent=6231"}],"wp:term":[{"taxonomy":"product_brand","embeddable":true,"href":"https:\/\/www.taller-palabras.com\/WordPress_04\/wp-json\/wp\/v2\/product_brand?post=6231"},{"taxonomy":"product_cat","embeddable":true,"href":"https:\/\/www.taller-palabras.com\/WordPress_04\/wp-json\/wp\/v2\/product_cat?post=6231"},{"taxonomy":"product_tag","embeddable":true,"href":"https:\/\/www.taller-palabras.com\/WordPress_04\/wp-json\/wp\/v2\/product_tag?post=6231"}],"curies":[{"name":"wp","href":"https:\/\/api.w.org\/{rel}","templated":true}]}}