{"id":6349,"date":"2022-10-19T09:36:25","date_gmt":"2022-10-19T12:36:25","guid":{"rendered":"https:\/\/www.taller-palabras.com\/WordPress_04\/?post_type=product&#038;p=6349"},"modified":"2024-09-03T11:13:33","modified_gmt":"2024-09-03T14:13:33","slug":"el-latido-de-la-tierra-luz-gabas-ebook","status":"publish","type":"product","link":"https:\/\/www.taller-palabras.com\/WordPress_04\/producto\/el-latido-de-la-tierra-luz-gabas-ebook","title":{"rendered":"El latido de la tierra &#8211; Luz Gab\u00e1s \/ebook"},"content":{"rendered":"<figure id=\"attachment_6346\" aria-describedby=\"caption-attachment-6346\" style=\"width: 150px\" class=\"wp-caption alignleft\"><img loading=\"lazy\" decoding=\"async\" class=\"wp-image-6346 size-thumbnail\" src=\"https:\/\/www.taller-palabras.com\/WordPress_04\/wp-content\/uploads\/2022\/10\/Luz-Gabas-150x150.jpg\" alt=\"\" width=\"150\" height=\"150\" srcset=\"https:\/\/www.taller-palabras.com\/WordPress_04\/wp-content\/uploads\/2022\/10\/Luz-Gabas-150x150.jpg 150w, https:\/\/www.taller-palabras.com\/WordPress_04\/wp-content\/uploads\/2022\/10\/Luz-Gabas-100x100.jpg 100w\" sizes=\"auto, (max-width: 150px) 100vw, 150px\" \/><figcaption id=\"caption-attachment-6346\" class=\"wp-caption-text\">Autora Luz Gab\u00e1s<\/figcaption><\/figure>\n<p>Alira, heredera de la mansi\u00f3n y las tierras que su familia conserva desde hace generaciones, se debate entre mantenerse fiel a sus or\u00edgenes o adaptarse a los nuevos tiempos. Cuando cree encontrar la respuesta a sus dudas, una misteriosa desaparici\u00f3n perturba la aparente calma que reinaba en la casa, la \u00fanica habitada en un peque\u00f1o pueblo abandonado. Un gui\u00f1o del destino la obligar\u00e1 a enfrentarse a su pasado y a cuestionarse cuanto para ella hab\u00eda sido inmutable. A partir de ese momento comenzar\u00e1 a sentir algo para lo que nunca pens\u00f3 estar preparada: el amor.<\/p>\n","protected":false},"excerpt":{"rendered":"<p>Alira, heredera de la mansi\u00f3n y las tierras que su familia conserva desde hace generaciones, se debate entre mantenerse fiel a sus or\u00edgenes o adaptarse a los nuevos tiempos. Cuando cree encontrar la respuesta a sus dudas, una misteriosa desaparici\u00f3n perturba la aparente calma que reinaba en la casa, la \u00fanica habitada en un peque\u00f1o [&hellip;]<\/p>\n","protected":false},"featured_media":6345,"template":"","meta":[],"product_brand":[],"product_cat":[25],"product_tag":[54,919,918,45],"class_list":{"0":"post-6349","1":"product","2":"type-product","3":"status-publish","4":"has-post-thumbnail","6":"product_cat-libros-digitales-ebooks","7":"product_tag-descargar-ebook","8":"product_tag-el-latido-de-la-tierra","9":"product_tag-luz-gabas","10":"product_tag-mejor-novela","12":"first","13":"instock","14":"shipping-taxable","15":"purchasable","16":"product-type-variable","17":"has-default-attributes"},"_links":{"self":[{"href":"https:\/\/www.taller-palabras.com\/WordPress_04\/wp-json\/wp\/v2\/product\/6349","targetHints":{"allow":["GET"]}}],"collection":[{"href":"https:\/\/www.taller-palabras.com\/WordPress_04\/wp-json\/wp\/v2\/product"}],"about":[{"href":"https:\/\/www.taller-palabras.com\/WordPress_04\/wp-json\/wp\/v2\/types\/product"}],"wp:featuredmedia":[{"embeddable":true,"href":"https:\/\/www.taller-palabras.com\/WordPress_04\/wp-json\/wp\/v2\/media\/6345"}],"wp:attachment":[{"href":"https:\/\/www.taller-palabras.com\/WordPress_04\/wp-json\/wp\/v2\/media?parent=6349"}],"wp:term":[{"taxonomy":"product_brand","embeddable":true,"href":"https:\/\/www.taller-palabras.com\/WordPress_04\/wp-json\/wp\/v2\/product_brand?post=6349"},{"taxonomy":"product_cat","embeddable":true,"href":"https:\/\/www.taller-palabras.com\/WordPress_04\/wp-json\/wp\/v2\/product_cat?post=6349"},{"taxonomy":"product_tag","embeddable":true,"href":"https:\/\/www.taller-palabras.com\/WordPress_04\/wp-json\/wp\/v2\/product_tag?post=6349"}],"curies":[{"name":"wp","href":"https:\/\/api.w.org\/{rel}","templated":true}]}}