{"id":6430,"date":"2022-10-30T14:10:55","date_gmt":"2022-10-30T17:10:55","guid":{"rendered":"https:\/\/www.taller-palabras.com\/WordPress_04\/?post_type=product&#038;p=6430"},"modified":"2024-09-17T13:03:05","modified_gmt":"2024-09-17T16:03:05","slug":"antichrista-amelie-nothomb-ebook","status":"publish","type":"product","link":"https:\/\/www.taller-palabras.com\/WordPress_04\/producto\/antichrista-amelie-nothomb-ebook","title":{"rendered":"Antichrista &#8211; Amelie Nothomb\/ebook"},"content":{"rendered":"<figure id=\"attachment_6429\" aria-describedby=\"caption-attachment-6429\" style=\"width: 150px\" class=\"wp-caption alignleft\"><img loading=\"lazy\" decoding=\"async\" class=\"wp-image-6429 size-thumbnail\" src=\"https:\/\/www.taller-palabras.com\/WordPress_04\/wp-content\/uploads\/2022\/10\/Amelie-Nothomb-150x150.jpg\" alt=\"\" width=\"150\" height=\"150\" srcset=\"https:\/\/www.taller-palabras.com\/WordPress_04\/wp-content\/uploads\/2022\/10\/Amelie-Nothomb-150x150.jpg 150w, https:\/\/www.taller-palabras.com\/WordPress_04\/wp-content\/uploads\/2022\/10\/Amelie-Nothomb-100x100.jpg 100w, https:\/\/www.taller-palabras.com\/WordPress_04\/wp-content\/uploads\/2022\/10\/Amelie-Nothomb.jpg 283w\" sizes=\"auto, (max-width: 150px) 100vw, 150px\" \/><figcaption id=\"caption-attachment-6429\" class=\"wp-caption-text\">Autora Amelie Nothomb<\/figcaption><\/figure>\n<p>Blanche conoce a Christa en la Universidad de Bruselas. Ambas tienen diecis\u00e9is a\u00f1os, pero mientras que Blanche es una adolescente solitaria, t\u00edmida, introvertida e insegura, Christa deslumbra por sus dotes de seducci\u00f3n y su tremendo descaro. El encuentro de estas dos personalidades antag\u00f3nicas podr\u00eda haber propiciado una amistad duradera y, en cambio, se convierte en una pesadilla para Blanche. Lo que en principio parec\u00eda amistad resulta ser el inicio de un doloroso camino de manipulaci\u00f3n, abusos y humillaciones en el que Christa es el verdugo y Blanche la v\u00edctima. De la decepci\u00f3n al odio, de la admiraci\u00f3n al desprecio, Blanche decide rebelarse, rompiendo as\u00ed una destructiva inercia de dominio psicol\u00f3gico. Antichrista, tragicomedia inici\u00e1tica sobre las dependencias emocionales de la adolescencia, es tambi\u00e9n una reflexi\u00f3n sobre la vulnerabilidad, el sufrimiento y las expectativas de esa tierra de nadie situada entre la infancia y la juventud.<\/p>\n","protected":false},"excerpt":{"rendered":"<p>Blanche conoce a Christa en la Universidad de Bruselas. Ambas tienen diecis\u00e9is a\u00f1os, pero mientras que Blanche es una adolescente solitaria, t\u00edmida, introvertida e insegura, Christa deslumbra por sus dotes de seducci\u00f3n y su tremendo descaro. El encuentro de estas dos personalidades antag\u00f3nicas podr\u00eda haber propiciado una amistad duradera y, en cambio, se convierte en [&hellip;]<\/p>\n","protected":false},"featured_media":6386,"template":"","meta":[],"product_brand":[],"product_cat":[25],"product_tag":[929,931,926,54,45],"class_list":{"0":"post-6430","1":"product","2":"type-product","3":"status-publish","4":"has-post-thumbnail","6":"product_cat-libros-digitales-ebooks","7":"product_tag-amelie-nothomb","8":"product_tag-antichrista","9":"product_tag-buenos-dias","10":"product_tag-descargar-ebook","11":"product_tag-mejor-novela","13":"first","14":"instock","15":"shipping-taxable","16":"purchasable","17":"product-type-variable","18":"has-default-attributes"},"_links":{"self":[{"href":"https:\/\/www.taller-palabras.com\/WordPress_04\/wp-json\/wp\/v2\/product\/6430","targetHints":{"allow":["GET"]}}],"collection":[{"href":"https:\/\/www.taller-palabras.com\/WordPress_04\/wp-json\/wp\/v2\/product"}],"about":[{"href":"https:\/\/www.taller-palabras.com\/WordPress_04\/wp-json\/wp\/v2\/types\/product"}],"wp:featuredmedia":[{"embeddable":true,"href":"https:\/\/www.taller-palabras.com\/WordPress_04\/wp-json\/wp\/v2\/media\/6386"}],"wp:attachment":[{"href":"https:\/\/www.taller-palabras.com\/WordPress_04\/wp-json\/wp\/v2\/media?parent=6430"}],"wp:term":[{"taxonomy":"product_brand","embeddable":true,"href":"https:\/\/www.taller-palabras.com\/WordPress_04\/wp-json\/wp\/v2\/product_brand?post=6430"},{"taxonomy":"product_cat","embeddable":true,"href":"https:\/\/www.taller-palabras.com\/WordPress_04\/wp-json\/wp\/v2\/product_cat?post=6430"},{"taxonomy":"product_tag","embeddable":true,"href":"https:\/\/www.taller-palabras.com\/WordPress_04\/wp-json\/wp\/v2\/product_tag?post=6430"}],"curies":[{"name":"wp","href":"https:\/\/api.w.org\/{rel}","templated":true}]}}