{"id":6447,"date":"2022-10-30T16:39:17","date_gmt":"2022-10-30T19:39:17","guid":{"rendered":"https:\/\/www.taller-palabras.com\/WordPress_04\/?post_type=product&#038;p=6447"},"modified":"2024-09-19T17:35:31","modified_gmt":"2024-09-19T20:35:31","slug":"la-sonrisa-de-las-mujeres-nicolas-barreau-ebook","status":"publish","type":"product","link":"https:\/\/www.taller-palabras.com\/WordPress_04\/producto\/la-sonrisa-de-las-mujeres-nicolas-barreau-ebook","title":{"rendered":"La sonrisa de las mujeres &#8211; Nicolas Barreau \/ebook"},"content":{"rendered":"<figure id=\"attachment_6450\" aria-describedby=\"caption-attachment-6450\" style=\"width: 150px\" class=\"wp-caption alignleft\"><img loading=\"lazy\" decoding=\"async\" class=\"wp-image-6450 size-thumbnail\" src=\"https:\/\/www.taller-palabras.com\/WordPress_04\/wp-content\/uploads\/2022\/10\/Nicolas_Barreau-150x150.jpg\" alt=\"\" width=\"150\" height=\"150\" srcset=\"https:\/\/www.taller-palabras.com\/WordPress_04\/wp-content\/uploads\/2022\/10\/Nicolas_Barreau-150x150.jpg 150w, https:\/\/www.taller-palabras.com\/WordPress_04\/wp-content\/uploads\/2022\/10\/Nicolas_Barreau-100x100.jpg 100w\" sizes=\"auto, (max-width: 150px) 100vw, 150px\" \/><figcaption id=\"caption-attachment-6450\" class=\"wp-caption-text\">Autor Nicolas Barreau<\/figcaption><\/figure>\n<p>En Par\u00eds, de vez en cuando, llueve a c\u00e1ntaros y sopla el viento del norte tan fuerte que parece no haber resquicio donde refugiarse. Como cuando las borrascas llegan al coraz\u00f3n y no sabemos c\u00f3mo ni d\u00f3nde esperar a que escampe. Para Aur\u00e9lie las casualidades no existen. Una tarde, m\u00e1s triste que nunca, se refugia en una librer\u00eda y en un libro. Arrebujada en sus p\u00e1ginas, Aur\u00e9lie reencuentra la sonrisa que cre\u00eda haber perdido para siempre. Y muchas cosas m\u00e1s.<\/p>\n","protected":false},"excerpt":{"rendered":"<p>En Par\u00eds, de vez en cuando, llueve a c\u00e1ntaros y sopla el viento del norte tan fuerte que parece no haber resquicio donde refugiarse. Como cuando las borrascas llegan al coraz\u00f3n y no sabemos c\u00f3mo ni d\u00f3nde esperar a que escampe. Para Aur\u00e9lie las casualidades no existen. Una tarde, m\u00e1s triste que nunca, se refugia [&hellip;]<\/p>\n","protected":false},"featured_media":6395,"template":"","meta":[],"product_brand":[],"product_cat":[25],"product_tag":[54,937,45,938],"class_list":{"0":"post-6447","1":"product","2":"type-product","3":"status-publish","4":"has-post-thumbnail","6":"product_cat-libros-digitales-ebooks","7":"product_tag-descargar-ebook","8":"product_tag-la-sonrisa-de-las-mujeres","9":"product_tag-mejor-novela","10":"product_tag-nicolas-barreau","12":"first","13":"instock","14":"shipping-taxable","15":"purchasable","16":"product-type-variable","17":"has-default-attributes"},"_links":{"self":[{"href":"https:\/\/www.taller-palabras.com\/WordPress_04\/wp-json\/wp\/v2\/product\/6447","targetHints":{"allow":["GET"]}}],"collection":[{"href":"https:\/\/www.taller-palabras.com\/WordPress_04\/wp-json\/wp\/v2\/product"}],"about":[{"href":"https:\/\/www.taller-palabras.com\/WordPress_04\/wp-json\/wp\/v2\/types\/product"}],"wp:featuredmedia":[{"embeddable":true,"href":"https:\/\/www.taller-palabras.com\/WordPress_04\/wp-json\/wp\/v2\/media\/6395"}],"wp:attachment":[{"href":"https:\/\/www.taller-palabras.com\/WordPress_04\/wp-json\/wp\/v2\/media?parent=6447"}],"wp:term":[{"taxonomy":"product_brand","embeddable":true,"href":"https:\/\/www.taller-palabras.com\/WordPress_04\/wp-json\/wp\/v2\/product_brand?post=6447"},{"taxonomy":"product_cat","embeddable":true,"href":"https:\/\/www.taller-palabras.com\/WordPress_04\/wp-json\/wp\/v2\/product_cat?post=6447"},{"taxonomy":"product_tag","embeddable":true,"href":"https:\/\/www.taller-palabras.com\/WordPress_04\/wp-json\/wp\/v2\/product_tag?post=6447"}],"curies":[{"name":"wp","href":"https:\/\/api.w.org\/{rel}","templated":true}]}}