{"id":6451,"date":"2022-10-30T16:44:21","date_gmt":"2022-10-30T19:44:21","guid":{"rendered":"https:\/\/www.taller-palabras.com\/WordPress_04\/?post_type=product&#038;p=6451"},"modified":"2024-09-20T10:35:44","modified_gmt":"2024-09-20T13:35:44","slug":"mama-no-dice-la-verdad-michel-bussi-ebook","status":"publish","type":"product","link":"https:\/\/www.taller-palabras.com\/WordPress_04\/producto\/mama-no-dice-la-verdad-michel-bussi-ebook","title":{"rendered":"Mam\u00e1 no dice la verdad &#8211; Michel Bussi \/ebook"},"content":{"rendered":"<figure id=\"attachment_6454\" aria-describedby=\"caption-attachment-6454\" style=\"width: 150px\" class=\"wp-caption alignleft\"><img loading=\"lazy\" decoding=\"async\" class=\"wp-image-6454 size-thumbnail\" src=\"https:\/\/www.taller-palabras.com\/WordPress_04\/wp-content\/uploads\/2022\/10\/Michel-Bussi-150x150.jpg\" alt=\"\" width=\"150\" height=\"150\" srcset=\"https:\/\/www.taller-palabras.com\/WordPress_04\/wp-content\/uploads\/2022\/10\/Michel-Bussi-150x150.jpg 150w, https:\/\/www.taller-palabras.com\/WordPress_04\/wp-content\/uploads\/2022\/10\/Michel-Bussi-100x100.jpg 100w, https:\/\/www.taller-palabras.com\/WordPress_04\/wp-content\/uploads\/2022\/10\/Michel-Bussi.jpg 225w\" sizes=\"auto, (max-width: 150px) 100vw, 150px\" \/><figcaption id=\"caption-attachment-6454\" class=\"wp-caption-text\">Autor Michel Bussi<\/figcaption><\/figure>\n<p>Malone Moulin tiene tres a\u00f1os y medio y un secreto que ocultar. Cree firmemente que la mujer que lo ha criado y con la que vive, Amanda, no es su verdadera madre. Aunque lo que dice el ni\u00f1o parezca imposible, Vasile, el psic\u00f3logo de la escuela, conf\u00eda en \u00e9l. Lo cree. Pero es el \u00fanico. Y debe darse prisa. Sacar a la luz la verdad oculta. Encontrar ayuda. La de la comandante Marianne Augresse, por ejemplo. Porque los recuerdos de Malone empiezan a difuminarse. Solo los sostiene un fino hilo de la memoria, con sus fr\u00e1giles retazos, y las conversaciones que el chico mantiene noche tras noche con Guti, su osito de peluche. La cuenta atr\u00e1s ha comenzado. Antes de que todo d\u00e9 un vuelco, de que el engranaje se ponga en marcha, de que las m\u00e1scaras caigan, habr\u00e1n de responder a una sola pregunta: \u00bfQui\u00e9n es Malone?<\/p>\n","protected":false},"excerpt":{"rendered":"<p>Malone Moulin tiene tres a\u00f1os y medio y un secreto que ocultar. Cree firmemente que la mujer que lo ha criado y con la que vive, Amanda, no es su verdadera madre. Aunque lo que dice el ni\u00f1o parezca imposible, Vasile, el psic\u00f3logo de la escuela, conf\u00eda en \u00e9l. Lo cree. Pero es el \u00fanico. [&hellip;]<\/p>\n","protected":false},"featured_media":6393,"template":"","meta":[],"product_brand":[],"product_cat":[25],"product_tag":[54,940,45,939],"class_list":{"0":"post-6451","1":"product","2":"type-product","3":"status-publish","4":"has-post-thumbnail","6":"product_cat-libros-digitales-ebooks","7":"product_tag-descargar-ebook","8":"product_tag-mama-no-dice-la-verdad","9":"product_tag-mejor-novela","10":"product_tag-michel-bussi","12":"first","13":"instock","14":"shipping-taxable","15":"purchasable","16":"product-type-variable","17":"has-default-attributes"},"_links":{"self":[{"href":"https:\/\/www.taller-palabras.com\/WordPress_04\/wp-json\/wp\/v2\/product\/6451","targetHints":{"allow":["GET"]}}],"collection":[{"href":"https:\/\/www.taller-palabras.com\/WordPress_04\/wp-json\/wp\/v2\/product"}],"about":[{"href":"https:\/\/www.taller-palabras.com\/WordPress_04\/wp-json\/wp\/v2\/types\/product"}],"wp:featuredmedia":[{"embeddable":true,"href":"https:\/\/www.taller-palabras.com\/WordPress_04\/wp-json\/wp\/v2\/media\/6393"}],"wp:attachment":[{"href":"https:\/\/www.taller-palabras.com\/WordPress_04\/wp-json\/wp\/v2\/media?parent=6451"}],"wp:term":[{"taxonomy":"product_brand","embeddable":true,"href":"https:\/\/www.taller-palabras.com\/WordPress_04\/wp-json\/wp\/v2\/product_brand?post=6451"},{"taxonomy":"product_cat","embeddable":true,"href":"https:\/\/www.taller-palabras.com\/WordPress_04\/wp-json\/wp\/v2\/product_cat?post=6451"},{"taxonomy":"product_tag","embeddable":true,"href":"https:\/\/www.taller-palabras.com\/WordPress_04\/wp-json\/wp\/v2\/product_tag?post=6451"}],"curies":[{"name":"wp","href":"https:\/\/api.w.org\/{rel}","templated":true}]}}