{"id":6482,"date":"2020-04-18T15:02:42","date_gmt":"2020-04-18T18:02:42","guid":{"rendered":"https:\/\/www.taller-palabras.com\/WordPress_04\/?post_type=product&#038;p=6482"},"modified":"2023-11-10T12:51:02","modified_gmt":"2023-11-10T15:51:02","slug":"retrato-de-un-hombre-inmaduro-luis-landero-ebook","status":"publish","type":"product","link":"https:\/\/www.taller-palabras.com\/WordPress_04\/producto\/retrato-de-un-hombre-inmaduro-luis-landero-ebook","title":{"rendered":"Retrato de un hombre inmaduro &#8211; Luis Landero \/ebook"},"content":{"rendered":"<figure id=\"attachment_1852\" aria-describedby=\"caption-attachment-1852\" style=\"width: 150px\" class=\"wp-caption alignleft\"><img loading=\"lazy\" decoding=\"async\" class=\"wp-image-1852 size-thumbnail\" src=\"https:\/\/www.taller-palabras.com\/WordPress_04\/wp-content\/uploads\/2020\/04\/LuisLandero-150x150.jpg\" alt=\"\" width=\"150\" height=\"150\" srcset=\"https:\/\/www.taller-palabras.com\/WordPress_04\/wp-content\/uploads\/2020\/04\/LuisLandero-150x150.jpg 150w, https:\/\/www.taller-palabras.com\/WordPress_04\/wp-content\/uploads\/2020\/04\/LuisLandero-324x324.jpg 324w, https:\/\/www.taller-palabras.com\/WordPress_04\/wp-content\/uploads\/2020\/04\/LuisLandero-100x100.jpg 100w\" sizes=\"auto, (max-width: 150px) 100vw, 150px\" \/><figcaption id=\"caption-attachment-1852\" class=\"wp-caption-text\">Autor Luis Landero<\/figcaption><\/figure>\n<p>En la habitaci\u00f3n de un hospital, y en el curso de la que muy probablemente sea su \u00faltima noche en este mundo, un hombre de unos 65 a\u00f1os le cuenta a alguien, y tambi\u00e9n a s\u00ed mismo, la historia de su vida. Dej\u00e1ndose llevar por el azar de la memoria y la fluidez de su propio relato, va y viene en el tiempo, rescatando, con no poco humor, las peque\u00f1as y m\u00e1s significativas aventuras que vivi\u00f3 y que vio vivir. Porque a este hombre le ha gustado mirar siempre el espect\u00e1culo del mundo tanto o m\u00e1s que participar en \u00e9l. Pero, como todos, conoci\u00f3 el amor, el sabor agridulce de la libertad, el poder, el horror, la belleza, la amistad, el absurdo, la doble conciencia y, en fin, todos los ingredientes de que est\u00e1 hecha la vida. Y no s\u00f3lo cuenta, sino que al hilo de cada episodio busca alg\u00fan sentido al viejo misterio de vivir, ahora que no hay tiempo ya de enga\u00f1arse ni de rectificar. Como quien manipula las piezas para formar un puzzle, se enlazan el r\u00e1pido curso vital y los remansos reflexivos, el bullir inagotable de personajes y peripecias casi siempre c\u00f3micas o kafkianas, para trazar el perfil de un hombre sesudo y a la vez infantil, responsable y a la vez arbitrario, bueno a la vez que inmoral: un retrato del hombre contempor\u00e1neo.<\/p>\n<p>&nbsp;<\/p>\n","protected":false},"excerpt":{"rendered":"<p>En la habitaci\u00f3n de un hospital, y en el curso de la que muy probablemente sea su \u00faltima noche en este mundo, un hombre de unos 65 a\u00f1os le cuenta a alguien, y tambi\u00e9n a s\u00ed mismo, la historia de su vida. Dej\u00e1ndose llevar por el azar de la memoria y la fluidez de su [&hellip;]<\/p>\n","protected":false},"featured_media":6474,"template":"","meta":[],"product_brand":[],"product_cat":[25],"product_tag":[136,206,55,946],"class_list":{"0":"post-6482","1":"product","2":"type-product","3":"status-publish","4":"has-post-thumbnail","6":"product_cat-libros-digitales-ebooks","7":"product_tag-decargar-ebook","8":"product_tag-luis-landero","9":"product_tag-novelas","10":"product_tag-retrato-de-un-hombre-inmaduro","12":"first","13":"instock","14":"shipping-taxable","15":"purchasable","16":"product-type-variable","17":"has-default-attributes"},"_links":{"self":[{"href":"https:\/\/www.taller-palabras.com\/WordPress_04\/wp-json\/wp\/v2\/product\/6482","targetHints":{"allow":["GET"]}}],"collection":[{"href":"https:\/\/www.taller-palabras.com\/WordPress_04\/wp-json\/wp\/v2\/product"}],"about":[{"href":"https:\/\/www.taller-palabras.com\/WordPress_04\/wp-json\/wp\/v2\/types\/product"}],"wp:featuredmedia":[{"embeddable":true,"href":"https:\/\/www.taller-palabras.com\/WordPress_04\/wp-json\/wp\/v2\/media\/6474"}],"wp:attachment":[{"href":"https:\/\/www.taller-palabras.com\/WordPress_04\/wp-json\/wp\/v2\/media?parent=6482"}],"wp:term":[{"taxonomy":"product_brand","embeddable":true,"href":"https:\/\/www.taller-palabras.com\/WordPress_04\/wp-json\/wp\/v2\/product_brand?post=6482"},{"taxonomy":"product_cat","embeddable":true,"href":"https:\/\/www.taller-palabras.com\/WordPress_04\/wp-json\/wp\/v2\/product_cat?post=6482"},{"taxonomy":"product_tag","embeddable":true,"href":"https:\/\/www.taller-palabras.com\/WordPress_04\/wp-json\/wp\/v2\/product_tag?post=6482"}],"curies":[{"name":"wp","href":"https:\/\/api.w.org\/{rel}","templated":true}]}}