{"id":6653,"date":"2021-07-18T16:55:54","date_gmt":"2021-07-18T19:55:54","guid":{"rendered":"https:\/\/www.taller-palabras.com\/WordPress_04\/?post_type=product&#038;p=6653"},"modified":"2024-03-21T18:07:46","modified_gmt":"2024-03-21T21:07:46","slug":"cuentos-ernest-hemingway-ebook","status":"publish","type":"product","link":"https:\/\/www.taller-palabras.com\/WordPress_04\/producto\/cuentos-ernest-hemingway-ebook","title":{"rendered":"Cuentos &#8211; Ernest Hemingway \/ebook"},"content":{"rendered":"<figure id=\"attachment_3959\" aria-describedby=\"caption-attachment-3959\" style=\"width: 150px\" class=\"wp-caption alignleft\"><img loading=\"lazy\" decoding=\"async\" class=\"wp-image-3959 size-thumbnail\" src=\"https:\/\/www.taller-palabras.com\/WordPress_04\/wp-content\/uploads\/2021\/07\/Ernest_Hemingway-150x150.jpg\" alt=\"\" width=\"150\" height=\"150\" srcset=\"https:\/\/www.taller-palabras.com\/WordPress_04\/wp-content\/uploads\/2021\/07\/Ernest_Hemingway-150x150.jpg 150w, https:\/\/www.taller-palabras.com\/WordPress_04\/wp-content\/uploads\/2021\/07\/Ernest_Hemingway-300x300.jpg 300w, https:\/\/www.taller-palabras.com\/WordPress_04\/wp-content\/uploads\/2021\/07\/Ernest_Hemingway-324x324.jpg 324w, https:\/\/www.taller-palabras.com\/WordPress_04\/wp-content\/uploads\/2021\/07\/Ernest_Hemingway-100x100.jpg 100w, https:\/\/www.taller-palabras.com\/WordPress_04\/wp-content\/uploads\/2021\/07\/Ernest_Hemingway.jpg 329w\" sizes=\"auto, (max-width: 150px) 100vw, 150px\" \/><figcaption id=\"caption-attachment-3959\" class=\"wp-caption-text\">Autor Ernest Hemingway<\/figcaption><\/figure>\n<p>Los cuentos de Ernest Hemingway no son solo lo mejor de su obra, seg\u00fan suele admitir la cr\u00edtica, sino tambi\u00e9n fundamentales para entender el siglo.<\/p>\n<p>Esta edici\u00f3n recupera la recopilaci\u00f3n que el propio Hemingway hiciera de todos sus cuentos en 1938, conocida como Los cuarenta y nueve primeros cuentos, donde se encuentran relatos tan magistrales como \u00abLos asesinos\u00bb, \u00abLas nieves del Kilimanjaro\u00bb o \u00abPadres e hijos\u00bb. El mundo est\u00e9tico y moral de Hemingway \u2014ese espacio traspasado por la soledad, la individualidad y la brutalidad\u2014 se encuentra aqu\u00ed destilado, seco, sobrio, cegador, latente. La caza, la pesca, el boxeo, la guerra, el alcohol, el deseo o la derrota son algunos de los materiales con que se construye esta obra cuyo aliento perdura con un vigor insospechado.<\/p>\n","protected":false},"excerpt":{"rendered":"<p>Los cuentos de Ernest Hemingway no son solo lo mejor de su obra, seg\u00fan suele admitir la cr\u00edtica, sino tambi\u00e9n fundamentales para entender el siglo. Esta edici\u00f3n recupera la recopilaci\u00f3n que el propio Hemingway hiciera de todos sus cuentos en 1938, conocida como Los cuarenta y nueve primeros cuentos, donde se encuentran relatos tan magistrales [&hellip;]<\/p>\n","protected":false},"featured_media":6657,"template":"","meta":[],"product_brand":[],"product_cat":[25],"product_tag":[976,136,508,55],"class_list":{"0":"post-6653","1":"product","2":"type-product","3":"status-publish","4":"has-post-thumbnail","6":"product_cat-libros-digitales-ebooks","7":"product_tag-cuentos","8":"product_tag-decargar-ebook","9":"product_tag-ernest-hemingway","10":"product_tag-novelas","12":"first","13":"instock","14":"shipping-taxable","15":"purchasable","16":"product-type-variable","17":"has-default-attributes"},"_links":{"self":[{"href":"https:\/\/www.taller-palabras.com\/WordPress_04\/wp-json\/wp\/v2\/product\/6653","targetHints":{"allow":["GET"]}}],"collection":[{"href":"https:\/\/www.taller-palabras.com\/WordPress_04\/wp-json\/wp\/v2\/product"}],"about":[{"href":"https:\/\/www.taller-palabras.com\/WordPress_04\/wp-json\/wp\/v2\/types\/product"}],"wp:featuredmedia":[{"embeddable":true,"href":"https:\/\/www.taller-palabras.com\/WordPress_04\/wp-json\/wp\/v2\/media\/6657"}],"wp:attachment":[{"href":"https:\/\/www.taller-palabras.com\/WordPress_04\/wp-json\/wp\/v2\/media?parent=6653"}],"wp:term":[{"taxonomy":"product_brand","embeddable":true,"href":"https:\/\/www.taller-palabras.com\/WordPress_04\/wp-json\/wp\/v2\/product_brand?post=6653"},{"taxonomy":"product_cat","embeddable":true,"href":"https:\/\/www.taller-palabras.com\/WordPress_04\/wp-json\/wp\/v2\/product_cat?post=6653"},{"taxonomy":"product_tag","embeddable":true,"href":"https:\/\/www.taller-palabras.com\/WordPress_04\/wp-json\/wp\/v2\/product_tag?post=6653"}],"curies":[{"name":"wp","href":"https:\/\/api.w.org\/{rel}","templated":true}]}}