{"id":6710,"date":"2020-08-31T11:20:55","date_gmt":"2020-08-31T14:20:55","guid":{"rendered":"https:\/\/www.taller-palabras.com\/WordPress_04\/?post_type=product&#038;p=6710"},"modified":"2023-12-24T16:25:31","modified_gmt":"2023-12-24T19:25:31","slug":"millenium-stieg-larsson-la-chica-que-vivio-dos-veces-6-david-lagercrantz-ebook","status":"publish","type":"product","link":"https:\/\/www.taller-palabras.com\/WordPress_04\/producto\/millenium-stieg-larsson-la-chica-que-vivio-dos-veces-6-david-lagercrantz-ebook","title":{"rendered":"Millenium\/Stieg Larsson &#8211; La chica que vivio dos veces (6) &#8211; David Lagercrantz  \/ebook"},"content":{"rendered":"<figure id=\"attachment_6697\" aria-describedby=\"caption-attachment-6697\" style=\"width: 150px\" class=\"wp-caption alignleft\"><img loading=\"lazy\" decoding=\"async\" class=\"wp-image-6697 size-thumbnail\" src=\"https:\/\/www.taller-palabras.com\/WordPress_04\/wp-content\/uploads\/2023\/02\/David-Lagerkrantz-1-150x150.jpg\" alt=\"\" width=\"150\" height=\"150\" srcset=\"https:\/\/www.taller-palabras.com\/WordPress_04\/wp-content\/uploads\/2023\/02\/David-Lagerkrantz-1-150x150.jpg 150w, https:\/\/www.taller-palabras.com\/WordPress_04\/wp-content\/uploads\/2023\/02\/David-Lagerkrantz-1-100x100.jpg 100w\" sizes=\"auto, (max-width: 150px) 100vw, 150px\" \/><figcaption id=\"caption-attachment-6697\" class=\"wp-caption-text\">Autor David Lagercrantz<\/figcaption><\/figure>\n<p>Lisbeth Salander est\u00e1 preparada para la batalla final contra la \u00fanica persona que, siendo id\u00e9ntica a ella, es su opuesta en todo: su hermana Camilla. Pero esta vez, Lisbeth tomar\u00e1 la iniciativa. Ha dejado atr\u00e1s Estocolmo, lleva un nuevo peinado y se ha quitado los \u00abpiercings\u00bb. Podr\u00eda pasar por una ejecutiva m\u00e1s. Pero las ejecutivas no ocultan una pistola bajo la americana, no son \u00abhackers\u00bb expertas ni llevan cicatrices ni tatuajes que les recuerdan que han sobrevivido a lo imposible. Mikael Blomkvist, por su parte, est\u00e1 investigando la muerte de un mendigo del que solo se sabe que ha fallecido pronunciando el nombre del ministro de Defensa del gobierno sueco y que guardaba el n\u00famero de tel\u00e9fono del periodista en el bolsillo. Mikael necesitar\u00e1 la ayuda de Lisbeth, pero para ella el pasado es una bomba a punto de explotar.<\/p>\n","protected":false},"excerpt":{"rendered":"<p>Lisbeth Salander est\u00e1 preparada para la batalla final contra la \u00fanica persona que, siendo id\u00e9ntica a ella, es su opuesta en todo: su hermana Camilla. Pero esta vez, Lisbeth tomar\u00e1 la iniciativa. Ha dejado atr\u00e1s Estocolmo, lleva un nuevo peinado y se ha quitado los \u00abpiercings\u00bb. Podr\u00eda pasar por una ejecutiva m\u00e1s. Pero las ejecutivas [&hellip;]<\/p>\n","protected":false},"featured_media":6713,"template":"","meta":[],"product_brand":[],"product_cat":[25],"product_tag":[987,54,988,45],"class_list":{"0":"post-6710","1":"product","2":"type-product","3":"status-publish","4":"has-post-thumbnail","6":"product_cat-libros-digitales-ebooks","7":"product_tag-david-lagercrantz","8":"product_tag-descargar-ebook","9":"product_tag-la-chica-que-vivio-dos-veces","10":"product_tag-mejor-novela","12":"first","13":"instock","14":"shipping-taxable","15":"purchasable","16":"product-type-variable","17":"has-default-attributes"},"_links":{"self":[{"href":"https:\/\/www.taller-palabras.com\/WordPress_04\/wp-json\/wp\/v2\/product\/6710","targetHints":{"allow":["GET"]}}],"collection":[{"href":"https:\/\/www.taller-palabras.com\/WordPress_04\/wp-json\/wp\/v2\/product"}],"about":[{"href":"https:\/\/www.taller-palabras.com\/WordPress_04\/wp-json\/wp\/v2\/types\/product"}],"wp:featuredmedia":[{"embeddable":true,"href":"https:\/\/www.taller-palabras.com\/WordPress_04\/wp-json\/wp\/v2\/media\/6713"}],"wp:attachment":[{"href":"https:\/\/www.taller-palabras.com\/WordPress_04\/wp-json\/wp\/v2\/media?parent=6710"}],"wp:term":[{"taxonomy":"product_brand","embeddable":true,"href":"https:\/\/www.taller-palabras.com\/WordPress_04\/wp-json\/wp\/v2\/product_brand?post=6710"},{"taxonomy":"product_cat","embeddable":true,"href":"https:\/\/www.taller-palabras.com\/WordPress_04\/wp-json\/wp\/v2\/product_cat?post=6710"},{"taxonomy":"product_tag","embeddable":true,"href":"https:\/\/www.taller-palabras.com\/WordPress_04\/wp-json\/wp\/v2\/product_tag?post=6710"}],"curies":[{"name":"wp","href":"https:\/\/api.w.org\/{rel}","templated":true}]}}

<figure id="attachment_6697" aria-describedby="caption-attachment-6697" style="width: 150px" class="wp-caption alignleft"><img loading="lazy" decoding="async" class="wp-image-6697 size-thumbnail" src="https://www.taller-palabras.com/WordPress_04/wp-content/uploads/2023/02/David-Lagerkrantz-1-150x150.jpg" alt="" width="150" height="150" srcset="https://www.taller-palabras.com/WordPress_04/wp-content/uploads/2023/02/David-Lagerkrantz-1-150x150.jpg 150w, https://www.taller-palabras.com/WordPress_04/wp-content/uploads/2023/02/David-Lagerkrantz-1-100x100.jpg 100w" sizes="auto, (max-width: 150px) 100vw, 150px" /><figcaption id="caption-attachment-6697" class="wp-caption-text">Autor David Lagercrantz</figcaption></figure>
<p>Lisbeth Salander está preparada para la batalla final contra la única persona que, siendo idéntica a ella, es su opuesta en todo: su hermana Camilla. Pero esta vez, Lisbeth tomará la iniciativa. Ha dejado atrás Estocolmo, lleva un nuevo peinado y se ha quitado los «piercings». Podría pasar por una ejecutiva más. Pero las ejecutivas no ocultan una pistola bajo la americana, no son «hackers» expertas ni llevan cicatrices ni tatuajes que les recuerdan que han sobrevivido a lo imposible. Mikael Blomkvist, por su parte, está investigando la muerte de un mendigo del que solo se sabe que ha fallecido pronunciando el nombre del ministro de Defensa del gobierno sueco y que guardaba el número de teléfono del periodista en el bolsillo. Mikael necesitará la ayuda de Lisbeth, pero para ella el pasado es una bomba a punto de explotar.</p>

<p>Lisbeth Salander está preparada para la batalla final contra la única persona que, siendo idéntica a ella, es su opuesta en todo: su hermana Camilla. Pero esta vez, Lisbeth tomará la iniciativa. Ha dejado atrás Estocolmo, lleva un nuevo peinado y se ha quitado los «piercings». Podría pasar por una ejecutiva más. Pero las ejecutivas [&hellip;]</p>
