{"id":6762,"date":"2023-03-04T12:27:54","date_gmt":"2023-03-04T15:27:54","guid":{"rendered":"https:\/\/www.taller-palabras.com\/WordPress_04\/?post_type=product&#038;p=6762"},"modified":"2024-11-10T12:07:29","modified_gmt":"2024-11-10T15:07:29","slug":"codex-seraphinianus-luigi-serafin-ebook","status":"publish","type":"product","link":"https:\/\/www.taller-palabras.com\/WordPress_04\/producto\/codex-seraphinianus-luigi-serafin-ebook","title":{"rendered":"Codex Seraphinianus &#8211; Luigi Serafin  \/ebook"},"content":{"rendered":"<figure id=\"attachment_6589\" aria-describedby=\"caption-attachment-6589\" style=\"width: 150px\" class=\"wp-caption alignleft\"><img loading=\"lazy\" decoding=\"async\" class=\"wp-image-6589 size-thumbnail\" src=\"https:\/\/www.taller-palabras.com\/WordPress_04\/wp-content\/uploads\/2023\/01\/Luigi-Serafini-150x150.jpg\" alt=\"\" width=\"150\" height=\"150\" srcset=\"https:\/\/www.taller-palabras.com\/WordPress_04\/wp-content\/uploads\/2023\/01\/Luigi-Serafini-150x150.jpg 150w, https:\/\/www.taller-palabras.com\/WordPress_04\/wp-content\/uploads\/2023\/01\/Luigi-Serafini-100x100.jpg 100w, https:\/\/www.taller-palabras.com\/WordPress_04\/wp-content\/uploads\/2023\/01\/Luigi-Serafini.jpg 260w\" sizes=\"auto, (max-width: 150px) 100vw, 150px\" \/><figcaption id=\"caption-attachment-6589\" class=\"wp-caption-text\">Autor Luidi Serafin<\/figcaption><\/figure>\n<p>El Codex Seraphinianus es un libro escrito e ilustrado por el arquitecto y dise\u00f1ador industrial italiano Luigi Serafini a fines de la d\u00e9cada de 1970. El libro tiene aproximadamente 360 p\u00e1ginas (dependiendo de la edici\u00f3n) parece ser una enciclopedia visual de un mundo desconocido escrito en uno de sus idiomas, una escritura alfab\u00e9tica incomprensible (al menos para nosotros).<\/p>\n","protected":false},"excerpt":{"rendered":"<p>El Codex Seraphinianus es un libro escrito e ilustrado por el arquitecto y dise\u00f1ador industrial italiano Luigi Serafini a fines de la d\u00e9cada de 1970. El libro tiene aproximadamente 360 p\u00e1ginas (dependiendo de la edici\u00f3n) parece ser una enciclopedia visual de un mundo desconocido escrito en uno de sus idiomas, una escritura alfab\u00e9tica incomprensible (al [&hellip;]<\/p>\n","protected":false},"featured_media":6590,"template":"","meta":[],"product_brand":[],"product_cat":[25],"product_tag":[999,54,998,45],"class_list":{"0":"post-6762","1":"product","2":"type-product","3":"status-publish","4":"has-post-thumbnail","6":"product_cat-libros-digitales-ebooks","7":"product_tag-codex-seraphinianus","8":"product_tag-descargar-ebook","9":"product_tag-luigi-serafin","10":"product_tag-mejor-novela","12":"first","13":"instock","14":"downloadable","15":"virtual","16":"product-type-simple"},"_links":{"self":[{"href":"https:\/\/www.taller-palabras.com\/WordPress_04\/wp-json\/wp\/v2\/product\/6762","targetHints":{"allow":["GET"]}}],"collection":[{"href":"https:\/\/www.taller-palabras.com\/WordPress_04\/wp-json\/wp\/v2\/product"}],"about":[{"href":"https:\/\/www.taller-palabras.com\/WordPress_04\/wp-json\/wp\/v2\/types\/product"}],"wp:featuredmedia":[{"embeddable":true,"href":"https:\/\/www.taller-palabras.com\/WordPress_04\/wp-json\/wp\/v2\/media\/6590"}],"wp:attachment":[{"href":"https:\/\/www.taller-palabras.com\/WordPress_04\/wp-json\/wp\/v2\/media?parent=6762"}],"wp:term":[{"taxonomy":"product_brand","embeddable":true,"href":"https:\/\/www.taller-palabras.com\/WordPress_04\/wp-json\/wp\/v2\/product_brand?post=6762"},{"taxonomy":"product_cat","embeddable":true,"href":"https:\/\/www.taller-palabras.com\/WordPress_04\/wp-json\/wp\/v2\/product_cat?post=6762"},{"taxonomy":"product_tag","embeddable":true,"href":"https:\/\/www.taller-palabras.com\/WordPress_04\/wp-json\/wp\/v2\/product_tag?post=6762"}],"curies":[{"name":"wp","href":"https:\/\/api.w.org\/{rel}","templated":true}]}}