{"id":6765,"date":"2023-03-04T12:56:38","date_gmt":"2023-03-04T15:56:38","guid":{"rendered":"https:\/\/www.taller-palabras.com\/WordPress_04\/?post_type=product&#038;p=6765"},"modified":"2023-10-23T13:23:01","modified_gmt":"2023-10-23T16:23:01","slug":"yo-voy-conmigo-raquel-diaz-reguera-ebook","status":"publish","type":"product","link":"https:\/\/www.taller-palabras.com\/WordPress_04\/producto\/yo-voy-conmigo-raquel-diaz-reguera-ebook","title":{"rendered":"Yo voy conmigo &#8211; Raquel D\u00edaz Reguera \/ebook"},"content":{"rendered":"<figure id=\"attachment_6758\" aria-describedby=\"caption-attachment-6758\" style=\"width: 150px\" class=\"wp-caption alignleft\"><img loading=\"lazy\" decoding=\"async\" class=\"wp-image-6758 size-thumbnail\" src=\"https:\/\/www.taller-palabras.com\/WordPress_04\/wp-content\/uploads\/2023\/03\/Raquel_Diaz_Reguera-150x150.jpg\" alt=\"\" width=\"150\" height=\"150\" srcset=\"https:\/\/www.taller-palabras.com\/WordPress_04\/wp-content\/uploads\/2023\/03\/Raquel_Diaz_Reguera-150x150.jpg 150w, https:\/\/www.taller-palabras.com\/WordPress_04\/wp-content\/uploads\/2023\/03\/Raquel_Diaz_Reguera-100x100.jpg 100w\" sizes=\"auto, (max-width: 150px) 100vw, 150px\" \/><figcaption id=\"caption-attachment-6758\" class=\"wp-caption-text\">Autora Raquel D\u00edaz Reguera<\/figcaption><\/figure>\n<p>A una ni\u00f1a le gusta un ni\u00f1o, pero el ni\u00f1o no se fija en ella, no la mira. \u00bfQu\u00e9 hacer? Sus amigos le aconsejan de todo: que se quite las coletas, las gafas, la sonrisa, las pecas, las alas, que no sea tan parlanchina. El ni\u00f1o por fin se ha fijado en ella, pero, con tanto quitar, hasta se han ido los p\u00e1jaros de su cabeza. Y la ni\u00f1a se da cuenta de que ya no es ella y decide recuperar sus coletas, sus gafas, su sonrisa, sus pecas, sus alas, sus palabras&#8230; Este cuento puede ayudar a trabajar con los ni\u00f1os no solo para aceptarse a ellos mismos, si no tambi\u00e9n para aceptar a los dem\u00e1s con sus diferencias. Trabajar el respeto por uno mismo y por los dem\u00e1s, la empat\u00eda y a no dejar a nadie de lado.<\/p>\n","protected":false},"excerpt":{"rendered":"<p>A una ni\u00f1a le gusta un ni\u00f1o, pero el ni\u00f1o no se fija en ella, no la mira. \u00bfQu\u00e9 hacer? Sus amigos le aconsejan de todo: que se quite las coletas, las gafas, la sonrisa, las pecas, las alas, que no sea tan parlanchina. El ni\u00f1o por fin se ha fijado en ella, pero, con [&hellip;]<\/p>\n","protected":false},"featured_media":6766,"template":"","meta":[],"product_brand":[],"product_cat":[25],"product_tag":[54,45,1000,1001],"class_list":{"0":"post-6765","1":"product","2":"type-product","3":"status-publish","4":"has-post-thumbnail","6":"product_cat-libros-digitales-ebooks","7":"product_tag-descargar-ebook","8":"product_tag-mejor-novela","9":"product_tag-raquel-diaz-reguera","10":"product_tag-yo-voy-conmigo","12":"first","13":"instock","14":"downloadable","15":"virtual","16":"product-type-simple"},"_links":{"self":[{"href":"https:\/\/www.taller-palabras.com\/WordPress_04\/wp-json\/wp\/v2\/product\/6765","targetHints":{"allow":["GET"]}}],"collection":[{"href":"https:\/\/www.taller-palabras.com\/WordPress_04\/wp-json\/wp\/v2\/product"}],"about":[{"href":"https:\/\/www.taller-palabras.com\/WordPress_04\/wp-json\/wp\/v2\/types\/product"}],"wp:featuredmedia":[{"embeddable":true,"href":"https:\/\/www.taller-palabras.com\/WordPress_04\/wp-json\/wp\/v2\/media\/6766"}],"wp:attachment":[{"href":"https:\/\/www.taller-palabras.com\/WordPress_04\/wp-json\/wp\/v2\/media?parent=6765"}],"wp:term":[{"taxonomy":"product_brand","embeddable":true,"href":"https:\/\/www.taller-palabras.com\/WordPress_04\/wp-json\/wp\/v2\/product_brand?post=6765"},{"taxonomy":"product_cat","embeddable":true,"href":"https:\/\/www.taller-palabras.com\/WordPress_04\/wp-json\/wp\/v2\/product_cat?post=6765"},{"taxonomy":"product_tag","embeddable":true,"href":"https:\/\/www.taller-palabras.com\/WordPress_04\/wp-json\/wp\/v2\/product_tag?post=6765"}],"curies":[{"name":"wp","href":"https:\/\/api.w.org\/{rel}","templated":true}]}}