{"id":6834,"date":"2021-08-08T11:00:16","date_gmt":"2021-08-08T14:00:16","guid":{"rendered":"https:\/\/www.taller-palabras.com\/WordPress_04\/?post_type=product&#038;p=6834"},"modified":"2024-04-12T13:57:44","modified_gmt":"2024-04-12T16:57:44","slug":"cuentos-y-cuentistas-harold-bloom-ebook","status":"publish","type":"product","link":"https:\/\/www.taller-palabras.com\/WordPress_04\/producto\/cuentos-y-cuentistas-harold-bloom-ebook","title":{"rendered":"Cuentos y cuentistas &#8211; Harold Bloom\/ ebook"},"content":{"rendered":"<figure id=\"attachment_4132\" aria-describedby=\"caption-attachment-4132\" style=\"width: 150px\" class=\"wp-caption alignleft\"><img loading=\"lazy\" decoding=\"async\" class=\"wp-image-4132 size-thumbnail\" src=\"https:\/\/www.taller-palabras.com\/WordPress_04\/wp-content\/uploads\/2021\/08\/Harold_Bloom-150x150.jpg\" alt=\"\" width=\"150\" height=\"150\" srcset=\"https:\/\/www.taller-palabras.com\/WordPress_04\/wp-content\/uploads\/2021\/08\/Harold_Bloom-150x150.jpg 150w, https:\/\/www.taller-palabras.com\/WordPress_04\/wp-content\/uploads\/2021\/08\/Harold_Bloom-100x100.jpg 100w, https:\/\/www.taller-palabras.com\/WordPress_04\/wp-content\/uploads\/2021\/08\/Harold_Bloom.jpg 283w\" sizes=\"auto, (max-width: 150px) 100vw, 150px\" \/><figcaption id=\"caption-attachment-4132\" class=\"wp-caption-text\">Autor Harold Bloom<\/figcaption><\/figure>\n<p>Bloom recoge en este volumen, fruto de veinte a\u00f1os de trabajo, uno de los libros de cr\u00edtica literaria dedicada al cuento m\u00e1s importante hasta ahora publicado, por primera vez traducido ahora al espa\u00f1ol. De tal forma que podemos afirmar que con esta obra Bloom ha marcado un verdadero &#8216;canon del cuento&#8217;. Bloom no se limita a facilitarnos una lista, una colecci\u00f3n de sus cuentistas favoritos, sino que aporta jugosas reflexiones sobre la narrativa breve, su din\u00e1mica interna propia y \u00fanica, y su naturaleza ambigua como g\u00e9nero independiente de la \u00e9pica, de la novela o de la poes\u00eda. Bloom se\u00f1ala, en este sentido, la dificultad que siempre ha tenido el cuento para alzarse como un g\u00e9nero definible. Los 39 cuentistas escogidos por Bloom, tan distintos, responden no obstante a un patr\u00f3n com\u00fan que los hermana; aunque sus cuentos son muy distintos, todos se basan en una de estas dos tradiciones: la de Ch\u00e9jov, por un lado, o la de Poe, Kafka y Borges, por otro. La ambig\u00fcedad del g\u00e9nero cuento quiz\u00e1 nunca se resuelva, pero siempre habr\u00e1 di\u00e1logos internos entre unos cuentistas y otros, de tal manera que, sostiene Bloom, &#8216;los cuentos se relacionen los unos con los otros como milagros&#8217;.<\/p>\n","protected":false},"excerpt":{"rendered":"<p>Bloom recoge en este volumen, fruto de veinte a\u00f1os de trabajo, uno de los libros de cr\u00edtica literaria dedicada al cuento m\u00e1s importante hasta ahora publicado, por primera vez traducido ahora al espa\u00f1ol. De tal forma que podemos afirmar que con esta obra Bloom ha marcado un verdadero &#8216;canon del cuento&#8217;. Bloom no se limita [&hellip;]<\/p>\n","protected":false},"featured_media":6838,"template":"","meta":[],"product_brand":[],"product_cat":[25],"product_tag":[1013,136,532,55],"class_list":{"0":"post-6834","1":"product","2":"type-product","3":"status-publish","4":"has-post-thumbnail","6":"product_cat-libros-digitales-ebooks","7":"product_tag-cuentos-y-cuentistas","8":"product_tag-decargar-ebook","9":"product_tag-harold-bloom","10":"product_tag-novelas","12":"first","13":"instock","14":"shipping-taxable","15":"purchasable","16":"product-type-variable","17":"has-default-attributes"},"_links":{"self":[{"href":"https:\/\/www.taller-palabras.com\/WordPress_04\/wp-json\/wp\/v2\/product\/6834","targetHints":{"allow":["GET"]}}],"collection":[{"href":"https:\/\/www.taller-palabras.com\/WordPress_04\/wp-json\/wp\/v2\/product"}],"about":[{"href":"https:\/\/www.taller-palabras.com\/WordPress_04\/wp-json\/wp\/v2\/types\/product"}],"wp:featuredmedia":[{"embeddable":true,"href":"https:\/\/www.taller-palabras.com\/WordPress_04\/wp-json\/wp\/v2\/media\/6838"}],"wp:attachment":[{"href":"https:\/\/www.taller-palabras.com\/WordPress_04\/wp-json\/wp\/v2\/media?parent=6834"}],"wp:term":[{"taxonomy":"product_brand","embeddable":true,"href":"https:\/\/www.taller-palabras.com\/WordPress_04\/wp-json\/wp\/v2\/product_brand?post=6834"},{"taxonomy":"product_cat","embeddable":true,"href":"https:\/\/www.taller-palabras.com\/WordPress_04\/wp-json\/wp\/v2\/product_cat?post=6834"},{"taxonomy":"product_tag","embeddable":true,"href":"https:\/\/www.taller-palabras.com\/WordPress_04\/wp-json\/wp\/v2\/product_tag?post=6834"}],"curies":[{"name":"wp","href":"https:\/\/api.w.org\/{rel}","templated":true}]}}