{"id":7044,"date":"2022-04-16T14:38:33","date_gmt":"2022-04-16T17:38:33","guid":{"rendered":"https:\/\/www.taller-palabras.com\/WordPress_04\/?post_type=product&#038;p=7044"},"modified":"2024-07-02T13:54:59","modified_gmt":"2024-07-02T16:54:59","slug":"saga-atlas-la-historia-de-pa-salt-08-lucinda-riley-ebook","status":"publish","type":"product","link":"https:\/\/www.taller-palabras.com\/WordPress_04\/producto\/saga-atlas-la-historia-de-pa-salt-08-lucinda-riley-ebook","title":{"rendered":"Saga: Atlas. La historia de Pa Salt (8) &#8211; Lucinda Riley \/ebook"},"content":{"rendered":"<figure id=\"attachment_5506\" aria-describedby=\"caption-attachment-5506\" style=\"width: 150px\" class=\"wp-caption alignleft\"><img loading=\"lazy\" decoding=\"async\" class=\"wp-image-5506 size-thumbnail\" src=\"https:\/\/www.taller-palabras.com\/WordPress_04\/wp-content\/uploads\/2022\/04\/Lucinda-Ridley-150x150.jpg\" alt=\"\" width=\"150\" height=\"150\" srcset=\"https:\/\/www.taller-palabras.com\/WordPress_04\/wp-content\/uploads\/2022\/04\/Lucinda-Ridley-150x150.jpg 150w, https:\/\/www.taller-palabras.com\/WordPress_04\/wp-content\/uploads\/2022\/04\/Lucinda-Ridley-100x100.jpg 100w\" sizes=\"auto, (max-width: 150px) 100vw, 150px\" \/><figcaption id=\"caption-attachment-5506\" class=\"wp-caption-text\">Autora Lucinda Riley<\/figcaption><\/figure>\n<p>La anhelada y deslumbrante entrega final de Las Siete Hermanas, la saga superventas de Lucinda Riley que se ha convertido en un fen\u00f3meno editorial mundial. 1928, Par\u00eds Un chico es encontrado momentos antes de su muerte y acogido por una cari\u00f1osa familia. Dulce, precoz y lleno de talento, el ni\u00f1o florece en su nuevo hogar y la familia le muestra una vida que no hab\u00eda cre\u00eddo posible. Perose niega a decir una palabra sobre qui\u00e9n es realmente. Y a medida que crece y se convierte en un hombre, enamor\u00e1ndose y tomando clases en el prestigioso Conservatoire de Paris, casi est\u00e1 cerca de olvidar el terror de su pasado o la promesa que ha jurado mantener. Pero por toda Europa el mal se est\u00e1 despertando y nadie puede sentirse del todo seguro. En su coraz\u00f3n, sabe que se acerca el momento en que tendr\u00e1 que volver a huir. 2008, mar Egeo Las siete hermanas se han reunido por primera vez a bordo del Tit\u00e1n para dar una \u00faltima despedida al enigm\u00e1tico padre al que tanto amaron. Para sorpresa de todas, es la hermana perdida a quien Pa Salt ha elegido para confiarle la clave de sus pasados. Pero por cada verdad revelada, otra pregunta emerge. Las hermanas deben afrontar la idea de que su adorado padre era alguien a quien apenas conoc\u00edan. Y lo que es a\u00fan m\u00e1s impactante: que esos secretos hace tanto tiempo enterrados todav\u00eda pueden tener hoy consecuencias para ellas.<\/p>\n","protected":false},"excerpt":{"rendered":"<p>La anhelada y deslumbrante entrega final de Las Siete Hermanas, la saga superventas de Lucinda Riley que se ha convertido en un fen\u00f3meno editorial mundial. 1928, Par\u00eds Un chico es encontrado momentos antes de su muerte y acogido por una cari\u00f1osa familia. Dulce, precoz y lleno de talento, el ni\u00f1o florece en su nuevo hogar [&hellip;]<\/p>\n","protected":false},"featured_media":7049,"template":"","meta":[],"product_brand":[],"product_cat":[25,47],"product_tag":[1027,54,762,45],"class_list":{"0":"post-7044","1":"product","2":"type-product","3":"status-publish","4":"has-post-thumbnail","6":"product_cat-libros-digitales-ebooks","7":"product_cat-libros-digitales-sagas","8":"product_tag-atlas-la-historia-de-pa-salt","9":"product_tag-descargar-ebook","10":"product_tag-lucinda-riley","11":"product_tag-mejor-novela","13":"first","14":"instock","15":"shipping-taxable","16":"purchasable","17":"product-type-variable","18":"has-default-attributes"},"_links":{"self":[{"href":"https:\/\/www.taller-palabras.com\/WordPress_04\/wp-json\/wp\/v2\/product\/7044","targetHints":{"allow":["GET"]}}],"collection":[{"href":"https:\/\/www.taller-palabras.com\/WordPress_04\/wp-json\/wp\/v2\/product"}],"about":[{"href":"https:\/\/www.taller-palabras.com\/WordPress_04\/wp-json\/wp\/v2\/types\/product"}],"wp:featuredmedia":[{"embeddable":true,"href":"https:\/\/www.taller-palabras.com\/WordPress_04\/wp-json\/wp\/v2\/media\/7049"}],"wp:attachment":[{"href":"https:\/\/www.taller-palabras.com\/WordPress_04\/wp-json\/wp\/v2\/media?parent=7044"}],"wp:term":[{"taxonomy":"product_brand","embeddable":true,"href":"https:\/\/www.taller-palabras.com\/WordPress_04\/wp-json\/wp\/v2\/product_brand?post=7044"},{"taxonomy":"product_cat","embeddable":true,"href":"https:\/\/www.taller-palabras.com\/WordPress_04\/wp-json\/wp\/v2\/product_cat?post=7044"},{"taxonomy":"product_tag","embeddable":true,"href":"https:\/\/www.taller-palabras.com\/WordPress_04\/wp-json\/wp\/v2\/product_tag?post=7044"}],"curies":[{"name":"wp","href":"https:\/\/api.w.org\/{rel}","templated":true}]}}