{"id":7088,"date":"2021-12-01T16:20:10","date_gmt":"2021-12-01T19:20:10","guid":{"rendered":"https:\/\/www.taller-palabras.com\/WordPress_04\/?post_type=product&#038;p=7088"},"modified":"2024-05-25T13:23:18","modified_gmt":"2024-05-25T16:23:18","slug":"metamorfosis-libros-xi-xv-publio-ovidio-nason-ebook","status":"publish","type":"product","link":"https:\/\/www.taller-palabras.com\/WordPress_04\/producto\/metamorfosis-libros-xi-xv-publio-ovidio-nason-ebook","title":{"rendered":"Metamorfosis Libros XI\/XV &#8211; Publio Ovidio Nason \/ebook"},"content":{"rendered":"<figure id=\"attachment_7087\" aria-describedby=\"caption-attachment-7087\" style=\"width: 150px\" class=\"wp-caption alignleft\"><img loading=\"lazy\" decoding=\"async\" class=\"wp-image-7087 size-thumbnail\" src=\"https:\/\/www.taller-palabras.com\/WordPress_04\/wp-content\/uploads\/2023\/05\/ovidio-150x150.jpg\" alt=\"\" width=\"150\" height=\"150\" srcset=\"https:\/\/www.taller-palabras.com\/WordPress_04\/wp-content\/uploads\/2023\/05\/ovidio-150x150.jpg 150w, https:\/\/www.taller-palabras.com\/WordPress_04\/wp-content\/uploads\/2023\/05\/ovidio-100x100.jpg 100w, https:\/\/www.taller-palabras.com\/WordPress_04\/wp-content\/uploads\/2023\/05\/ovidio.jpg 283w\" sizes=\"auto, (max-width: 150px) 100vw, 150px\" \/><figcaption id=\"caption-attachment-7087\" class=\"wp-caption-text\">Autor Publio Ovidio Nason<\/figcaption><\/figure>\n<p>Epopeya mitol\u00f3gica por excelencia, las \u00abMetamorfosis\u00bb es una de las obras magnas de Ovidio. El conjunto de relatos memorables que han servido a lo largo de los siglos como materia de innumerables refacciones por parte de las artes y las ciencias merec\u00eda una cuidada edici\u00f3n cr\u00edtica en la Biblioteca Cl\u00e1sica Gredos. Con este tercer y \u00faltimo volumen, culmina el asombroso cat\u00e1logo ovidiano de m\u00e1s de doscientas mutaciones, entre las que podemos encontrar pasajes tan celebres como los de Narciso, Eco o Apolo y Dafne, por solo citar algunos de sus m\u00e1s bellos ejemplos. Publicado por primera vez en esta colecci\u00f3n, este volumen presenta la traducci\u00f3n in\u00e9dita hasta hoy de los libros XI-XV de las \u00abMetamorfosis\u00bb de Ovidio realizada por Jos\u00e9 Carlos Fern\u00e1ndez Corte y Josefa Cant\u00f3 Llorca (Universidad de Salamanca).<\/p>\n","protected":false},"excerpt":{"rendered":"<p>Epopeya mitol\u00f3gica por excelencia, las \u00abMetamorfosis\u00bb es una de las obras magnas de Ovidio. El conjunto de relatos memorables que han servido a lo largo de los siglos como materia de innumerables refacciones por parte de las artes y las ciencias merec\u00eda una cuidada edici\u00f3n cr\u00edtica en la Biblioteca Cl\u00e1sica Gredos. Con este tercer y [&hellip;]<\/p>\n","protected":false},"featured_media":7086,"template":"","meta":[],"product_brand":[],"product_cat":[25],"product_tag":[54,225,1037,1036],"class_list":{"0":"post-7088","1":"product","2":"type-product","3":"status-publish","4":"has-post-thumbnail","6":"product_cat-libros-digitales-ebooks","7":"product_tag-descargar-ebook","8":"product_tag-mejores-novelas","9":"product_tag-metamorfosis","10":"product_tag-ovidio","12":"first","13":"instock","14":"shipping-taxable","15":"purchasable","16":"product-type-variable","17":"has-default-attributes"},"_links":{"self":[{"href":"https:\/\/www.taller-palabras.com\/WordPress_04\/wp-json\/wp\/v2\/product\/7088","targetHints":{"allow":["GET"]}}],"collection":[{"href":"https:\/\/www.taller-palabras.com\/WordPress_04\/wp-json\/wp\/v2\/product"}],"about":[{"href":"https:\/\/www.taller-palabras.com\/WordPress_04\/wp-json\/wp\/v2\/types\/product"}],"wp:featuredmedia":[{"embeddable":true,"href":"https:\/\/www.taller-palabras.com\/WordPress_04\/wp-json\/wp\/v2\/media\/7086"}],"wp:attachment":[{"href":"https:\/\/www.taller-palabras.com\/WordPress_04\/wp-json\/wp\/v2\/media?parent=7088"}],"wp:term":[{"taxonomy":"product_brand","embeddable":true,"href":"https:\/\/www.taller-palabras.com\/WordPress_04\/wp-json\/wp\/v2\/product_brand?post=7088"},{"taxonomy":"product_cat","embeddable":true,"href":"https:\/\/www.taller-palabras.com\/WordPress_04\/wp-json\/wp\/v2\/product_cat?post=7088"},{"taxonomy":"product_tag","embeddable":true,"href":"https:\/\/www.taller-palabras.com\/WordPress_04\/wp-json\/wp\/v2\/product_tag?post=7088"}],"curies":[{"name":"wp","href":"https:\/\/api.w.org\/{rel}","templated":true}]}}