{"id":7295,"date":"2022-09-09T10:38:02","date_gmt":"2022-09-09T13:38:02","guid":{"rendered":"https:\/\/www.taller-palabras.com\/WordPress_04\/?post_type=product&#038;p=7295"},"modified":"2024-08-24T13:13:23","modified_gmt":"2024-08-24T16:13:23","slug":"tarzan-de-los-monos-edgar-rice-burroughs-ebook","status":"publish","type":"product","link":"https:\/\/www.taller-palabras.com\/WordPress_04\/producto\/tarzan-de-los-monos-edgar-rice-burroughs-ebook","title":{"rendered":"Tarzan de los monos &#8211; Edgar Rice Burroughs \/ebook"},"content":{"rendered":"<figure id=\"attachment_6193\" aria-describedby=\"caption-attachment-6193\" style=\"width: 150px\" class=\"wp-caption alignleft\"><img loading=\"lazy\" decoding=\"async\" class=\"wp-image-6193 size-thumbnail\" src=\"https:\/\/www.taller-palabras.com\/WordPress_04\/wp-content\/uploads\/2022\/09\/burroughs_edgar-150x150.jpg\" alt=\"\" width=\"150\" height=\"150\" srcset=\"https:\/\/www.taller-palabras.com\/WordPress_04\/wp-content\/uploads\/2022\/09\/burroughs_edgar-150x150.jpg 150w, https:\/\/www.taller-palabras.com\/WordPress_04\/wp-content\/uploads\/2022\/09\/burroughs_edgar-324x324.jpg 324w, https:\/\/www.taller-palabras.com\/WordPress_04\/wp-content\/uploads\/2022\/09\/burroughs_edgar-100x100.jpg 100w\" sizes=\"auto, (max-width: 150px) 100vw, 150px\" \/><figcaption id=\"caption-attachment-6193\" class=\"wp-caption-text\">Autor Edgar Rice Burroughs<\/figcaption><\/figure>\n<p>Esta novela narra la historia de John Clayton \u00abTarz\u00e1n\u00bb, hijo de Lord Greystoke John Clayton, y Alice Rutherford, una pareja de ingleses abandonados en la selva de la costa occidental del \u00c1frica Ecuatorial. Los esposos traen al mundo a un ni\u00f1o en su modesta caba\u00f1a antes de morir abatidos por las fieras. Adoptado por Kala, una enorme simia que tambi\u00e9n ha perdido a su cr\u00eda, Tarz\u00e1n crecer\u00e1 entre los antropoides, desarrollando una gran fuerza f\u00edsica y un agudo ingenio. Tambi\u00e9n aprender\u00e1 a leer y escribir utilizando los libros infantiles hallados en la caba\u00f1a. A\u00f1os m\u00e1s tarde, otro mot\u00edn a bordo de un barco deja a un grupo de ingleses en la playa y Tarz\u00e1n se convierte en su misterioso protector. Escrita por Edgar Rice Burroughs desde 1912, Tarz\u00e1n de los monos es la primera de 24 novelas que componen la serie \u00abTarz\u00e1n\u00bb, la cual, hoy d\u00eda, se toma como uno de los mayores mitos de la cultura popular mundial. Surgido a partir de una ra\u00edz literaria, a inicios del siglo XX, y luego evolucion\u00f3 pasando por todos los formatos posibles: c\u00f3mics, radioteatro, televisi\u00f3n y cine. En cada uno de ellos fue un \u00e9xito.<\/p>\n","protected":false},"excerpt":{"rendered":"<p>Esta novela narra la historia de John Clayton \u00abTarz\u00e1n\u00bb, hijo de Lord Greystoke John Clayton, y Alice Rutherford, una pareja de ingleses abandonados en la selva de la costa occidental del \u00c1frica Ecuatorial. Los esposos traen al mundo a un ni\u00f1o en su modesta caba\u00f1a antes de morir abatidos por las fieras. Adoptado por Kala, [&hellip;]<\/p>\n","protected":false},"featured_media":7298,"template":"","meta":[],"product_brand":[],"product_cat":[25],"product_tag":[54,885,225,1060],"class_list":{"0":"post-7295","1":"product","2":"type-product","3":"status-publish","4":"has-post-thumbnail","6":"product_cat-libros-digitales-ebooks","7":"product_tag-descargar-ebook","8":"product_tag-edgar-rice-burroughs","9":"product_tag-mejores-novelas","10":"product_tag-tarzan-de-los-monos","12":"first","13":"instock","14":"shipping-taxable","15":"purchasable","16":"product-type-variable","17":"has-default-attributes"},"_links":{"self":[{"href":"https:\/\/www.taller-palabras.com\/WordPress_04\/wp-json\/wp\/v2\/product\/7295","targetHints":{"allow":["GET"]}}],"collection":[{"href":"https:\/\/www.taller-palabras.com\/WordPress_04\/wp-json\/wp\/v2\/product"}],"about":[{"href":"https:\/\/www.taller-palabras.com\/WordPress_04\/wp-json\/wp\/v2\/types\/product"}],"wp:featuredmedia":[{"embeddable":true,"href":"https:\/\/www.taller-palabras.com\/WordPress_04\/wp-json\/wp\/v2\/media\/7298"}],"wp:attachment":[{"href":"https:\/\/www.taller-palabras.com\/WordPress_04\/wp-json\/wp\/v2\/media?parent=7295"}],"wp:term":[{"taxonomy":"product_brand","embeddable":true,"href":"https:\/\/www.taller-palabras.com\/WordPress_04\/wp-json\/wp\/v2\/product_brand?post=7295"},{"taxonomy":"product_cat","embeddable":true,"href":"https:\/\/www.taller-palabras.com\/WordPress_04\/wp-json\/wp\/v2\/product_cat?post=7295"},{"taxonomy":"product_tag","embeddable":true,"href":"https:\/\/www.taller-palabras.com\/WordPress_04\/wp-json\/wp\/v2\/product_tag?post=7295"}],"curies":[{"name":"wp","href":"https:\/\/api.w.org\/{rel}","templated":true}]}}