{"id":7427,"date":"2023-08-10T11:44:06","date_gmt":"2023-08-10T14:44:06","guid":{"rendered":"https:\/\/www.taller-palabras.com\/WordPress_04\/?post_type=product&#038;p=7427"},"modified":"2026-03-31T12:15:09","modified_gmt":"2026-03-31T15:15:09","slug":"sobre-heroes-y-tumbas-ernesto-sabato-ebook","status":"publish","type":"product","link":"https:\/\/www.taller-palabras.com\/WordPress_04\/producto\/sobre-heroes-y-tumbas-ernesto-sabato-ebook","title":{"rendered":"Sobre h\u00e9roes y tumbas &#8211; Ernesto Sabato \/ebook"},"content":{"rendered":"<figure id=\"attachment_7430\" aria-describedby=\"caption-attachment-7430\" style=\"width: 150px\" class=\"wp-caption alignleft\"><img loading=\"lazy\" decoding=\"async\" class=\"wp-image-7430 size-thumbnail\" src=\"https:\/\/www.taller-palabras.com\/WordPress_04\/wp-content\/uploads\/2023\/08\/ernesto-sabato-150x150.png\" alt=\"\" width=\"150\" height=\"150\" srcset=\"https:\/\/www.taller-palabras.com\/WordPress_04\/wp-content\/uploads\/2023\/08\/ernesto-sabato-150x150.png 150w, https:\/\/www.taller-palabras.com\/WordPress_04\/wp-content\/uploads\/2023\/08\/ernesto-sabato-100x100.png 100w, https:\/\/www.taller-palabras.com\/WordPress_04\/wp-content\/uploads\/2023\/08\/ernesto-sabato.png 283w\" sizes=\"auto, (max-width: 150px) 100vw, 150px\" \/><figcaption id=\"caption-attachment-7430\" class=\"wp-caption-text\">Autor Ernesto Sabato<\/figcaption><\/figure>\n<p>Sobre h\u00e9roes y tumbas es una novela escrita por el escritor argentino Ernesto Sabato, y es quiz\u00e1 la obra m\u00e1s conocida del autor. Publicada en 1961, \u00e9sta irrumpe en el panorama de la literatura latinoamericana aglutinando una variedad de elementos que la distinguen entre las ficciones de Am\u00e9rica del Sur. De este modo, es frecuentemete considerada como una novela total, con rasgos de surrealismo inusitados en la literatura latinoamericana (especialmente en la secci\u00f3n de \u201cEl Informe sobre ciegos\u201d). Buena parte de su trama puede insertarse tambi\u00e9n en la tradici\u00f3n de la Bildungsroman (\u201cnovela de formaci\u00f3n\u201d) de la que se cuentan varios ejemplos en la literatura alemana. Por otro lado, la descripci\u00f3n de una familia retratada a trav\u00e9s de una largo lapso temporal con tintes decadentes, emparenta tem\u00e1ticamente esta novela con las ficciones de Faulkner y Garc\u00eda M\u00e1rquez.<\/p>\n<p>&nbsp;<\/p>\n","protected":false},"excerpt":{"rendered":"<p>Sobre h\u00e9roes y tumbas es una novela escrita por el escritor argentino Ernesto Sabato, y es quiz\u00e1 la obra m\u00e1s conocida del autor. Publicada en 1961, \u00e9sta irrumpe en el panorama de la literatura latinoamericana aglutinando una variedad de elementos que la distinguen entre las ficciones de Am\u00e9rica del Sur. De este modo, es frecuentemete [&hellip;]<\/p>\n","protected":false},"featured_media":7431,"template":"","meta":[],"product_brand":[1706],"product_cat":[25],"product_tag":[54,1086,45,1087],"class_list":{"0":"post-7427","1":"product","2":"type-product","3":"status-publish","4":"has-post-thumbnail","6":"product_brand-grupo1","7":"product_cat-libros-digitales-ebooks","8":"product_tag-descargar-ebook","9":"product_tag-ernesto-sabato","10":"product_tag-mejor-novela","11":"product_tag-sobre-heroes-y-tumbas","13":"first","14":"instock","15":"shipping-taxable","16":"purchasable","17":"product-type-variable","18":"has-default-attributes"},"_links":{"self":[{"href":"https:\/\/www.taller-palabras.com\/WordPress_04\/wp-json\/wp\/v2\/product\/7427","targetHints":{"allow":["GET"]}}],"collection":[{"href":"https:\/\/www.taller-palabras.com\/WordPress_04\/wp-json\/wp\/v2\/product"}],"about":[{"href":"https:\/\/www.taller-palabras.com\/WordPress_04\/wp-json\/wp\/v2\/types\/product"}],"wp:featuredmedia":[{"embeddable":true,"href":"https:\/\/www.taller-palabras.com\/WordPress_04\/wp-json\/wp\/v2\/media\/7431"}],"wp:attachment":[{"href":"https:\/\/www.taller-palabras.com\/WordPress_04\/wp-json\/wp\/v2\/media?parent=7427"}],"wp:term":[{"taxonomy":"product_brand","embeddable":true,"href":"https:\/\/www.taller-palabras.com\/WordPress_04\/wp-json\/wp\/v2\/product_brand?post=7427"},{"taxonomy":"product_cat","embeddable":true,"href":"https:\/\/www.taller-palabras.com\/WordPress_04\/wp-json\/wp\/v2\/product_cat?post=7427"},{"taxonomy":"product_tag","embeddable":true,"href":"https:\/\/www.taller-palabras.com\/WordPress_04\/wp-json\/wp\/v2\/product_tag?post=7427"}],"curies":[{"name":"wp","href":"https:\/\/api.w.org\/{rel}","templated":true}]}}