{"id":7493,"date":"2023-08-15T12:41:58","date_gmt":"2023-08-15T15:41:58","guid":{"rendered":"https:\/\/www.taller-palabras.com\/WordPress_04\/?post_type=product&#038;p=7493"},"modified":"2025-02-12T11:01:13","modified_gmt":"2025-02-12T14:01:13","slug":"erase-una-vez-la-taberna-swan-diane-setterfield-ebook","status":"publish","type":"product","link":"https:\/\/www.taller-palabras.com\/WordPress_04\/producto\/erase-una-vez-la-taberna-swan-diane-setterfield-ebook","title":{"rendered":"Erase una vez la taberna Swan &#8211; Diane Setterfield \/ebook"},"content":{"rendered":"<figure id=\"attachment_7500\" aria-describedby=\"caption-attachment-7500\" style=\"width: 150px\" class=\"wp-caption alignleft\"><img loading=\"lazy\" decoding=\"async\" class=\"wp-image-7500 size-thumbnail\" src=\"https:\/\/www.taller-palabras.com\/WordPress_04\/wp-content\/uploads\/2023\/08\/Diane-Setterfield-150x150.jpg\" alt=\"\" width=\"150\" height=\"150\" srcset=\"https:\/\/www.taller-palabras.com\/WordPress_04\/wp-content\/uploads\/2023\/08\/Diane-Setterfield-150x150.jpg 150w, https:\/\/www.taller-palabras.com\/WordPress_04\/wp-content\/uploads\/2023\/08\/Diane-Setterfield-100x100.jpg 100w, https:\/\/www.taller-palabras.com\/WordPress_04\/wp-content\/uploads\/2023\/08\/Diane-Setterfield.jpg 283w\" sizes=\"auto, (max-width: 150px) 100vw, 150px\" \/><figcaption id=\"caption-attachment-7500\" class=\"wp-caption-text\">Autora Diane Setterfield<\/figcaption><\/figure>\n<p>En una oscura y brumosa noche, en el peque\u00f1o pueblo ingl\u00e9s de Radcot, a orillas del T\u00e1mesis, los lugare\u00f1os se re\u00fanen en la taberna Swan para compartir un trago e historias llenas de sabidur\u00eda popular. Con seiscientos a\u00f1os de antig\u00fcedad, la posada es famosa por reunir a los mejores narradores de cuentos populares, pero esa noche la tertulia nocturna se ve interrumpida por la llegada de un hombre misterioso empapado en sangre que carga en sus brazos a una ni\u00f1a inconsciente. Antes de que el hombre pueda emitir explicaci\u00f3n alguna, cae derrumbado. Mientras tanto, r\u00edo arriba, dos familias buscan desesperadamente a sus hijas, Alice Armstrong, a la que nadie ha visto desde hace veinticuatro horas tras el suicidio de su madre, y Amelia Vaughan desaparecida dos a\u00f1os atr\u00e1s sin dejar rastro.<\/p>\n<p>&nbsp;<\/p>\n","protected":false},"excerpt":{"rendered":"<p>En una oscura y brumosa noche, en el peque\u00f1o pueblo ingl\u00e9s de Radcot, a orillas del T\u00e1mesis, los lugare\u00f1os se re\u00fanen en la taberna Swan para compartir un trago e historias llenas de sabidur\u00eda popular. Con seiscientos a\u00f1os de antig\u00fcedad, la posada es famosa por reunir a los mejores narradores de cuentos populares, pero esa [&hellip;]<\/p>\n","protected":false},"featured_media":7497,"template":"","meta":[],"product_brand":[],"product_cat":[25],"product_tag":[54,1101,1102,45],"class_list":{"0":"post-7493","1":"product","2":"type-product","3":"status-publish","4":"has-post-thumbnail","6":"product_cat-libros-digitales-ebooks","7":"product_tag-descargar-ebook","8":"product_tag-diane-setterfield","9":"product_tag-erase-una-vez-la-taberna-swan","10":"product_tag-mejor-novela","12":"first","13":"instock","14":"shipping-taxable","15":"purchasable","16":"product-type-variable","17":"has-default-attributes"},"_links":{"self":[{"href":"https:\/\/www.taller-palabras.com\/WordPress_04\/wp-json\/wp\/v2\/product\/7493","targetHints":{"allow":["GET"]}}],"collection":[{"href":"https:\/\/www.taller-palabras.com\/WordPress_04\/wp-json\/wp\/v2\/product"}],"about":[{"href":"https:\/\/www.taller-palabras.com\/WordPress_04\/wp-json\/wp\/v2\/types\/product"}],"wp:featuredmedia":[{"embeddable":true,"href":"https:\/\/www.taller-palabras.com\/WordPress_04\/wp-json\/wp\/v2\/media\/7497"}],"wp:attachment":[{"href":"https:\/\/www.taller-palabras.com\/WordPress_04\/wp-json\/wp\/v2\/media?parent=7493"}],"wp:term":[{"taxonomy":"product_brand","embeddable":true,"href":"https:\/\/www.taller-palabras.com\/WordPress_04\/wp-json\/wp\/v2\/product_brand?post=7493"},{"taxonomy":"product_cat","embeddable":true,"href":"https:\/\/www.taller-palabras.com\/WordPress_04\/wp-json\/wp\/v2\/product_cat?post=7493"},{"taxonomy":"product_tag","embeddable":true,"href":"https:\/\/www.taller-palabras.com\/WordPress_04\/wp-json\/wp\/v2\/product_tag?post=7493"}],"curies":[{"name":"wp","href":"https:\/\/api.w.org\/{rel}","templated":true}]}}