{"id":7553,"date":"2018-10-31T08:10:09","date_gmt":"2018-10-31T11:10:09","guid":{"rendered":"https:\/\/www.taller-palabras.com\/WordPress_04\/?post_type=product&#038;p=7553"},"modified":"2023-09-27T11:34:54","modified_gmt":"2023-09-27T14:34:54","slug":"emma-jane-austen-ebook","status":"publish","type":"product","link":"https:\/\/www.taller-palabras.com\/WordPress_04\/producto\/emma-jane-austen-ebook","title":{"rendered":"Emma &#8211; Jane Austen  \/ebook"},"content":{"rendered":"<figure id=\"attachment_277\" aria-describedby=\"caption-attachment-277\" style=\"width: 150px\" class=\"wp-caption alignleft\"><img loading=\"lazy\" decoding=\"async\" class=\"wp-image-277 size-thumbnail\" src=\"https:\/\/www.taller-palabras.com\/WordPress_04\/wp-content\/uploads\/2018\/10\/jane-austen-150x150.jpg\" alt=\"\" width=\"150\" height=\"150\" srcset=\"https:\/\/www.taller-palabras.com\/WordPress_04\/wp-content\/uploads\/2018\/10\/jane-austen-150x150.jpg 150w, https:\/\/www.taller-palabras.com\/WordPress_04\/wp-content\/uploads\/2018\/10\/jane-austen-324x324.jpg 324w, https:\/\/www.taller-palabras.com\/WordPress_04\/wp-content\/uploads\/2018\/10\/jane-austen-100x100.jpg 100w\" sizes=\"auto, (max-width: 150px) 100vw, 150px\" \/><figcaption id=\"caption-attachment-277\" class=\"wp-caption-text\">Autora Jane Austen<\/figcaption><\/figure>\n<p>Obra maestra de la narrativa del XIX y una de las grandes novelas de Jane Austen, Emma cuenta la historia de una inteligente y laboriosa joven empe\u00f1ada en hacer de Celestina de todas sus amistades. Cuando su institutriz, amiga y confidente decide contraer matrimonio, Emma Woodhouse se queda sola con sus propios sentimientos y se enfrenta al vac\u00edo de su vida y a la penosa tarea de intentar que los dem\u00e1s lleven una vida tan perfecta como la suya. Todos sus trabajos de manipulaci\u00f3n sentimental crean a su alrededor una telara\u00f1a de enredos, malentendidos y confusiones que ponen a prueba su confianza en s\u00ed misma. Novela exquisita y espl\u00e9ndido retrato de la Inglaterra de provincias de principios del siglo XIX, Emma es una obra imperecedera y su protagonista ocupa uno de los lugares de honor en la galer\u00eda de las hero\u00ednas inolvidables de la literatura universal.<\/p>\n","protected":false},"excerpt":{"rendered":"<p>Obra maestra de la narrativa del XIX y una de las grandes novelas de Jane Austen, Emma cuenta la historia de una inteligente y laboriosa joven empe\u00f1ada en hacer de Celestina de todas sus amistades. Cuando su institutriz, amiga y confidente decide contraer matrimonio, Emma Woodhouse se queda sola con sus propios sentimientos y se [&hellip;]<\/p>\n","protected":false},"featured_media":7556,"template":"","meta":[],"product_brand":[],"product_cat":[25],"product_tag":[54,1110,92,55],"class_list":{"0":"post-7553","1":"product","2":"type-product","3":"status-publish","4":"has-post-thumbnail","6":"product_cat-libros-digitales-ebooks","7":"product_tag-descargar-ebook","8":"product_tag-emma","9":"product_tag-jane-austen","10":"product_tag-novelas","12":"first","13":"instock","14":"shipping-taxable","15":"purchasable","16":"product-type-variable","17":"has-default-attributes"},"_links":{"self":[{"href":"https:\/\/www.taller-palabras.com\/WordPress_04\/wp-json\/wp\/v2\/product\/7553","targetHints":{"allow":["GET"]}}],"collection":[{"href":"https:\/\/www.taller-palabras.com\/WordPress_04\/wp-json\/wp\/v2\/product"}],"about":[{"href":"https:\/\/www.taller-palabras.com\/WordPress_04\/wp-json\/wp\/v2\/types\/product"}],"wp:featuredmedia":[{"embeddable":true,"href":"https:\/\/www.taller-palabras.com\/WordPress_04\/wp-json\/wp\/v2\/media\/7556"}],"wp:attachment":[{"href":"https:\/\/www.taller-palabras.com\/WordPress_04\/wp-json\/wp\/v2\/media?parent=7553"}],"wp:term":[{"taxonomy":"product_brand","embeddable":true,"href":"https:\/\/www.taller-palabras.com\/WordPress_04\/wp-json\/wp\/v2\/product_brand?post=7553"},{"taxonomy":"product_cat","embeddable":true,"href":"https:\/\/www.taller-palabras.com\/WordPress_04\/wp-json\/wp\/v2\/product_cat?post=7553"},{"taxonomy":"product_tag","embeddable":true,"href":"https:\/\/www.taller-palabras.com\/WordPress_04\/wp-json\/wp\/v2\/product_tag?post=7553"}],"curies":[{"name":"wp","href":"https:\/\/api.w.org\/{rel}","templated":true}]}}