{"id":8017,"date":"2022-03-06T10:10:02","date_gmt":"2022-03-06T13:10:02","guid":{"rendered":"https:\/\/www.taller-palabras.com\/WordPress_04\/?post_type=product&#038;p=8017"},"modified":"2026-03-31T13:06:05","modified_gmt":"2026-03-31T16:06:05","slug":"la-fiesta-del-chivo-mario-vargas-llosa-ebook","status":"publish","type":"product","link":"https:\/\/www.taller-palabras.com\/WordPress_04\/producto\/la-fiesta-del-chivo-mario-vargas-llosa-ebook","title":{"rendered":"La fiesta del chivo &#8211; Mario Vargas Llosa \/ebook"},"content":{"rendered":"<figure id=\"attachment_235\" aria-describedby=\"caption-attachment-235\" style=\"width: 150px\" class=\"wp-caption alignleft\"><img loading=\"lazy\" decoding=\"async\" class=\"wp-image-235 size-thumbnail\" src=\"https:\/\/www.taller-palabras.com\/WordPress_04\/wp-content\/uploads\/2018\/10\/vargas_llosa-150x150.jpg\" alt=\"\" width=\"150\" height=\"150\" srcset=\"https:\/\/www.taller-palabras.com\/WordPress_04\/wp-content\/uploads\/2018\/10\/vargas_llosa-150x150.jpg 150w, https:\/\/www.taller-palabras.com\/WordPress_04\/wp-content\/uploads\/2018\/10\/vargas_llosa-324x324.jpg 324w, https:\/\/www.taller-palabras.com\/WordPress_04\/wp-content\/uploads\/2018\/10\/vargas_llosa-100x100.jpg 100w\" sizes=\"auto, (max-width: 150px) 100vw, 150px\" \/><figcaption id=\"caption-attachment-235\" class=\"wp-caption-text\">Autor Mario Vargas Llosa<\/figcaption><\/figure>\n<p>\u00bfPor qu\u00e9 regresa Urania Cabral a la isla que jur\u00f3 no volver a pisar? \u00bfPor qu\u00e9 sigue vac\u00eda y llena de miedo desde los catorce a\u00f1os? \u00bfPor qu\u00e9 no ha tenido un solo amor? En La Fiesta del Chivo asistimos a un doble retorno. Mientras Urania visita a su padre en Santo Domingo, volvemos a 1961, cuando la capital dominicana a\u00fan se llamaba Ciudad Trujillo. All\u00ed un hombre que no suda tiraniza a tres millones de personas sin saber que se gesta una maquiav\u00e9lica transici\u00f3n a la democracia. Vargas Llosa, un cl\u00e1sico contempor\u00e1neo, relata el fin de una era dando voz, entre otros personajes hist\u00f3ricos, al impecable e implacable general Trujillo, apodado el Chivo, y al sosegado y h\u00e1bil doctor Balaguer (sempiterno presidente de la Rep\u00fablica Dominicana). Con un ritmo y una precisi\u00f3n dif\u00edcilmente superables, este peruano universal muestra que la pol\u00edtica puede consistir en abrirse camino entre cad\u00e1veres, y que un ser inocente puede convertirse en un regalo truculento.<\/p>\n","protected":false},"excerpt":{"rendered":"<p>\u00bfPor qu\u00e9 regresa Urania Cabral a la isla que jur\u00f3 no volver a pisar? \u00bfPor qu\u00e9 sigue vac\u00eda y llena de miedo desde los catorce a\u00f1os? \u00bfPor qu\u00e9 no ha tenido un solo amor? En La Fiesta del Chivo asistimos a un doble retorno. Mientras Urania visita a su padre en Santo Domingo, volvemos a [&hellip;]<\/p>\n","protected":false},"featured_media":7996,"template":"","meta":[],"product_brand":[1706],"product_cat":[25],"product_tag":[54,1158,84,225],"class_list":{"0":"post-8017","1":"product","2":"type-product","3":"status-publish","4":"has-post-thumbnail","6":"product_brand-grupo1","7":"product_cat-libros-digitales-ebooks","8":"product_tag-descargar-ebook","9":"product_tag-la-fiesta-del-chivo","10":"product_tag-mario-vargas-llosa","11":"product_tag-mejores-novelas","13":"first","14":"instock","15":"shipping-taxable","16":"purchasable","17":"product-type-variable","18":"has-default-attributes"},"_links":{"self":[{"href":"https:\/\/www.taller-palabras.com\/WordPress_04\/wp-json\/wp\/v2\/product\/8017","targetHints":{"allow":["GET"]}}],"collection":[{"href":"https:\/\/www.taller-palabras.com\/WordPress_04\/wp-json\/wp\/v2\/product"}],"about":[{"href":"https:\/\/www.taller-palabras.com\/WordPress_04\/wp-json\/wp\/v2\/types\/product"}],"wp:featuredmedia":[{"embeddable":true,"href":"https:\/\/www.taller-palabras.com\/WordPress_04\/wp-json\/wp\/v2\/media\/7996"}],"wp:attachment":[{"href":"https:\/\/www.taller-palabras.com\/WordPress_04\/wp-json\/wp\/v2\/media?parent=8017"}],"wp:term":[{"taxonomy":"product_brand","embeddable":true,"href":"https:\/\/www.taller-palabras.com\/WordPress_04\/wp-json\/wp\/v2\/product_brand?post=8017"},{"taxonomy":"product_cat","embeddable":true,"href":"https:\/\/www.taller-palabras.com\/WordPress_04\/wp-json\/wp\/v2\/product_cat?post=8017"},{"taxonomy":"product_tag","embeddable":true,"href":"https:\/\/www.taller-palabras.com\/WordPress_04\/wp-json\/wp\/v2\/product_tag?post=8017"}],"curies":[{"name":"wp","href":"https:\/\/api.w.org\/{rel}","templated":true}]}}