{"id":8023,"date":"2022-03-06T10:17:57","date_gmt":"2022-03-06T13:17:57","guid":{"rendered":"https:\/\/www.taller-palabras.com\/WordPress_04\/?post_type=product&#038;p=8023"},"modified":"2026-03-31T13:05:06","modified_gmt":"2026-03-31T16:05:06","slug":"la-guerra-del-fin-del-mundo-mario-vargas-llosa-ebook","status":"publish","type":"product","link":"https:\/\/www.taller-palabras.com\/WordPress_04\/producto\/la-guerra-del-fin-del-mundo-mario-vargas-llosa-ebook","title":{"rendered":"La guerra del fin del mundo &#8211; Mario Vargas Llosa \/ebook"},"content":{"rendered":"<figure id=\"attachment_235\" aria-describedby=\"caption-attachment-235\" style=\"width: 150px\" class=\"wp-caption alignleft\"><img loading=\"lazy\" decoding=\"async\" class=\"wp-image-235 size-thumbnail\" src=\"https:\/\/www.taller-palabras.com\/WordPress_04\/wp-content\/uploads\/2018\/10\/vargas_llosa-150x150.jpg\" alt=\"\" width=\"150\" height=\"150\" srcset=\"https:\/\/www.taller-palabras.com\/WordPress_04\/wp-content\/uploads\/2018\/10\/vargas_llosa-150x150.jpg 150w, https:\/\/www.taller-palabras.com\/WordPress_04\/wp-content\/uploads\/2018\/10\/vargas_llosa-324x324.jpg 324w, https:\/\/www.taller-palabras.com\/WordPress_04\/wp-content\/uploads\/2018\/10\/vargas_llosa-100x100.jpg 100w\" sizes=\"auto, (max-width: 150px) 100vw, 150px\" \/><figcaption id=\"caption-attachment-235\" class=\"wp-caption-text\">Autor Mario Vargas Llosa<\/figcaption><\/figure>\n<p>A finales del siglo XIX, en las tierras paup\u00e9rrimas del noreste del Brasil, el chispazo de las arengas del Consejero, personaje mesi\u00e1nico y enigm\u00e1tico, prender\u00e1 la insurrecci\u00f3n de los desheredados. En circunstancias extremas como aqu\u00e9llas, la consecuci\u00f3n de la dignidad vital s\u00f3lo podr\u00e1 venir de la exaltaci\u00f3n religiosa \u2014el convencimiento fan\u00e1tico de la elecci\u00f3n divina de los marginados del mundo\u2014 y del quebranto radical de las reglas que rigen el mundo de los poderosos.<br \/>\nAs\u00ed, grupos de miserables acudir\u00e1n a la llamada de la revoluci\u00f3n de Canudos, la ciudad donde se asentar\u00e1 esta comunidad de personajes que dif\u00edcilmente desaparecer\u00e1n de la imaginaci\u00f3n del lector: el Beatito, el Le\u00f3n de Natuba, Mar\u00eda Quadrado&#8230; Frente a todos ellos, una trama pol\u00edtico-militar se articula para detener con toda su fuerza el movimiento que amenaza con expandirse.<br \/>\nLa primera novela que Mario Vargas Llosa situ\u00f3 fuera del Per\u00fa es un prodigio de expresi\u00f3n de mentalidades profundas, de pasiones irracionales y desbocadas fuerzas sociales. Un relato exhaustivamente documentado, tanto a trav\u00e9s de lecturas como de viajes sobre el terreno en el que tuvo lugar este acontecimiento hist\u00f3rico. Un libro fundamental en la historia literaria del siglo XX.<\/p>\n","protected":false},"excerpt":{"rendered":"<p>A finales del siglo XIX, en las tierras paup\u00e9rrimas del noreste del Brasil, el chispazo de las arengas del Consejero, personaje mesi\u00e1nico y enigm\u00e1tico, prender\u00e1 la insurrecci\u00f3n de los desheredados. En circunstancias extremas como aqu\u00e9llas, la consecuci\u00f3n de la dignidad vital s\u00f3lo podr\u00e1 venir de la exaltaci\u00f3n religiosa \u2014el convencimiento fan\u00e1tico de la elecci\u00f3n divina [&hellip;]<\/p>\n","protected":false},"featured_media":7997,"template":"","meta":[],"product_brand":[1706],"product_cat":[25],"product_tag":[54,1159,84,225],"class_list":{"0":"post-8023","1":"product","2":"type-product","3":"status-publish","4":"has-post-thumbnail","6":"product_brand-grupo1","7":"product_cat-libros-digitales-ebooks","8":"product_tag-descargar-ebook","9":"product_tag-la-guerra-del-fin-del-mundo","10":"product_tag-mario-vargas-llosa","11":"product_tag-mejores-novelas","13":"first","14":"instock","15":"shipping-taxable","16":"purchasable","17":"product-type-variable","18":"has-default-attributes"},"_links":{"self":[{"href":"https:\/\/www.taller-palabras.com\/WordPress_04\/wp-json\/wp\/v2\/product\/8023","targetHints":{"allow":["GET"]}}],"collection":[{"href":"https:\/\/www.taller-palabras.com\/WordPress_04\/wp-json\/wp\/v2\/product"}],"about":[{"href":"https:\/\/www.taller-palabras.com\/WordPress_04\/wp-json\/wp\/v2\/types\/product"}],"wp:featuredmedia":[{"embeddable":true,"href":"https:\/\/www.taller-palabras.com\/WordPress_04\/wp-json\/wp\/v2\/media\/7997"}],"wp:attachment":[{"href":"https:\/\/www.taller-palabras.com\/WordPress_04\/wp-json\/wp\/v2\/media?parent=8023"}],"wp:term":[{"taxonomy":"product_brand","embeddable":true,"href":"https:\/\/www.taller-palabras.com\/WordPress_04\/wp-json\/wp\/v2\/product_brand?post=8023"},{"taxonomy":"product_cat","embeddable":true,"href":"https:\/\/www.taller-palabras.com\/WordPress_04\/wp-json\/wp\/v2\/product_cat?post=8023"},{"taxonomy":"product_tag","embeddable":true,"href":"https:\/\/www.taller-palabras.com\/WordPress_04\/wp-json\/wp\/v2\/product_tag?post=8023"}],"curies":[{"name":"wp","href":"https:\/\/api.w.org\/{rel}","templated":true}]}}