{"id":809,"date":"2019-12-29T09:59:13","date_gmt":"2019-12-29T12:59:13","guid":{"rendered":"https:\/\/www.taller-palabras.com\/WordPress_04\/?post_type=product&#038;p=809"},"modified":"2023-10-16T10:24:29","modified_gmt":"2023-10-16T13:24:29","slug":"la-nodriza-maria-vallejo-nagera-ebook","status":"publish","type":"product","link":"https:\/\/www.taller-palabras.com\/WordPress_04\/producto\/la-nodriza-maria-vallejo-nagera-ebook","title":{"rendered":"La nodriza &#8211; Mar\u00eda Vallejo Nagera  \/ebook"},"content":{"rendered":"<figure id=\"attachment_813\" aria-describedby=\"caption-attachment-813\" style=\"width: 150px\" class=\"wp-caption alignleft\"><img loading=\"lazy\" decoding=\"async\" class=\"wp-image-813 size-thumbnail\" src=\"https:\/\/www.taller-palabras.com\/WordPress_04\/wp-content\/uploads\/2019\/12\/MariaVallejoNagera-150x150.jpg\" alt=\"\" width=\"150\" height=\"150\" srcset=\"https:\/\/www.taller-palabras.com\/WordPress_04\/wp-content\/uploads\/2019\/12\/MariaVallejoNagera-150x150.jpg 150w, https:\/\/www.taller-palabras.com\/WordPress_04\/wp-content\/uploads\/2019\/12\/MariaVallejoNagera-100x100.jpg 100w\" sizes=\"auto, (max-width: 150px) 100vw, 150px\" \/><figcaption id=\"caption-attachment-813\" class=\"wp-caption-text\">Autora Mar\u00eda Vallejo Nagera<\/figcaption><\/figure>\n<p>Una humilde austriaca, Lala, es escogida por la emperatriz austroh\u00fangara para ser la ni\u00f1era de su decimoquinta hija, la archiduquesa Mar\u00eda Antonieta. La sirvienta cae en las redes de la adoraci\u00f3n hacia esta regia ni\u00f1a que ha sido puesta a su cargo. Y desde su perspectiva como nodriza, nos desvela todos los secretos ocultos tras las cortinas de los aposentos del palacio donde convive con la futura reina guillotinada de Francia.<\/p>\n<p>Mar\u00eda Vallejo-N\u00e1gera, es licenciada en pedagog\u00eda y entr\u00f3 en el mundo de la novela con\u00a0<b><i>El patio de los silencios<\/i><\/b>, que qued\u00f3 quinta entre las cuatrocientas novelas presentadas para el premio Planeta del a\u00f1o 1999. Despu\u00e9s de escribir otras novelas,\u00a0<b><i>La nodriza<\/i><\/b>, publicada en 2006, fue su primera incursi\u00f3n en el g\u00e9nero de la novela hist\u00f3rica.<\/p>\n","protected":false},"excerpt":{"rendered":"<p>Una humilde austriaca, Lala, es escogida por la emperatriz austroh\u00fangara para ser la ni\u00f1era de su decimoquinta hija, la archiduquesa Mar\u00eda Antonieta. La sirvienta cae en las redes de la adoraci\u00f3n hacia esta regia ni\u00f1a que ha sido puesta a su cargo. Y desde su perspectiva como nodriza, nos desvela todos los secretos ocultos tras [&hellip;]<\/p>\n","protected":false},"featured_media":817,"template":"","meta":[],"product_brand":[],"product_cat":[25],"product_tag":[136,172,173,55],"class_list":{"0":"post-809","1":"product","2":"type-product","3":"status-publish","4":"has-post-thumbnail","6":"product_cat-libros-digitales-ebooks","7":"product_tag-decargar-ebook","8":"product_tag-la-nodriza","9":"product_tag-maria-vallejo-nagera","10":"product_tag-novelas","12":"first","13":"instock","14":"shipping-taxable","15":"purchasable","16":"product-type-variable","17":"has-default-attributes"},"_links":{"self":[{"href":"https:\/\/www.taller-palabras.com\/WordPress_04\/wp-json\/wp\/v2\/product\/809","targetHints":{"allow":["GET"]}}],"collection":[{"href":"https:\/\/www.taller-palabras.com\/WordPress_04\/wp-json\/wp\/v2\/product"}],"about":[{"href":"https:\/\/www.taller-palabras.com\/WordPress_04\/wp-json\/wp\/v2\/types\/product"}],"wp:featuredmedia":[{"embeddable":true,"href":"https:\/\/www.taller-palabras.com\/WordPress_04\/wp-json\/wp\/v2\/media\/817"}],"wp:attachment":[{"href":"https:\/\/www.taller-palabras.com\/WordPress_04\/wp-json\/wp\/v2\/media?parent=809"}],"wp:term":[{"taxonomy":"product_brand","embeddable":true,"href":"https:\/\/www.taller-palabras.com\/WordPress_04\/wp-json\/wp\/v2\/product_brand?post=809"},{"taxonomy":"product_cat","embeddable":true,"href":"https:\/\/www.taller-palabras.com\/WordPress_04\/wp-json\/wp\/v2\/product_cat?post=809"},{"taxonomy":"product_tag","embeddable":true,"href":"https:\/\/www.taller-palabras.com\/WordPress_04\/wp-json\/wp\/v2\/product_tag?post=809"}],"curies":[{"name":"wp","href":"https:\/\/api.w.org\/{rel}","templated":true}]}}