{"id":8159,"date":"2023-10-10T11:17:31","date_gmt":"2023-10-10T14:17:31","guid":{"rendered":"https:\/\/www.taller-palabras.com\/WordPress_04\/?post_type=product&#038;p=8159"},"modified":"2023-10-10T11:27:03","modified_gmt":"2023-10-10T14:27:03","slug":"operacion-masacre-rodolfo-walsh-ebook","status":"publish","type":"product","link":"https:\/\/www.taller-palabras.com\/WordPress_04\/producto\/operacion-masacre-rodolfo-walsh-ebook","title":{"rendered":"Operaci\u00f3n Masacre &#8211; Rodolfo Walsh \/ebook"},"content":{"rendered":"<figure id=\"attachment_8162\" aria-describedby=\"caption-attachment-8162\" style=\"width: 150px\" class=\"wp-caption alignleft\"><img loading=\"lazy\" decoding=\"async\" class=\"wp-image-8162 size-thumbnail\" src=\"https:\/\/www.taller-palabras.com\/WordPress_04\/wp-content\/uploads\/2023\/10\/rodolfo-walsh-150x150.jpg\" alt=\"\" width=\"150\" height=\"150\" srcset=\"https:\/\/www.taller-palabras.com\/WordPress_04\/wp-content\/uploads\/2023\/10\/rodolfo-walsh-150x150.jpg 150w, https:\/\/www.taller-palabras.com\/WordPress_04\/wp-content\/uploads\/2023\/10\/rodolfo-walsh-100x100.jpg 100w, https:\/\/www.taller-palabras.com\/WordPress_04\/wp-content\/uploads\/2023\/10\/rodolfo-walsh.jpg 283w\" sizes=\"auto, (max-width: 150px) 100vw, 150px\" \/><figcaption id=\"caption-attachment-8162\" class=\"wp-caption-text\">Autor Rodolfo Walsh<\/figcaption><\/figure>\n<p>El 9 de junio de 1956 los generales Tanco y Valle se sublevaron contra el gobierno de facto que hab\u00eda destituido a Per\u00f3n en setiembre de 1955. El levantamiento fue reprimido brutal e ilegalmente. Hubo muchos muertos, de los cuales s\u00f3lo siete cayeron en acci\u00f3n. En los basurales \u00a0de Jos\u00e9 Le\u00f3n Su\u00e1rez, un grupo de civiles \u2013algunos de ellos relaciona dos vagamente con la conspiraci\u00f3n; el resto, ajeno por completo a ella\u2013 fueron masacrados antes incluso de que fuera dictada la ley marcial. Unos pocos lograron escapar de la muerte, a duras penas. En 1957, Rodolfo Walsh emprendi\u00f3 la investigaci\u00f3n de estos hechos, cuyos resultados public\u00f3 en forma de notas en el diario \u201cMayor\u00eda\u201d y, poco despu\u00e9s, como libro. OPERACI\u00d3N MASACRE, una de las primeras novelas de \u201cno ficci\u00f3n\u201d escritas en castellano, se anticip\u00f3 en nueve a\u00f1os al New Journalism, es decir, la aplicaci\u00f3n de procedimientos propios del g\u00e9nero novela al relato de hechos verdaderos. Ediciones de la Flor se enorgullece de publicar nuevamente \u2013en edici\u00f3n definitiva\u2013 este cl\u00e1sico de la literatura pol\u00edtica argentina.<\/p>\n","protected":false},"excerpt":{"rendered":"<p>El 9 de junio de 1956 los generales Tanco y Valle se sublevaron contra el gobierno de facto que hab\u00eda destituido a Per\u00f3n en setiembre de 1955. El levantamiento fue reprimido brutal e ilegalmente. Hubo muchos muertos, de los cuales s\u00f3lo siete cayeron en acci\u00f3n. En los basurales \u00a0de Jos\u00e9 Le\u00f3n Su\u00e1rez, un grupo de [&hellip;]<\/p>\n","protected":false},"featured_media":8163,"template":"","meta":[],"product_brand":[],"product_cat":[25],"product_tag":[54,1172,1171],"class_list":{"0":"post-8159","1":"product","2":"type-product","3":"status-publish","4":"has-post-thumbnail","6":"product_cat-libros-digitales-ebooks","7":"product_tag-descargar-ebook","8":"product_tag-operacion-masacre","9":"product_tag-rodolfo-walsh","11":"first","12":"instock","13":"shipping-taxable","14":"purchasable","15":"product-type-variable","16":"has-default-attributes"},"_links":{"self":[{"href":"https:\/\/www.taller-palabras.com\/WordPress_04\/wp-json\/wp\/v2\/product\/8159","targetHints":{"allow":["GET"]}}],"collection":[{"href":"https:\/\/www.taller-palabras.com\/WordPress_04\/wp-json\/wp\/v2\/product"}],"about":[{"href":"https:\/\/www.taller-palabras.com\/WordPress_04\/wp-json\/wp\/v2\/types\/product"}],"wp:featuredmedia":[{"embeddable":true,"href":"https:\/\/www.taller-palabras.com\/WordPress_04\/wp-json\/wp\/v2\/media\/8163"}],"wp:attachment":[{"href":"https:\/\/www.taller-palabras.com\/WordPress_04\/wp-json\/wp\/v2\/media?parent=8159"}],"wp:term":[{"taxonomy":"product_brand","embeddable":true,"href":"https:\/\/www.taller-palabras.com\/WordPress_04\/wp-json\/wp\/v2\/product_brand?post=8159"},{"taxonomy":"product_cat","embeddable":true,"href":"https:\/\/www.taller-palabras.com\/WordPress_04\/wp-json\/wp\/v2\/product_cat?post=8159"},{"taxonomy":"product_tag","embeddable":true,"href":"https:\/\/www.taller-palabras.com\/WordPress_04\/wp-json\/wp\/v2\/product_tag?post=8159"}],"curies":[{"name":"wp","href":"https:\/\/api.w.org\/{rel}","templated":true}]}}