{"id":8468,"date":"2023-12-03T11:48:37","date_gmt":"2023-12-03T14:48:37","guid":{"rendered":"https:\/\/www.taller-palabras.com\/WordPress_04\/?post_type=product&#038;p=8468"},"modified":"2023-12-03T13:10:12","modified_gmt":"2023-12-03T16:10:12","slug":"las-huellas-del-mal-federico-andahazi-ebook","status":"publish","type":"product","link":"https:\/\/www.taller-palabras.com\/WordPress_04\/producto\/las-huellas-del-mal-federico-andahazi-ebook","title":{"rendered":"Las huellas del mal &#8211; Federico Andahazi \/ebook"},"content":{"rendered":"<figure id=\"attachment_8445\" aria-describedby=\"caption-attachment-8445\" style=\"width: 150px\" class=\"wp-caption alignleft\"><img loading=\"lazy\" decoding=\"async\" class=\"wp-image-8445 size-thumbnail\" src=\"https:\/\/www.taller-palabras.com\/WordPress_04\/wp-content\/uploads\/2023\/12\/Federico-Andahazi-150x150.jpg\" alt=\"\" width=\"150\" height=\"150\" srcset=\"https:\/\/www.taller-palabras.com\/WordPress_04\/wp-content\/uploads\/2023\/12\/Federico-Andahazi-150x150.jpg 150w, https:\/\/www.taller-palabras.com\/WordPress_04\/wp-content\/uploads\/2023\/12\/Federico-Andahazi-100x100.jpg 100w, https:\/\/www.taller-palabras.com\/WordPress_04\/wp-content\/uploads\/2023\/12\/Federico-Andahazi.jpg 224w\" sizes=\"auto, (max-width: 150px) 100vw, 150px\" \/><figcaption id=\"caption-attachment-8445\" class=\"wp-caption-text\">Autor Federico Andahazi<\/figcaption><\/figure>\n<p>Corre el a\u00f1o 1892. Argentina es una naci\u00f3n joven, pero se encuentra entre las m\u00e1s pujantes y desarrolladas del mundo. Dos misteriosos agentes de la polic\u00eda federal llegan al pueblo de Quequ\u00e9n, en la costa atl\u00e1ntica, para ayudar a resolver un crimen. Dos ni\u00f1os han sido degollados y su madre, viva, aunque en estado catat\u00f3nico, es la \u00fanica testigo del hecho. Uno de los agentes es Juan Vucetich, un inmigrante de origen croata que concibe un m\u00e9todo innovador: la dactiloscopia, una disciplina que permite identificar inequ\u00edvocamente a una persona por el relieve \u00fanico de las crestas capilares de los dedos de la mano. Si lograran resolver un crimen tan horroroso gracias a este procedimiento, Argentina tomar\u00eda la delantera geopol\u00edtica con un logro revolucionario para la administraci\u00f3n de los pa\u00edses. Con gran capacidad narrativa y una afinada precisi\u00f3n para describir el clima turbulento, expectante e innovador que se viv\u00eda a las puertas del siglo XX, Federico Andahazi cre\u00f3 una historia oscura y atrapante que indaga en personajes tan fr\u00e1giles y complejos como valientes. Persecuciones, corrupci\u00f3n, intrigas internacionales y anarquistas revolucionarios recorren las p\u00e1ginas de esta novela en la que se amalgaman, de forma erudita y delicada, el disfrute y la reflexi\u00f3n.<\/p>\n","protected":false},"excerpt":{"rendered":"<p>Corre el a\u00f1o 1892. Argentina es una naci\u00f3n joven, pero se encuentra entre las m\u00e1s pujantes y desarrolladas del mundo. Dos misteriosos agentes de la polic\u00eda federal llegan al pueblo de Quequ\u00e9n, en la costa atl\u00e1ntica, para ayudar a resolver un crimen. Dos ni\u00f1os han sido degollados y su madre, viva, aunque en estado catat\u00f3nico, [&hellip;]<\/p>\n","protected":false},"featured_media":8447,"template":"","meta":[],"product_brand":[],"product_cat":[25],"product_tag":[54,1195,1196,225],"class_list":{"0":"post-8468","1":"product","2":"type-product","3":"status-publish","4":"has-post-thumbnail","6":"product_cat-libros-digitales-ebooks","7":"product_tag-descargar-ebook","8":"product_tag-federico-andahazi","9":"product_tag-las-huellas-del-mal","10":"product_tag-mejores-novelas","12":"first","13":"instock","14":"shipping-taxable","15":"purchasable","16":"product-type-variable","17":"has-default-attributes"},"_links":{"self":[{"href":"https:\/\/www.taller-palabras.com\/WordPress_04\/wp-json\/wp\/v2\/product\/8468","targetHints":{"allow":["GET"]}}],"collection":[{"href":"https:\/\/www.taller-palabras.com\/WordPress_04\/wp-json\/wp\/v2\/product"}],"about":[{"href":"https:\/\/www.taller-palabras.com\/WordPress_04\/wp-json\/wp\/v2\/types\/product"}],"wp:featuredmedia":[{"embeddable":true,"href":"https:\/\/www.taller-palabras.com\/WordPress_04\/wp-json\/wp\/v2\/media\/8447"}],"wp:attachment":[{"href":"https:\/\/www.taller-palabras.com\/WordPress_04\/wp-json\/wp\/v2\/media?parent=8468"}],"wp:term":[{"taxonomy":"product_brand","embeddable":true,"href":"https:\/\/www.taller-palabras.com\/WordPress_04\/wp-json\/wp\/v2\/product_brand?post=8468"},{"taxonomy":"product_cat","embeddable":true,"href":"https:\/\/www.taller-palabras.com\/WordPress_04\/wp-json\/wp\/v2\/product_cat?post=8468"},{"taxonomy":"product_tag","embeddable":true,"href":"https:\/\/www.taller-palabras.com\/WordPress_04\/wp-json\/wp\/v2\/product_tag?post=8468"}],"curies":[{"name":"wp","href":"https:\/\/api.w.org\/{rel}","templated":true}]}}