{"id":8592,"date":"2020-08-29T13:50:24","date_gmt":"2020-08-29T16:50:24","guid":{"rendered":"https:\/\/www.taller-palabras.com\/WordPress_04\/?post_type=product&#038;p=8592"},"modified":"2023-12-24T14:23:45","modified_gmt":"2023-12-24T17:23:45","slug":"el-puzle-de-cristal-2-blue-jeans-ebook-2","status":"publish","type":"product","link":"https:\/\/www.taller-palabras.com\/WordPress_04\/producto\/el-puzle-de-cristal-2-blue-jeans-ebook-2","title":{"rendered":"El puzle de cristal (2) &#8211; Blue Jeans \/ebook"},"content":{"rendered":"<figure id=\"attachment_2370\" aria-describedby=\"caption-attachment-2370\" style=\"width: 150px\" class=\"wp-caption alignleft\"><img loading=\"lazy\" decoding=\"async\" class=\"wp-image-2370 size-thumbnail\" src=\"https:\/\/www.taller-palabras.com\/WordPress_04\/wp-content\/uploads\/2020\/08\/blue_jeans-150x150.jpg\" alt=\"\" width=\"150\" height=\"150\" srcset=\"https:\/\/www.taller-palabras.com\/WordPress_04\/wp-content\/uploads\/2020\/08\/blue_jeans-150x150.jpg 150w, https:\/\/www.taller-palabras.com\/WordPress_04\/wp-content\/uploads\/2020\/08\/blue_jeans-100x100.jpg 100w\" sizes=\"auto, (max-width: 150px) 100vw, 150px\" \/><figcaption id=\"caption-attachment-2370\" class=\"wp-caption-text\">Autor Blue Jeans<\/figcaption><\/figure>\n<p>Tras la explosi\u00f3n en la estaci\u00f3n de metro, Julia no es la misma. Se ha convertido en una chica insegura, a veces insolente, y a la que le cuesta encontrar motivaci\u00f3n para disfrutar de la vida como lo hac\u00eda antes. Tambi\u00e9n las cosas han cambiado para Emilio. El joven del pelo azul se encuentra repleto de dudas respecto a su futuro inmediato. Adem\u00e1s, conoce a alguien muy especial, que le har\u00e1 replantearse su situaci\u00f3n. Vanesa, por su parte, fue la m\u00e1s perjudicada del grupo por la explosi\u00f3n del artefacto. \u00bfEso le est\u00e1 influyendo en su relaci\u00f3n con Ingrid? El primer martes de enero del nuevo a\u00f1o, Julia recibe una inquietante e inesperada llamada. Hugo Velero, uno de los compa\u00f1eros de piso de Iv\u00e1n Pardo, le asegura que el chico del piercing en la ceja ha desaparecido. Iv\u00e1n le ha hablado mucho a su amigo de su inteligencia y su capacidad deductiva, por lo que le pide ayuda a Julia para encontrarlo. La joven, en principio, piensa que es una broma y no acepta. Pero, casualmente, su abuela Pilar, una entra\u00f1able y curiosa septuagenaria, con las mismas capacidades mentales que su nieta, vive cerca del edificio en el que ahora reside el joven del que estuvo enamorada y del que no sabe nada desde hace unos meses. Julia decide pasar unos d\u00edas con su abuela en la ciudad para encontrarse a s\u00ed misma. Sin embargo, no ser\u00e1 una visita tranquila. Y es que la muerte aparecer\u00e1 de nuevo en su vida. Una extra\u00f1a desaparici\u00f3n, un misterioso crimen en el que todos parecen sospechosos y un puzle de cristal por resolver se cruzan en el camino de la chica de la memoria prodigiosa.<\/p>\n","protected":false},"excerpt":{"rendered":"<p>Tras la explosi\u00f3n en la estaci\u00f3n de metro, Julia no es la misma. Se ha convertido en una chica insegura, a veces insolente, y a la que le cuesta encontrar motivaci\u00f3n para disfrutar de la vida como lo hac\u00eda antes. Tambi\u00e9n las cosas han cambiado para Emilio. El joven del pelo azul se encuentra repleto [&hellip;]<\/p>\n","protected":false},"featured_media":8589,"template":"","meta":[],"product_brand":[],"product_cat":[25],"product_tag":[257,54,1213,45],"class_list":{"0":"post-8592","1":"product","2":"type-product","3":"status-publish","4":"has-post-thumbnail","6":"product_cat-libros-digitales-ebooks","7":"product_tag-blue-jeans","8":"product_tag-descargar-ebook","9":"product_tag-el-puzle-de-cristal","10":"product_tag-mejor-novela","12":"first","13":"instock","14":"shipping-taxable","15":"purchasable","16":"product-type-variable","17":"has-default-attributes"},"_links":{"self":[{"href":"https:\/\/www.taller-palabras.com\/WordPress_04\/wp-json\/wp\/v2\/product\/8592","targetHints":{"allow":["GET"]}}],"collection":[{"href":"https:\/\/www.taller-palabras.com\/WordPress_04\/wp-json\/wp\/v2\/product"}],"about":[{"href":"https:\/\/www.taller-palabras.com\/WordPress_04\/wp-json\/wp\/v2\/types\/product"}],"wp:featuredmedia":[{"embeddable":true,"href":"https:\/\/www.taller-palabras.com\/WordPress_04\/wp-json\/wp\/v2\/media\/8589"}],"wp:attachment":[{"href":"https:\/\/www.taller-palabras.com\/WordPress_04\/wp-json\/wp\/v2\/media?parent=8592"}],"wp:term":[{"taxonomy":"product_brand","embeddable":true,"href":"https:\/\/www.taller-palabras.com\/WordPress_04\/wp-json\/wp\/v2\/product_brand?post=8592"},{"taxonomy":"product_cat","embeddable":true,"href":"https:\/\/www.taller-palabras.com\/WordPress_04\/wp-json\/wp\/v2\/product_cat?post=8592"},{"taxonomy":"product_tag","embeddable":true,"href":"https:\/\/www.taller-palabras.com\/WordPress_04\/wp-json\/wp\/v2\/product_tag?post=8592"}],"curies":[{"name":"wp","href":"https:\/\/api.w.org\/{rel}","templated":true}]}}

<figure id="attachment_2370" aria-describedby="caption-attachment-2370" style="width: 150px" class="wp-caption alignleft"><img loading="lazy" decoding="async" class="wp-image-2370 size-thumbnail" src="https://www.taller-palabras.com/WordPress_04/wp-content/uploads/2020/08/blue_jeans-150x150.jpg" alt="" width="150" height="150" srcset="https://www.taller-palabras.com/WordPress_04/wp-content/uploads/2020/08/blue_jeans-150x150.jpg 150w, https://www.taller-palabras.com/WordPress_04/wp-content/uploads/2020/08/blue_jeans-100x100.jpg 100w" sizes="auto, (max-width: 150px) 100vw, 150px" /><figcaption id="caption-attachment-2370" class="wp-caption-text">Autor Blue Jeans</figcaption></figure>
<p>Tras la explosión en la estación de metro, Julia no es la misma. Se ha convertido en una chica insegura, a veces insolente, y a la que le cuesta encontrar motivación para disfrutar de la vida como lo hacía antes. También las cosas han cambiado para Emilio. El joven del pelo azul se encuentra repleto de dudas respecto a su futuro inmediato. Además, conoce a alguien muy especial, que le hará replantearse su situación. Vanesa, por su parte, fue la más perjudicada del grupo por la explosión del artefacto. ¿Eso le está influyendo en su relación con Ingrid? El primer martes de enero del nuevo año, Julia recibe una inquietante e inesperada llamada. Hugo Velero, uno de los compañeros de piso de Iván Pardo, le asegura que el chico del piercing en la ceja ha desaparecido. Iván le ha hablado mucho a su amigo de su inteligencia y su capacidad deductiva, por lo que le pide ayuda a Julia para encontrarlo. La joven, en principio, piensa que es una broma y no acepta. Pero, casualmente, su abuela Pilar, una entrañable y curiosa septuagenaria, con las mismas capacidades mentales que su nieta, vive cerca del edificio en el que ahora reside el joven del que estuvo enamorada y del que no sabe nada desde hace unos meses. Julia decide pasar unos días con su abuela en la ciudad para encontrarse a sí misma. Sin embargo, no será una visita tranquila. Y es que la muerte aparecerá de nuevo en su vida. Una extraña desaparición, un misterioso crimen en el que todos parecen sospechosos y un puzle de cristal por resolver se cruzan en el camino de la chica de la memoria prodigiosa.</p>

<p>Tras la explosión en la estación de metro, Julia no es la misma. Se ha convertido en una chica insegura, a veces insolente, y a la que le cuesta encontrar motivación para disfrutar de la vida como lo hacía antes. También las cosas han cambiado para Emilio. El joven del pelo azul se encuentra repleto [&hellip;]</p>
