{"id":8644,"date":"2023-12-31T13:20:11","date_gmt":"2023-12-31T16:20:11","guid":{"rendered":"https:\/\/www.taller-palabras.com\/WordPress_04\/?post_type=product&#038;p=8644"},"modified":"2025-05-27T14:33:23","modified_gmt":"2025-05-27T17:33:23","slug":"largo-petalo-de-mar-isabel-allende-ebook","status":"publish","type":"product","link":"https:\/\/www.taller-palabras.com\/WordPress_04\/producto\/largo-petalo-de-mar-isabel-allende-ebook","title":{"rendered":"Largo p\u00e9talo de mar &#8211; Isabel Allende \/ebook"},"content":{"rendered":"<figure id=\"attachment_861\" aria-describedby=\"caption-attachment-861\" style=\"width: 150px\" class=\"wp-caption alignleft\"><img loading=\"lazy\" decoding=\"async\" class=\"wp-image-861 size-thumbnail\" src=\"https:\/\/www.taller-palabras.com\/WordPress_04\/wp-content\/uploads\/2020\/01\/Isabel_Allende-150x150.jpg\" alt=\"\" width=\"150\" height=\"150\" srcset=\"https:\/\/www.taller-palabras.com\/WordPress_04\/wp-content\/uploads\/2020\/01\/Isabel_Allende-150x150.jpg 150w, https:\/\/www.taller-palabras.com\/WordPress_04\/wp-content\/uploads\/2020\/01\/Isabel_Allende-100x100.jpg 100w\" sizes=\"auto, (max-width: 150px) 100vw, 150px\" \/><figcaption id=\"caption-attachment-861\" class=\"wp-caption-text\">Autora Isabel Allende<\/figcaption><\/figure>\n<p>En plena Guerra Civil espa\u00f1ola, el joven m\u00e9dico V\u00edctor Dalmau, junto a su amiga pianista Roser Bruguera, se ven obligados a abandonar Barcelona, exiliarse y cruzar los Pirineos rumbo a Francia. A bordo del Winnipeg, un nav\u00edo fletado por el poeta Pablo Neruda que llev\u00f3 a m\u00e1s de dos mil espa\u00f1oles rumbo a Valpara\u00edso, embarcar\u00e1n en busca de la paz y la libertad que no tuvieron en su pa\u00eds. Recibidos como h\u00e9roes en Chile \u2014ese \u00ablargo p\u00e9talo de mar y nieve\u00bb, en palabras del poeta chileno\u2014, se integrar\u00e1n en la vida social del pa\u00eds durante varias d\u00e9cadas hasta el golpe de Estado que derroc\u00f3 al doctor Salvador Allende, amigo de Victor por su com\u00fan afici\u00f3n al ajedrez. V\u00edctor y Roser se encontrar\u00e1n nuevamente desarraigados, pero como dice la autora: \u00absi uno vive lo suficiente, todos los c\u00edrculos se cierran\u00bb. Un viaje a trav\u00e9s de la historia del siglo\u00a0XX de la mano de unos personajes inolvidables que descubrir\u00e1n que en una sola vida caben muchas vidas y que, a veces, lo dif\u00edcil no es huir sino volver.<\/p>\n<p>&nbsp;<\/p>\n","protected":false},"excerpt":{"rendered":"<p>En plena Guerra Civil espa\u00f1ola, el joven m\u00e9dico V\u00edctor Dalmau, junto a su amiga pianista Roser Bruguera, se ven obligados a abandonar Barcelona, exiliarse y cruzar los Pirineos rumbo a Francia. A bordo del Winnipeg, un nav\u00edo fletado por el poeta Pablo Neruda que llev\u00f3 a m\u00e1s de dos mil espa\u00f1oles rumbo a Valpara\u00edso, embarcar\u00e1n [&hellip;]<\/p>\n","protected":false},"featured_media":8631,"template":"","meta":[],"product_brand":[],"product_cat":[25],"product_tag":[54,139,1219,225],"class_list":{"0":"post-8644","1":"product","2":"type-product","3":"status-publish","4":"has-post-thumbnail","6":"product_cat-libros-digitales-ebooks","7":"product_tag-descargar-ebook","8":"product_tag-isabel-allende","9":"product_tag-largo-petalo-de-mar","10":"product_tag-mejores-novelas","12":"first","13":"instock","14":"shipping-taxable","15":"purchasable","16":"product-type-variable","17":"has-default-attributes"},"_links":{"self":[{"href":"https:\/\/www.taller-palabras.com\/WordPress_04\/wp-json\/wp\/v2\/product\/8644","targetHints":{"allow":["GET"]}}],"collection":[{"href":"https:\/\/www.taller-palabras.com\/WordPress_04\/wp-json\/wp\/v2\/product"}],"about":[{"href":"https:\/\/www.taller-palabras.com\/WordPress_04\/wp-json\/wp\/v2\/types\/product"}],"wp:featuredmedia":[{"embeddable":true,"href":"https:\/\/www.taller-palabras.com\/WordPress_04\/wp-json\/wp\/v2\/media\/8631"}],"wp:attachment":[{"href":"https:\/\/www.taller-palabras.com\/WordPress_04\/wp-json\/wp\/v2\/media?parent=8644"}],"wp:term":[{"taxonomy":"product_brand","embeddable":true,"href":"https:\/\/www.taller-palabras.com\/WordPress_04\/wp-json\/wp\/v2\/product_brand?post=8644"},{"taxonomy":"product_cat","embeddable":true,"href":"https:\/\/www.taller-palabras.com\/WordPress_04\/wp-json\/wp\/v2\/product_cat?post=8644"},{"taxonomy":"product_tag","embeddable":true,"href":"https:\/\/www.taller-palabras.com\/WordPress_04\/wp-json\/wp\/v2\/product_tag?post=8644"}],"curies":[{"name":"wp","href":"https:\/\/api.w.org\/{rel}","templated":true}]}}

Largo pétalo de mar &#8211; Isabel Allende /ebook

<figure id="attachment_861" aria-describedby="caption-attachment-861" style="width: 150px" class="wp-caption alignleft"><img loading="lazy" decoding="async" class="wp-image-861 size-thumbnail" src="https://www.taller-palabras.com/WordPress_04/wp-content/uploads/2020/01/Isabel_Allende-150x150.jpg" alt="" width="150" height="150" srcset="https://www.taller-palabras.com/WordPress_04/wp-content/uploads/2020/01/Isabel_Allende-150x150.jpg 150w, https://www.taller-palabras.com/WordPress_04/wp-content/uploads/2020/01/Isabel_Allende-100x100.jpg 100w" sizes="auto, (max-width: 150px) 100vw, 150px" /><figcaption id="caption-attachment-861" class="wp-caption-text">Autora Isabel Allende</figcaption></figure>
<p>En plena Guerra Civil española, el joven médico Víctor Dalmau, junto a su amiga pianista Roser Bruguera, se ven obligados a abandonar Barcelona, exiliarse y cruzar los Pirineos rumbo a Francia. A bordo del Winnipeg, un navío fletado por el poeta Pablo Neruda que llevó a más de dos mil españoles rumbo a Valparaíso, embarcarán en busca de la paz y la libertad que no tuvieron en su país. Recibidos como héroes en Chile —ese «largo pétalo de mar y nieve», en palabras del poeta chileno—, se integrarán en la vida social del país durante varias décadas hasta el golpe de Estado que derrocó al doctor Salvador Allende, amigo de Victor por su común afición al ajedrez. Víctor y Roser se encontrarán nuevamente desarraigados, pero como dice la autora: «si uno vive lo suficiente, todos los círculos se cierran». Un viaje a través de la historia del siglo XX de la mano de unos personajes inolvidables que descubrirán que en una sola vida caben muchas vidas y que, a veces, lo difícil no es huir sino volver.</p>
<p>&nbsp;</p>

<p>En plena Guerra Civil española, el joven médico Víctor Dalmau, junto a su amiga pianista Roser Bruguera, se ven obligados a abandonar Barcelona, exiliarse y cruzar los Pirineos rumbo a Francia. A bordo del Winnipeg, un navío fletado por el poeta Pablo Neruda que llevó a más de dos mil españoles rumbo a Valparaíso, embarcarán [&hellip;]</p>
