{"id":8767,"date":"2020-11-09T10:58:35","date_gmt":"2020-11-09T13:58:35","guid":{"rendered":"https:\/\/www.taller-palabras.com\/WordPress_04\/?post_type=product&#038;p=8767"},"modified":"2024-01-13T12:52:39","modified_gmt":"2024-01-13T15:52:39","slug":"saga-juego-de-patriotas-tom-clancy-ebook","status":"publish","type":"product","link":"https:\/\/www.taller-palabras.com\/WordPress_04\/producto\/saga-juego-de-patriotas-tom-clancy-ebook","title":{"rendered":"Saga: Juego de patriotas (2) &#8211; Tom Clancy \/ebook)"},"content":{"rendered":"<figure id=\"attachment_2647\" aria-describedby=\"caption-attachment-2647\" style=\"width: 150px\" class=\"wp-caption alignleft\"><img loading=\"lazy\" decoding=\"async\" class=\"wp-image-2647 size-thumbnail\" src=\"https:\/\/www.taller-palabras.com\/WordPress_04\/wp-content\/uploads\/2020\/11\/tom-clancy-150x150.jpg\" alt=\"\" width=\"150\" height=\"150\" srcset=\"https:\/\/www.taller-palabras.com\/WordPress_04\/wp-content\/uploads\/2020\/11\/tom-clancy-150x150.jpg 150w, https:\/\/www.taller-palabras.com\/WordPress_04\/wp-content\/uploads\/2020\/11\/tom-clancy-100x100.jpg 100w, https:\/\/www.taller-palabras.com\/WordPress_04\/wp-content\/uploads\/2020\/11\/tom-clancy.jpg 283w\" sizes=\"auto, (max-width: 150px) 100vw, 150px\" \/><figcaption id=\"caption-attachment-2647\" class=\"wp-caption-text\">Autor Tom Clancy<\/figcaption><\/figure>\n<p>Jack Ryan, historiador, ex marine y experto de la Cia, est\u00e1 pasando unas cortas vacaciones en Londres con su mujer y su hijita. Accidentalmente, se ve envuelto en un atentado terrorista, que logra frustrar aunque resulta herido. Ha salvado la vida a los pr\u00edncipes de Gales, pero a partir de ahora tendr\u00e1 unos enemigos implacables: una escisi\u00f3n ultraizquierdista del IRA que, decidida a vengarse a toda costa, le llevar\u00e1 a \u00e9l y a su familia a las situaciones m\u00e1s extremas.<\/p>\n","protected":false},"excerpt":{"rendered":"<p>Jack Ryan, historiador, ex marine y experto de la Cia, est\u00e1 pasando unas cortas vacaciones en Londres con su mujer y su hijita. Accidentalmente, se ve envuelto en un atentado terrorista, que logra frustrar aunque resulta herido. Ha salvado la vida a los pr\u00edncipes de Gales, pero a partir de ahora tendr\u00e1 unos enemigos implacables: [&hellip;]<\/p>\n","protected":false},"featured_media":8771,"template":"","meta":[],"product_brand":[],"product_cat":[25,47],"product_tag":[54,1232,307,306],"class_list":{"0":"post-8767","1":"product","2":"type-product","3":"status-publish","4":"has-post-thumbnail","6":"product_cat-libros-digitales-ebooks","7":"product_cat-libros-digitales-sagas","8":"product_tag-descargar-ebook","9":"product_tag-juego-de-patriotas","10":"product_tag-sin-remordimientos","11":"product_tag-tom-clancy","13":"first","14":"instock","15":"shipping-taxable","16":"purchasable","17":"product-type-variable","18":"has-default-attributes"},"_links":{"self":[{"href":"https:\/\/www.taller-palabras.com\/WordPress_04\/wp-json\/wp\/v2\/product\/8767","targetHints":{"allow":["GET"]}}],"collection":[{"href":"https:\/\/www.taller-palabras.com\/WordPress_04\/wp-json\/wp\/v2\/product"}],"about":[{"href":"https:\/\/www.taller-palabras.com\/WordPress_04\/wp-json\/wp\/v2\/types\/product"}],"wp:featuredmedia":[{"embeddable":true,"href":"https:\/\/www.taller-palabras.com\/WordPress_04\/wp-json\/wp\/v2\/media\/8771"}],"wp:attachment":[{"href":"https:\/\/www.taller-palabras.com\/WordPress_04\/wp-json\/wp\/v2\/media?parent=8767"}],"wp:term":[{"taxonomy":"product_brand","embeddable":true,"href":"https:\/\/www.taller-palabras.com\/WordPress_04\/wp-json\/wp\/v2\/product_brand?post=8767"},{"taxonomy":"product_cat","embeddable":true,"href":"https:\/\/www.taller-palabras.com\/WordPress_04\/wp-json\/wp\/v2\/product_cat?post=8767"},{"taxonomy":"product_tag","embeddable":true,"href":"https:\/\/www.taller-palabras.com\/WordPress_04\/wp-json\/wp\/v2\/product_tag?post=8767"}],"curies":[{"name":"wp","href":"https:\/\/api.w.org\/{rel}","templated":true}]}}