{"id":8773,"date":"2020-11-09T10:55:30","date_gmt":"2020-11-09T13:55:30","guid":{"rendered":"https:\/\/www.taller-palabras.com\/WordPress_04\/?post_type=product&#038;p=8773"},"modified":"2024-01-13T14:40:26","modified_gmt":"2024-01-13T17:40:26","slug":"saga-clave-red-rabbit-3-tom-clancy-ebook","status":"publish","type":"product","link":"https:\/\/www.taller-palabras.com\/WordPress_04\/producto\/saga-clave-red-rabbit-3-tom-clancy-ebook","title":{"rendered":"Saga: Clave Red Rabbit (3) &#8211; Tom Clancy \/ebook)"},"content":{"rendered":"<figure id=\"attachment_2647\" aria-describedby=\"caption-attachment-2647\" style=\"width: 150px\" class=\"wp-caption alignleft\"><img loading=\"lazy\" decoding=\"async\" class=\"wp-image-2647 size-thumbnail\" src=\"https:\/\/www.taller-palabras.com\/WordPress_04\/wp-content\/uploads\/2020\/11\/tom-clancy-150x150.jpg\" alt=\"\" width=\"150\" height=\"150\" srcset=\"https:\/\/www.taller-palabras.com\/WordPress_04\/wp-content\/uploads\/2020\/11\/tom-clancy-150x150.jpg 150w, https:\/\/www.taller-palabras.com\/WordPress_04\/wp-content\/uploads\/2020\/11\/tom-clancy-100x100.jpg 100w, https:\/\/www.taller-palabras.com\/WordPress_04\/wp-content\/uploads\/2020\/11\/tom-clancy.jpg 283w\" sizes=\"auto, (max-width: 150px) 100vw, 150px\" \/><figcaption id=\"caption-attachment-2647\" class=\"wp-caption-text\">Autor Tom Clancy<\/figcaption><\/figure>\n<p>Tercera entrega de la saga de Jack Ryan, aunque se public\u00f3 m\u00e1s tarde. Esta historia transcurre poco despu\u00e9s de lo acaecido en \u00abJuegos de patriotas\u00bb. Es la primera misi\u00f3n seria de Jack Ryan y est\u00e1 basada en un hecho real: El intento de asesinato del Papa, aunque la mayor\u00eda de los personajes de la novela son ficticios. A\u00f1os 80. El joven Jack Ryan empieza a colaborar con la CIA, e intercepta una carta en la que Andropov, presidente del KGB, dice querer matar a Juan Pablo II, enemigo del Partido Comunista polaco y, por extensi\u00f3n, del comunismo en el mundo. Un proyecto que puede poner en peligro no s\u00f3lo a l\u00edderes de todo el mundo sino a naciones enteras.<\/p>\n","protected":false},"excerpt":{"rendered":"<p>Tercera entrega de la saga de Jack Ryan, aunque se public\u00f3 m\u00e1s tarde. Esta historia transcurre poco despu\u00e9s de lo acaecido en \u00abJuegos de patriotas\u00bb. Es la primera misi\u00f3n seria de Jack Ryan y est\u00e1 basada en un hecho real: El intento de asesinato del Papa, aunque la mayor\u00eda de los personajes de la novela [&hellip;]<\/p>\n","protected":false},"featured_media":8778,"template":"","meta":[],"product_brand":[],"product_cat":[25,47],"product_tag":[1233,54,306],"class_list":{"0":"post-8773","1":"product","2":"type-product","3":"status-publish","4":"has-post-thumbnail","6":"product_cat-libros-digitales-ebooks","7":"product_cat-libros-digitales-sagas","8":"product_tag-clave-red-rabbit","9":"product_tag-descargar-ebook","10":"product_tag-tom-clancy","12":"first","13":"instock","14":"shipping-taxable","15":"purchasable","16":"product-type-variable","17":"has-default-attributes"},"_links":{"self":[{"href":"https:\/\/www.taller-palabras.com\/WordPress_04\/wp-json\/wp\/v2\/product\/8773","targetHints":{"allow":["GET"]}}],"collection":[{"href":"https:\/\/www.taller-palabras.com\/WordPress_04\/wp-json\/wp\/v2\/product"}],"about":[{"href":"https:\/\/www.taller-palabras.com\/WordPress_04\/wp-json\/wp\/v2\/types\/product"}],"wp:featuredmedia":[{"embeddable":true,"href":"https:\/\/www.taller-palabras.com\/WordPress_04\/wp-json\/wp\/v2\/media\/8778"}],"wp:attachment":[{"href":"https:\/\/www.taller-palabras.com\/WordPress_04\/wp-json\/wp\/v2\/media?parent=8773"}],"wp:term":[{"taxonomy":"product_brand","embeddable":true,"href":"https:\/\/www.taller-palabras.com\/WordPress_04\/wp-json\/wp\/v2\/product_brand?post=8773"},{"taxonomy":"product_cat","embeddable":true,"href":"https:\/\/www.taller-palabras.com\/WordPress_04\/wp-json\/wp\/v2\/product_cat?post=8773"},{"taxonomy":"product_tag","embeddable":true,"href":"https:\/\/www.taller-palabras.com\/WordPress_04\/wp-json\/wp\/v2\/product_tag?post=8773"}],"curies":[{"name":"wp","href":"https:\/\/api.w.org\/{rel}","templated":true}]}}