{"id":8842,"date":"2024-01-19T13:20:53","date_gmt":"2024-01-19T16:20:53","guid":{"rendered":"https:\/\/www.taller-palabras.com\/WordPress_04\/?post_type=product&#038;p=8842"},"modified":"2024-01-19T13:25:52","modified_gmt":"2024-01-19T16:25:52","slug":"desgracia-john-maxwell-coetzee-ebook","status":"publish","type":"product","link":"https:\/\/www.taller-palabras.com\/WordPress_04\/producto\/desgracia-john-maxwell-coetzee-ebook","title":{"rendered":"Desgracia &#8211; John Maxwell Coetzee \/ebook"},"content":{"rendered":"<figure id=\"attachment_8833\" aria-describedby=\"caption-attachment-8833\" style=\"width: 150px\" class=\"wp-caption alignleft\"><img loading=\"lazy\" decoding=\"async\" class=\"wp-image-8833 size-thumbnail\" src=\"https:\/\/www.taller-palabras.com\/WordPress_04\/wp-content\/uploads\/2024\/01\/John-Coetzee-150x150.jpg\" alt=\"\" width=\"150\" height=\"150\" srcset=\"https:\/\/www.taller-palabras.com\/WordPress_04\/wp-content\/uploads\/2024\/01\/John-Coetzee-150x150.jpg 150w, https:\/\/www.taller-palabras.com\/WordPress_04\/wp-content\/uploads\/2024\/01\/John-Coetzee-100x100.jpg 100w, https:\/\/www.taller-palabras.com\/WordPress_04\/wp-content\/uploads\/2024\/01\/John-Coetzee.jpg 198w\" sizes=\"auto, (max-width: 150px) 100vw, 150px\" \/><figcaption id=\"caption-attachment-8833\" class=\"wp-caption-text\">Autor John M. Coetzee<\/figcaption><\/figure>\n<p>A los cincuenta y dos a\u00f1os, David Lurie tiene poco de lo que enorgullecerse. Con dos divorcios a sus espaldas, apaciguar el deseo es su \u00fanica aspiraci\u00f3n; sus clases en la universidad son un mero tr\u00e1mite para \u00e9l y para los estudiantes. Cuando se destapa su relaci\u00f3n con una alumna, David, en un acto de soberbia, preferir\u00e1 renunciar a su puesto antes que disculparse en p\u00fablico. Rechazado por todos, abandona Ciudad del Cabo y va a visitar la granja de su hija Lucy. All\u00ed, en una sociedad donde los c\u00f3digos de comportamiento, sean de blancos o de negros, han cambiado; donde el idioma es una herramienta viciada que no sirve a este mundo naciente, David ver\u00e1 hacerse a\u00f1icos todas sus creencias en una tarde de violencia implacable. Una historia profunda, extraordinaria, que por momentos atenaza el coraz\u00f3n, y es siempre, hasta el final, subyugante: Desgracia, que obtuvo el prestigioso premio Booker, no dejar\u00e1 indiferente al lector.<\/p>\n<p>&nbsp;<\/p>\n","protected":false},"excerpt":{"rendered":"<p>A los cincuenta y dos a\u00f1os, David Lurie tiene poco de lo que enorgullecerse. Con dos divorcios a sus espaldas, apaciguar el deseo es su \u00fanica aspiraci\u00f3n; sus clases en la universidad son un mero tr\u00e1mite para \u00e9l y para los estudiantes. Cuando se destapa su relaci\u00f3n con una alumna, David, en un acto de [&hellip;]<\/p>\n","protected":false},"featured_media":8832,"template":"","meta":[],"product_brand":[],"product_cat":[25],"product_tag":[54,1239,1238],"class_list":{"0":"post-8842","1":"product","2":"type-product","3":"status-publish","4":"has-post-thumbnail","6":"product_cat-libros-digitales-ebooks","7":"product_tag-descargar-ebook","8":"product_tag-desgracia","9":"product_tag-john-maxwell-coetzee","11":"first","12":"instock","13":"shipping-taxable","14":"purchasable","15":"product-type-variable","16":"has-default-attributes"},"_links":{"self":[{"href":"https:\/\/www.taller-palabras.com\/WordPress_04\/wp-json\/wp\/v2\/product\/8842","targetHints":{"allow":["GET"]}}],"collection":[{"href":"https:\/\/www.taller-palabras.com\/WordPress_04\/wp-json\/wp\/v2\/product"}],"about":[{"href":"https:\/\/www.taller-palabras.com\/WordPress_04\/wp-json\/wp\/v2\/types\/product"}],"wp:featuredmedia":[{"embeddable":true,"href":"https:\/\/www.taller-palabras.com\/WordPress_04\/wp-json\/wp\/v2\/media\/8832"}],"wp:attachment":[{"href":"https:\/\/www.taller-palabras.com\/WordPress_04\/wp-json\/wp\/v2\/media?parent=8842"}],"wp:term":[{"taxonomy":"product_brand","embeddable":true,"href":"https:\/\/www.taller-palabras.com\/WordPress_04\/wp-json\/wp\/v2\/product_brand?post=8842"},{"taxonomy":"product_cat","embeddable":true,"href":"https:\/\/www.taller-palabras.com\/WordPress_04\/wp-json\/wp\/v2\/product_cat?post=8842"},{"taxonomy":"product_tag","embeddable":true,"href":"https:\/\/www.taller-palabras.com\/WordPress_04\/wp-json\/wp\/v2\/product_tag?post=8842"}],"curies":[{"name":"wp","href":"https:\/\/api.w.org\/{rel}","templated":true}]}}