{"id":887,"date":"2020-01-19T14:49:24","date_gmt":"2020-01-19T17:49:24","guid":{"rendered":"https:\/\/www.taller-palabras.com\/WordPress_04\/?post_type=product&#038;p=887"},"modified":"2023-10-23T13:04:28","modified_gmt":"2023-10-23T16:04:28","slug":"yo-y-la-energia-nikola-tesla-ebook","status":"publish","type":"product","link":"https:\/\/www.taller-palabras.com\/WordPress_04\/producto\/yo-y-la-energia-nikola-tesla-ebook","title":{"rendered":"Yo y la energia &#8211; Nikola Tesla \/ebook"},"content":{"rendered":"<figure id=\"attachment_886\" aria-describedby=\"caption-attachment-886\" style=\"width: 150px\" class=\"wp-caption alignleft\"><img loading=\"lazy\" decoding=\"async\" class=\"wp-image-886 size-thumbnail\" src=\"https:\/\/www.taller-palabras.com\/WordPress_04\/wp-content\/uploads\/2020\/01\/Nikola-Tesla-150x150.jpg\" alt=\"\" width=\"150\" height=\"150\" srcset=\"https:\/\/www.taller-palabras.com\/WordPress_04\/wp-content\/uploads\/2020\/01\/Nikola-Tesla-150x150.jpg 150w, https:\/\/www.taller-palabras.com\/WordPress_04\/wp-content\/uploads\/2020\/01\/Nikola-Tesla-324x324.jpg 324w, https:\/\/www.taller-palabras.com\/WordPress_04\/wp-content\/uploads\/2020\/01\/Nikola-Tesla-100x100.jpg 100w\" sizes=\"auto, (max-width: 150px) 100vw, 150px\" \/><figcaption id=\"caption-attachment-886\" class=\"wp-caption-text\">Autor Nikola Tesla<\/figcaption><\/figure>\n<p>Por primera vez en espa\u00f1ol, dos textos escritos por Nikola Tesla (1856), el hombre que ha pasado a la historia como el paradigma del cient\u00edfico genial y visionario. Re\u00fane \u00abMy Inventions\u00bb, la autobiograf\u00eda escrita por el inventor en 1919, publicada en seis entregas por la revista &#8216;Electrical Experimenter&#8217;; y un curios\u00edsimo texto vanguardista, donde desarrolla sus geniales ideas sobre el futuro y la energ\u00eda: \u00abThe Problem of Ingreasing Human Energy\u00bb, publicado por la revista &#8216;Century&#8217; en 1900. Una lectura para reflexionar sobre la energ\u00eda, la creaci\u00f3n y las corrientes sociales, de la mano \u00abdel padre de la tecnolog\u00eda moderna\u00bb. Miguel \u00c1ngel Delgado (Oviedo, 1971), cr\u00edtico cinematogr\u00e1fico y experto en \u00abtesliana\u00bb, presenta al personaje de Tesla como un icono del siglo XXI, y analiza su impacto en la cultura, la ciencia, las modas, los medios y la iconograf\u00eda de nuestro tiempo<\/p>\n","protected":false},"excerpt":{"rendered":"<p>Por primera vez en espa\u00f1ol, dos textos escritos por Nikola Tesla (1856), el hombre que ha pasado a la historia como el paradigma del cient\u00edfico genial y visionario. Re\u00fane \u00abMy Inventions\u00bb, la autobiograf\u00eda escrita por el inventor en 1919, publicada en seis entregas por la revista &#8216;Electrical Experimenter&#8217;; y un curios\u00edsimo texto vanguardista, donde desarrolla [&hellip;]<\/p>\n","protected":false},"featured_media":882,"template":"","meta":[],"product_brand":[],"product_cat":[25],"product_tag":[136,220,55,219],"class_list":{"0":"post-887","1":"product","2":"type-product","3":"status-publish","4":"has-post-thumbnail","6":"product_cat-libros-digitales-ebooks","7":"product_tag-decargar-ebook","8":"product_tag-nikola-tesla","9":"product_tag-novelas","10":"product_tag-yo-y-la-energia","12":"first","13":"instock","14":"shipping-taxable","15":"purchasable","16":"product-type-variable","17":"has-default-attributes"},"_links":{"self":[{"href":"https:\/\/www.taller-palabras.com\/WordPress_04\/wp-json\/wp\/v2\/product\/887","targetHints":{"allow":["GET"]}}],"collection":[{"href":"https:\/\/www.taller-palabras.com\/WordPress_04\/wp-json\/wp\/v2\/product"}],"about":[{"href":"https:\/\/www.taller-palabras.com\/WordPress_04\/wp-json\/wp\/v2\/types\/product"}],"wp:featuredmedia":[{"embeddable":true,"href":"https:\/\/www.taller-palabras.com\/WordPress_04\/wp-json\/wp\/v2\/media\/882"}],"wp:attachment":[{"href":"https:\/\/www.taller-palabras.com\/WordPress_04\/wp-json\/wp\/v2\/media?parent=887"}],"wp:term":[{"taxonomy":"product_brand","embeddable":true,"href":"https:\/\/www.taller-palabras.com\/WordPress_04\/wp-json\/wp\/v2\/product_brand?post=887"},{"taxonomy":"product_cat","embeddable":true,"href":"https:\/\/www.taller-palabras.com\/WordPress_04\/wp-json\/wp\/v2\/product_cat?post=887"},{"taxonomy":"product_tag","embeddable":true,"href":"https:\/\/www.taller-palabras.com\/WordPress_04\/wp-json\/wp\/v2\/product_tag?post=887"}],"curies":[{"name":"wp","href":"https:\/\/api.w.org\/{rel}","templated":true}]}}