{"id":9242,"date":"2024-03-03T16:17:46","date_gmt":"2024-03-03T19:17:46","guid":{"rendered":"https:\/\/www.taller-palabras.com\/WordPress_04\/?post_type=product&#038;p=9242"},"modified":"2024-03-03T16:20:06","modified_gmt":"2024-03-03T19:20:06","slug":"el-club-de-la-lucha-chuck-palahniuk-ebook","status":"publish","type":"product","link":"https:\/\/www.taller-palabras.com\/WordPress_04\/producto\/el-club-de-la-lucha-chuck-palahniuk-ebook","title":{"rendered":"El club de la lucha &#8211; Chuck Palahniuk \/ebook"},"content":{"rendered":"<figure id=\"attachment_9240\" aria-describedby=\"caption-attachment-9240\" style=\"width: 150px\" class=\"wp-caption alignleft\"><img loading=\"lazy\" decoding=\"async\" class=\"wp-image-9240 size-thumbnail\" src=\"https:\/\/www.taller-palabras.com\/WordPress_04\/wp-content\/uploads\/2024\/03\/Chuck-Palahniuk-150x150.jpg\" alt=\"\" width=\"150\" height=\"150\" srcset=\"https:\/\/www.taller-palabras.com\/WordPress_04\/wp-content\/uploads\/2024\/03\/Chuck-Palahniuk-150x150.jpg 150w, https:\/\/www.taller-palabras.com\/WordPress_04\/wp-content\/uploads\/2024\/03\/Chuck-Palahniuk-100x100.jpg 100w, https:\/\/www.taller-palabras.com\/WordPress_04\/wp-content\/uploads\/2024\/03\/Chuck-Palahniuk.jpg 283w\" sizes=\"auto, (max-width: 150px) 100vw, 150px\" \/><figcaption id=\"caption-attachment-9240\" class=\"wp-caption-text\">Autor Chuck Palahniuk<\/figcaption><\/figure>\n<p>Todos los fines de semana, en s\u00f3tanos y aparcamientos a lo largo y ancho del pa\u00eds, j\u00f3venes oficinistas se quitan los zapatos y las camisas y pelean entre s\u00ed hasta la extenuaci\u00f3n. Los lunes regresan a sus despachos, con los ojos amoratados, alg\u00fan diente de menos y un sentimiento embriagador de omnipotencia. Estas reuniones clandestinas son parte del plan con el que Tyler Durden, aspira a vengarse de una sociedad enferma por el consumismo exacerbado.<\/p>\n","protected":false},"excerpt":{"rendered":"<p>Todos los fines de semana, en s\u00f3tanos y aparcamientos a lo largo y ancho del pa\u00eds, j\u00f3venes oficinistas se quitan los zapatos y las camisas y pelean entre s\u00ed hasta la extenuaci\u00f3n. Los lunes regresan a sus despachos, con los ojos amoratados, alg\u00fan diente de menos y un sentimiento embriagador de omnipotencia. Estas reuniones clandestinas [&hellip;]<\/p>\n","protected":false},"featured_media":9241,"template":"","meta":[],"product_brand":[],"product_cat":[25],"product_tag":[1264,1181,1265,1262],"class_list":{"0":"post-9242","1":"product","2":"type-product","3":"status-publish","4":"has-post-thumbnail","6":"product_cat-libros-digitales-ebooks","7":"product_tag-chuck-palahniuk","8":"product_tag-descargar-ebooks","9":"product_tag-el-club-de-la-lucha","10":"product_tag-lord-byron","12":"first","13":"instock","14":"shipping-taxable","15":"purchasable","16":"product-type-variable","17":"has-default-attributes"},"_links":{"self":[{"href":"https:\/\/www.taller-palabras.com\/WordPress_04\/wp-json\/wp\/v2\/product\/9242","targetHints":{"allow":["GET"]}}],"collection":[{"href":"https:\/\/www.taller-palabras.com\/WordPress_04\/wp-json\/wp\/v2\/product"}],"about":[{"href":"https:\/\/www.taller-palabras.com\/WordPress_04\/wp-json\/wp\/v2\/types\/product"}],"wp:featuredmedia":[{"embeddable":true,"href":"https:\/\/www.taller-palabras.com\/WordPress_04\/wp-json\/wp\/v2\/media\/9241"}],"wp:attachment":[{"href":"https:\/\/www.taller-palabras.com\/WordPress_04\/wp-json\/wp\/v2\/media?parent=9242"}],"wp:term":[{"taxonomy":"product_brand","embeddable":true,"href":"https:\/\/www.taller-palabras.com\/WordPress_04\/wp-json\/wp\/v2\/product_brand?post=9242"},{"taxonomy":"product_cat","embeddable":true,"href":"https:\/\/www.taller-palabras.com\/WordPress_04\/wp-json\/wp\/v2\/product_cat?post=9242"},{"taxonomy":"product_tag","embeddable":true,"href":"https:\/\/www.taller-palabras.com\/WordPress_04\/wp-json\/wp\/v2\/product_tag?post=9242"}],"curies":[{"name":"wp","href":"https:\/\/api.w.org\/{rel}","templated":true}]}}