{"id":9296,"date":"2024-03-09T11:23:05","date_gmt":"2024-03-09T14:23:05","guid":{"rendered":"https:\/\/www.taller-palabras.com\/WordPress_04\/?post_type=product&#038;p=9296"},"modified":"2024-03-09T11:54:50","modified_gmt":"2024-03-09T14:54:50","slug":"la-divina-comedia-dante-alighieri-ebook","status":"publish","type":"product","link":"https:\/\/www.taller-palabras.com\/WordPress_04\/producto\/la-divina-comedia-dante-alighieri-ebook","title":{"rendered":"La divina comedia &#8211; Dante Alighieri \/ebook"},"content":{"rendered":"<figure id=\"attachment_9302\" aria-describedby=\"caption-attachment-9302\" style=\"width: 150px\" class=\"wp-caption alignleft\"><img loading=\"lazy\" decoding=\"async\" class=\"wp-image-9302 size-thumbnail\" src=\"https:\/\/www.taller-palabras.com\/WordPress_04\/wp-content\/uploads\/2024\/03\/Dante-Alighieri-150x150.jpg\" alt=\"\" width=\"150\" height=\"150\" srcset=\"https:\/\/www.taller-palabras.com\/WordPress_04\/wp-content\/uploads\/2024\/03\/Dante-Alighieri-150x150.jpg 150w, https:\/\/www.taller-palabras.com\/WordPress_04\/wp-content\/uploads\/2024\/03\/Dante-Alighieri-100x100.jpg 100w, https:\/\/www.taller-palabras.com\/WordPress_04\/wp-content\/uploads\/2024\/03\/Dante-Alighieri.jpg 198w\" sizes=\"auto, (max-width: 150px) 100vw, 150px\" \/><figcaption id=\"caption-attachment-9302\" class=\"wp-caption-text\">Autor Dante Alighieri<\/figcaption><\/figure>\n<p>Dante Alighieri (1265-1321), padre de la lengua italiana, invirti\u00f3 doce a\u00f1os de su vida en escribir la Divina Comedia. Dos hechos biogr\u00e1ficos -la muerte de su amada Beatriz y el exilio de su ciudad, Florencia- le sumieron en un estado de incertidumbre y desilusi\u00f3n que s\u00f3lo logr\u00f3 superar a trav\u00e9s de una poes\u00eda universalizante que dej\u00f3 a las generaciones venideras una obra plena de belleza e inmortalidad, base de la literatura aleg\u00f3rica medieval. En la Divina Comedia Dante pretende decir \u00ablo que nunca ha sido dicho de mujer alguna\u00bb: la exaltaci\u00f3n del triunfo celestial de la amada, la expresi\u00f3n de un amor que transciende las dimensiones f\u00edsicas de este mundo y se convierte en pura espiritualidad. El resultado final es un fant\u00e1stico viajes hacia la redenci\u00f3n que abarca todo el argumento existencial, desde la creaci\u00f3n del hombre hasta su destino final, la divinidad.<\/p>\n","protected":false},"excerpt":{"rendered":"<p>Dante Alighieri (1265-1321), padre de la lengua italiana, invirti\u00f3 doce a\u00f1os de su vida en escribir la Divina Comedia. Dos hechos biogr\u00e1ficos -la muerte de su amada Beatriz y el exilio de su ciudad, Florencia- le sumieron en un estado de incertidumbre y desilusi\u00f3n que s\u00f3lo logr\u00f3 superar a trav\u00e9s de una poes\u00eda universalizante que [&hellip;]<\/p>\n","protected":false},"featured_media":9303,"template":"","meta":[],"product_brand":[],"product_cat":[25],"product_tag":[1271,1181,1272],"class_list":{"0":"post-9296","1":"product","2":"type-product","3":"status-publish","4":"has-post-thumbnail","6":"product_cat-libros-digitales-ebooks","7":"product_tag-dante-alighieri","8":"product_tag-descargar-ebooks","9":"product_tag-la-divina-comedia","11":"first","12":"instock","13":"shipping-taxable","14":"purchasable","15":"product-type-variable","16":"has-default-attributes"},"_links":{"self":[{"href":"https:\/\/www.taller-palabras.com\/WordPress_04\/wp-json\/wp\/v2\/product\/9296","targetHints":{"allow":["GET"]}}],"collection":[{"href":"https:\/\/www.taller-palabras.com\/WordPress_04\/wp-json\/wp\/v2\/product"}],"about":[{"href":"https:\/\/www.taller-palabras.com\/WordPress_04\/wp-json\/wp\/v2\/types\/product"}],"wp:featuredmedia":[{"embeddable":true,"href":"https:\/\/www.taller-palabras.com\/WordPress_04\/wp-json\/wp\/v2\/media\/9303"}],"wp:attachment":[{"href":"https:\/\/www.taller-palabras.com\/WordPress_04\/wp-json\/wp\/v2\/media?parent=9296"}],"wp:term":[{"taxonomy":"product_brand","embeddable":true,"href":"https:\/\/www.taller-palabras.com\/WordPress_04\/wp-json\/wp\/v2\/product_brand?post=9296"},{"taxonomy":"product_cat","embeddable":true,"href":"https:\/\/www.taller-palabras.com\/WordPress_04\/wp-json\/wp\/v2\/product_cat?post=9296"},{"taxonomy":"product_tag","embeddable":true,"href":"https:\/\/www.taller-palabras.com\/WordPress_04\/wp-json\/wp\/v2\/product_tag?post=9296"}],"curies":[{"name":"wp","href":"https:\/\/api.w.org\/{rel}","templated":true}]}}