{"id":9373,"date":"2021-07-18T16:52:05","date_gmt":"2021-07-18T19:52:05","guid":{"rendered":"https:\/\/www.taller-palabras.com\/WordPress_04\/?post_type=product&#038;p=9373"},"modified":"2024-03-21T13:36:03","modified_gmt":"2024-03-21T16:36:03","slug":"la-grande-juan-jose-saer-ebook","status":"publish","type":"product","link":"https:\/\/www.taller-palabras.com\/WordPress_04\/producto\/la-grande-juan-jose-saer-ebook","title":{"rendered":"La grande &#8211; Juan Jos\u00e9 Saer\/ ebook"},"content":{"rendered":"<figure id=\"attachment_3976\" aria-describedby=\"caption-attachment-3976\" style=\"width: 150px\" class=\"wp-caption alignleft\"><img loading=\"lazy\" decoding=\"async\" class=\"wp-image-3976 size-thumbnail\" src=\"https:\/\/www.taller-palabras.com\/WordPress_04\/wp-content\/uploads\/2021\/07\/Juan_Jose_Saer-150x150.jpg\" alt=\"\" width=\"150\" height=\"150\" srcset=\"https:\/\/www.taller-palabras.com\/WordPress_04\/wp-content\/uploads\/2021\/07\/Juan_Jose_Saer-150x150.jpg 150w, https:\/\/www.taller-palabras.com\/WordPress_04\/wp-content\/uploads\/2021\/07\/Juan_Jose_Saer-100x100.jpg 100w, https:\/\/www.taller-palabras.com\/WordPress_04\/wp-content\/uploads\/2021\/07\/Juan_Jose_Saer.jpg 224w\" sizes=\"auto, (max-width: 150px) 100vw, 150px\" \/><figcaption id=\"caption-attachment-3976\" class=\"wp-caption-text\">Autor Juan Jos\u00e9 Saer<\/figcaption><\/figure>\n<p>Guti\u00e9rrez regresa a Santa Fe despu\u00e9s de mucho tiempo. Nula, un muchacho que tiene la mitad de su edad, 29 a\u00f1os, lo recibe y hacen juntos una caminata. Avanzan por la misma calle, pero en tiempos diferentes. Para Guti\u00e9rrez, ese mundo de provincia, acaso su patria afectiva, tiene el sabor inmediato y remoto, familiar y extra\u00f1o, de un lugar donde el pasado se actualiza. En torno a un escrito elaborado por alguien que no estuvo en los sucesos que cuenta, se va recomponiendo la historia de un movimiento de vanguardia local, el precisionismo. Las an\u00e9cdotas apuntan a una reflexi\u00f3n sobre el sentido de las instituciones literarias y art\u00edsticas, y a medida que la voz del narrador se proyecta hacia el pasado, esa galaxia inaccesible que sigue enviando su luz, reaparecen los pilares fundamentales del inconfundible universo saeriano: Tomatis, el diario La regi\u00f3n, Washington Noriega, Soldi, Cuello, Marcos Rosemberg, Elisa y el Gato, entre otros. Ambientada en los a\u00f1os noventa y de un humor implacable, La grande nos muestra cu\u00e1n complejo es hacer una recapitulaci\u00f3n de aquello que llamamos, con un exceso de confianza, nuestra vida.<br \/>\nEn su obra deslumbrante y rigurosa, ligada al desaf\u00edo de poner en palabras la experiencia, Saer ha reflejado una visi\u00f3n total del mundo. Tras su muerte, ocurrida cuando estaba por empezar el \u00faltimo cap\u00edtulo de esta novela, queda el valor universal y perenne de esa mirada y su prosa.<\/p>\n","protected":false},"excerpt":{"rendered":"<p>Guti\u00e9rrez regresa a Santa Fe despu\u00e9s de mucho tiempo. Nula, un muchacho que tiene la mitad de su edad, 29 a\u00f1os, lo recibe y hacen juntos una caminata. Avanzan por la misma calle, pero en tiempos diferentes. Para Guti\u00e9rrez, ese mundo de provincia, acaso su patria afectiva, tiene el sabor inmediato y remoto, familiar y [&hellip;]<\/p>\n","protected":false},"featured_media":9376,"template":"","meta":[],"product_brand":[],"product_cat":[25],"product_tag":[136,506,1281,55],"class_list":{"0":"post-9373","1":"product","2":"type-product","3":"status-publish","4":"has-post-thumbnail","6":"product_cat-libros-digitales-ebooks","7":"product_tag-decargar-ebook","8":"product_tag-juan-jose-saer","9":"product_tag-la-grande","10":"product_tag-novelas","12":"first","13":"instock","14":"shipping-taxable","15":"purchasable","16":"product-type-variable","17":"has-default-attributes"},"_links":{"self":[{"href":"https:\/\/www.taller-palabras.com\/WordPress_04\/wp-json\/wp\/v2\/product\/9373","targetHints":{"allow":["GET"]}}],"collection":[{"href":"https:\/\/www.taller-palabras.com\/WordPress_04\/wp-json\/wp\/v2\/product"}],"about":[{"href":"https:\/\/www.taller-palabras.com\/WordPress_04\/wp-json\/wp\/v2\/types\/product"}],"wp:featuredmedia":[{"embeddable":true,"href":"https:\/\/www.taller-palabras.com\/WordPress_04\/wp-json\/wp\/v2\/media\/9376"}],"wp:attachment":[{"href":"https:\/\/www.taller-palabras.com\/WordPress_04\/wp-json\/wp\/v2\/media?parent=9373"}],"wp:term":[{"taxonomy":"product_brand","embeddable":true,"href":"https:\/\/www.taller-palabras.com\/WordPress_04\/wp-json\/wp\/v2\/product_brand?post=9373"},{"taxonomy":"product_cat","embeddable":true,"href":"https:\/\/www.taller-palabras.com\/WordPress_04\/wp-json\/wp\/v2\/product_cat?post=9373"},{"taxonomy":"product_tag","embeddable":true,"href":"https:\/\/www.taller-palabras.com\/WordPress_04\/wp-json\/wp\/v2\/product_tag?post=9373"}],"curies":[{"name":"wp","href":"https:\/\/api.w.org\/{rel}","templated":true}]}}