{"id":9411,"date":"2023-08-10T11:42:15","date_gmt":"2023-08-10T14:42:15","guid":{"rendered":"https:\/\/www.taller-palabras.com\/WordPress_04\/?post_type=product&#038;p=9411"},"modified":"2026-03-31T12:15:14","modified_gmt":"2026-03-31T15:15:14","slug":"el-tunel-ernesto-sabato-ebook","status":"publish","type":"product","link":"https:\/\/www.taller-palabras.com\/WordPress_04\/producto\/el-tunel-ernesto-sabato-ebook","title":{"rendered":"El tunel &#8211; Ernesto Sabato \/ebook"},"content":{"rendered":"<figure id=\"attachment_7430\" aria-describedby=\"caption-attachment-7430\" style=\"width: 150px\" class=\"wp-caption alignleft\"><img loading=\"lazy\" decoding=\"async\" class=\"wp-image-7430 size-thumbnail\" src=\"https:\/\/www.taller-palabras.com\/WordPress_04\/wp-content\/uploads\/2023\/08\/ernesto-sabato-150x150.png\" alt=\"\" width=\"150\" height=\"150\" srcset=\"https:\/\/www.taller-palabras.com\/WordPress_04\/wp-content\/uploads\/2023\/08\/ernesto-sabato-150x150.png 150w, https:\/\/www.taller-palabras.com\/WordPress_04\/wp-content\/uploads\/2023\/08\/ernesto-sabato-100x100.png 100w, https:\/\/www.taller-palabras.com\/WordPress_04\/wp-content\/uploads\/2023\/08\/ernesto-sabato.png 283w\" sizes=\"auto, (max-width: 150px) 100vw, 150px\" \/><figcaption id=\"caption-attachment-7430\" class=\"wp-caption-text\">Autor Ernesto Sabato<\/figcaption><\/figure>\n<p>El t\u00fanel es una de las grandes novelas sudamericanas del siglo XX, cuyos ecos recogieron pronto en Europa Graham Greene y Camus. El relato, montado en los recursos de la novela policial, desarrolla un personaje que revela su psicolog\u00eda introspectiva e impone al lector un an\u00e1lisis de la desesperanza. El protagonista, Juan Pablo Castel, persigue in\u00fatilmente lo inalcanzable, que no es sino el regreso a la infancia, simbolizada en la ventana de un cuadro, motivo reiterado largamente en la narraci\u00f3n. Garc\u00eda M\u00e1rquez.<\/p>\n<p>&nbsp;<\/p>\n","protected":false},"excerpt":{"rendered":"<p>El t\u00fanel es una de las grandes novelas sudamericanas del siglo XX, cuyos ecos recogieron pronto en Europa Graham Greene y Camus. El relato, montado en los recursos de la novela policial, desarrolla un personaje que revela su psicolog\u00eda introspectiva e impone al lector un an\u00e1lisis de la desesperanza. El protagonista, Juan Pablo Castel, persigue [&hellip;]<\/p>\n","protected":false},"featured_media":9414,"template":"","meta":[],"product_brand":[1706],"product_cat":[25],"product_tag":[54,1285,1086,45],"class_list":{"0":"post-9411","1":"product","2":"type-product","3":"status-publish","4":"has-post-thumbnail","6":"product_brand-grupo1","7":"product_cat-libros-digitales-ebooks","8":"product_tag-descargar-ebook","9":"product_tag-el-tunel","10":"product_tag-ernesto-sabato","11":"product_tag-mejor-novela","13":"first","14":"instock","15":"shipping-taxable","16":"purchasable","17":"product-type-variable","18":"has-default-attributes"},"_links":{"self":[{"href":"https:\/\/www.taller-palabras.com\/WordPress_04\/wp-json\/wp\/v2\/product\/9411","targetHints":{"allow":["GET"]}}],"collection":[{"href":"https:\/\/www.taller-palabras.com\/WordPress_04\/wp-json\/wp\/v2\/product"}],"about":[{"href":"https:\/\/www.taller-palabras.com\/WordPress_04\/wp-json\/wp\/v2\/types\/product"}],"wp:featuredmedia":[{"embeddable":true,"href":"https:\/\/www.taller-palabras.com\/WordPress_04\/wp-json\/wp\/v2\/media\/9414"}],"wp:attachment":[{"href":"https:\/\/www.taller-palabras.com\/WordPress_04\/wp-json\/wp\/v2\/media?parent=9411"}],"wp:term":[{"taxonomy":"product_brand","embeddable":true,"href":"https:\/\/www.taller-palabras.com\/WordPress_04\/wp-json\/wp\/v2\/product_brand?post=9411"},{"taxonomy":"product_cat","embeddable":true,"href":"https:\/\/www.taller-palabras.com\/WordPress_04\/wp-json\/wp\/v2\/product_cat?post=9411"},{"taxonomy":"product_tag","embeddable":true,"href":"https:\/\/www.taller-palabras.com\/WordPress_04\/wp-json\/wp\/v2\/product_tag?post=9411"}],"curies":[{"name":"wp","href":"https:\/\/api.w.org\/{rel}","templated":true}]}}