{"id":9633,"date":"2023-06-18T18:30:00","date_gmt":"2023-06-18T21:30:00","guid":{"rendered":"https:\/\/www.taller-palabras.com\/WordPress_04\/?post_type=product&#038;p=9633"},"modified":"2024-05-04T13:50:04","modified_gmt":"2024-05-04T16:50:04","slug":"germinal-emile-zola-ebook","status":"publish","type":"product","link":"https:\/\/www.taller-palabras.com\/WordPress_04\/producto\/germinal-emile-zola-ebook","title":{"rendered":"Germinal &#8211; \u00c9mile Zola  \/ebook"},"content":{"rendered":"<figure id=\"attachment_7118\" aria-describedby=\"caption-attachment-7118\" style=\"width: 150px\" class=\"wp-caption alignleft\"><img loading=\"lazy\" decoding=\"async\" class=\"wp-image-7118 size-thumbnail\" src=\"https:\/\/www.taller-palabras.com\/WordPress_04\/wp-content\/uploads\/2023\/06\/Emile-Zola-150x150.jpg\" alt=\"\" width=\"150\" height=\"150\" srcset=\"https:\/\/www.taller-palabras.com\/WordPress_04\/wp-content\/uploads\/2023\/06\/Emile-Zola-150x150.jpg 150w, https:\/\/www.taller-palabras.com\/WordPress_04\/wp-content\/uploads\/2023\/06\/Emile-Zola-100x100.jpg 100w\" sizes=\"auto, (max-width: 150px) 100vw, 150px\" \/><figcaption id=\"caption-attachment-7118\" class=\"wp-caption-text\">Autor \u00c9mile Zola<\/figcaption><\/figure>\n<p>Francia, 1866: \u00c9tienne Lantier abofetea a su patr\u00f3n y se queda sin empleo. Vagabundo y sin trabajo, halla nueva ocupaci\u00f3n en las minas de carb\u00f3n. Los rigores de la labor bajo tierra, las condiciones inhumanas, la injusticia, la crisis social, la revoluci\u00f3n y la huelga, la brutal represi\u00f3n, pero tambi\u00e9n el amor, son los protagonistas de Germinal, uno de los m\u00e1s rotundos y v\u00edvidos alegatos nunca escritos en favor de los explotados y los oprimidos.<\/p>\n<p>&nbsp;<\/p>\n","protected":false},"excerpt":{"rendered":"<p>Francia, 1866: \u00c9tienne Lantier abofetea a su patr\u00f3n y se queda sin empleo. Vagabundo y sin trabajo, halla nueva ocupaci\u00f3n en las minas de carb\u00f3n. Los rigores de la labor bajo tierra, las condiciones inhumanas, la injusticia, la crisis social, la revoluci\u00f3n y la huelga, la brutal represi\u00f3n, pero tambi\u00e9n el amor, son los protagonistas [&hellip;]<\/p>\n","protected":false},"featured_media":9636,"template":"","meta":[],"product_brand":[],"product_cat":[25],"product_tag":[54,1040,1299,45],"class_list":{"0":"post-9633","1":"product","2":"type-product","3":"status-publish","4":"has-post-thumbnail","6":"product_cat-libros-digitales-ebooks","7":"product_tag-descargar-ebook","8":"product_tag-emile-zola","9":"product_tag-germinal","10":"product_tag-mejor-novela","12":"first","13":"instock","14":"shipping-taxable","15":"purchasable","16":"product-type-variable","17":"has-default-attributes"},"_links":{"self":[{"href":"https:\/\/www.taller-palabras.com\/WordPress_04\/wp-json\/wp\/v2\/product\/9633","targetHints":{"allow":["GET"]}}],"collection":[{"href":"https:\/\/www.taller-palabras.com\/WordPress_04\/wp-json\/wp\/v2\/product"}],"about":[{"href":"https:\/\/www.taller-palabras.com\/WordPress_04\/wp-json\/wp\/v2\/types\/product"}],"wp:featuredmedia":[{"embeddable":true,"href":"https:\/\/www.taller-palabras.com\/WordPress_04\/wp-json\/wp\/v2\/media\/9636"}],"wp:attachment":[{"href":"https:\/\/www.taller-palabras.com\/WordPress_04\/wp-json\/wp\/v2\/media?parent=9633"}],"wp:term":[{"taxonomy":"product_brand","embeddable":true,"href":"https:\/\/www.taller-palabras.com\/WordPress_04\/wp-json\/wp\/v2\/product_brand?post=9633"},{"taxonomy":"product_cat","embeddable":true,"href":"https:\/\/www.taller-palabras.com\/WordPress_04\/wp-json\/wp\/v2\/product_cat?post=9633"},{"taxonomy":"product_tag","embeddable":true,"href":"https:\/\/www.taller-palabras.com\/WordPress_04\/wp-json\/wp\/v2\/product_tag?post=9633"}],"curies":[{"name":"wp","href":"https:\/\/api.w.org\/{rel}","templated":true}]}}

Germinal &#8211; Émile Zola  /ebook

<figure id="attachment_7118" aria-describedby="caption-attachment-7118" style="width: 150px" class="wp-caption alignleft"><img loading="lazy" decoding="async" class="wp-image-7118 size-thumbnail" src="https://www.taller-palabras.com/WordPress_04/wp-content/uploads/2023/06/Emile-Zola-150x150.jpg" alt="" width="150" height="150" srcset="https://www.taller-palabras.com/WordPress_04/wp-content/uploads/2023/06/Emile-Zola-150x150.jpg 150w, https://www.taller-palabras.com/WordPress_04/wp-content/uploads/2023/06/Emile-Zola-100x100.jpg 100w" sizes="auto, (max-width: 150px) 100vw, 150px" /><figcaption id="caption-attachment-7118" class="wp-caption-text">Autor Émile Zola</figcaption></figure>
<p>Francia, 1866: Étienne Lantier abofetea a su patrón y se queda sin empleo. Vagabundo y sin trabajo, halla nueva ocupación en las minas de carbón. Los rigores de la labor bajo tierra, las condiciones inhumanas, la injusticia, la crisis social, la revolución y la huelga, la brutal represión, pero también el amor, son los protagonistas de Germinal, uno de los más rotundos y vívidos alegatos nunca escritos en favor de los explotados y los oprimidos.</p>
<p>&nbsp;</p>

<p>Francia, 1866: Étienne Lantier abofetea a su patrón y se queda sin empleo. Vagabundo y sin trabajo, halla nueva ocupación en las minas de carbón. Los rigores de la labor bajo tierra, las condiciones inhumanas, la injusticia, la crisis social, la revolución y la huelga, la brutal represión, pero también el amor, son los protagonistas [&hellip;]</p>
