{"id":9785,"date":"2024-05-17T16:29:00","date_gmt":"2024-05-17T19:29:00","guid":{"rendered":"https:\/\/www.taller-palabras.com\/WordPress_04\/?post_type=product&#038;p=9785"},"modified":"2024-05-17T16:36:22","modified_gmt":"2024-05-17T19:36:22","slug":"el-bosque-sabe-tu-nombre-alaitz-leceaga-ebook","status":"publish","type":"product","link":"https:\/\/www.taller-palabras.com\/WordPress_04\/producto\/el-bosque-sabe-tu-nombre-alaitz-leceaga-ebook","title":{"rendered":"El bosque sabe tu nombre &#8211; Alaitz Leceaga  \/ebook"},"content":{"rendered":"<figure id=\"attachment_9776\" aria-describedby=\"caption-attachment-9776\" style=\"width: 150px\" class=\"wp-caption alignleft\"><img loading=\"lazy\" decoding=\"async\" class=\"wp-image-9776 size-thumbnail\" src=\"https:\/\/www.taller-palabras.com\/WordPress_04\/wp-content\/uploads\/2024\/05\/Alaitz-Leceaga-150x150.jpg\" alt=\"\" width=\"150\" height=\"150\" srcset=\"https:\/\/www.taller-palabras.com\/WordPress_04\/wp-content\/uploads\/2024\/05\/Alaitz-Leceaga-150x150.jpg 150w, https:\/\/www.taller-palabras.com\/WordPress_04\/wp-content\/uploads\/2024\/05\/Alaitz-Leceaga-100x100.jpg 100w, https:\/\/www.taller-palabras.com\/WordPress_04\/wp-content\/uploads\/2024\/05\/Alaitz-Leceaga.jpg 283w\" sizes=\"auto, (max-width: 150px) 100vw, 150px\" \/><figcaption id=\"caption-attachment-9776\" class=\"wp-caption-text\">Autora Alaitz Leceaga<\/figcaption><\/figure>\n<p>A finales de los a\u00f1os veinte del siglo pasado, Estrella y su hermana gemela, Alma, llevan una vida privilegiada como hijas de los marqueses de Zuloaga, propietarios de una casa solariega y una mina de hierro en un peque\u00f1o pueblo suspendido sobre el Cant\u00e1brico. Crecen rodeadas de fiestas y lujos, pero tambi\u00e9n marcadas por un poderoso misterio. Porque Estrella y Alma no son como las otras ni\u00f1as: herederas de un extra\u00f1o don que pasa de generaci\u00f3n en generaci\u00f3n entre las mujeres de su familia, viven a la sombra de una maldici\u00f3n seg\u00fan la cual una de las dos morir\u00e1 antes de cumplir los quince a\u00f1os. As\u00ed arranca esta historia llena de magia y pasi\u00f3n, que nos lleva por medio mundo tras los pasos de su protagonista, una mujer inolvidable que no dudar\u00e1 en hacer todo lo necesario, sin miedo al peligro ni a las convenciones sociales, por defender su tierra y el legado que lleva escrito en la sangre.<\/p>\n","protected":false},"excerpt":{"rendered":"<p>A finales de los a\u00f1os veinte del siglo pasado, Estrella y su hermana gemela, Alma, llevan una vida privilegiada como hijas de los marqueses de Zuloaga, propietarios de una casa solariega y una mina de hierro en un peque\u00f1o pueblo suspendido sobre el Cant\u00e1brico. Crecen rodeadas de fiestas y lujos, pero tambi\u00e9n marcadas por un [&hellip;]<\/p>\n","protected":false},"featured_media":9778,"template":"","meta":[],"product_brand":[],"product_cat":[25],"product_tag":[1314,54,1315,45],"class_list":{"0":"post-9785","1":"product","2":"type-product","3":"status-publish","4":"has-post-thumbnail","6":"product_cat-libros-digitales-ebooks","7":"product_tag-alaitz-leceaga","8":"product_tag-descargar-ebook","9":"product_tag-el-bosque-sabe-tu-nombre","10":"product_tag-mejor-novela","12":"first","13":"instock","14":"shipping-taxable","15":"purchasable","16":"product-type-variable","17":"has-default-attributes"},"_links":{"self":[{"href":"https:\/\/www.taller-palabras.com\/WordPress_04\/wp-json\/wp\/v2\/product\/9785","targetHints":{"allow":["GET"]}}],"collection":[{"href":"https:\/\/www.taller-palabras.com\/WordPress_04\/wp-json\/wp\/v2\/product"}],"about":[{"href":"https:\/\/www.taller-palabras.com\/WordPress_04\/wp-json\/wp\/v2\/types\/product"}],"wp:featuredmedia":[{"embeddable":true,"href":"https:\/\/www.taller-palabras.com\/WordPress_04\/wp-json\/wp\/v2\/media\/9778"}],"wp:attachment":[{"href":"https:\/\/www.taller-palabras.com\/WordPress_04\/wp-json\/wp\/v2\/media?parent=9785"}],"wp:term":[{"taxonomy":"product_brand","embeddable":true,"href":"https:\/\/www.taller-palabras.com\/WordPress_04\/wp-json\/wp\/v2\/product_brand?post=9785"},{"taxonomy":"product_cat","embeddable":true,"href":"https:\/\/www.taller-palabras.com\/WordPress_04\/wp-json\/wp\/v2\/product_cat?post=9785"},{"taxonomy":"product_tag","embeddable":true,"href":"https:\/\/www.taller-palabras.com\/WordPress_04\/wp-json\/wp\/v2\/product_tag?post=9785"}],"curies":[{"name":"wp","href":"https:\/\/api.w.org\/{rel}","templated":true}]}}