{"id":9932,"date":"2024-04-24T17:27:39","date_gmt":"2024-04-24T20:27:39","guid":{"rendered":"https:\/\/www.taller-palabras.com\/WordPress_04\/?post_type=product&#038;p=9932"},"modified":"2024-06-03T14:40:09","modified_gmt":"2024-06-03T17:40:09","slug":"saga-la-tumba-del-tirano-4-rick-riordan-ebook","status":"publish","type":"product","link":"https:\/\/www.taller-palabras.com\/WordPress_04\/producto\/saga-la-tumba-del-tirano-4-rick-riordan-ebook","title":{"rendered":"Saga: La tumba del tirano (4) &#8211; Rick Riordan \/ebook"},"content":{"rendered":"<figure id=\"attachment_9546\" aria-describedby=\"caption-attachment-9546\" style=\"width: 150px\" class=\"wp-caption alignleft\"><img loading=\"lazy\" decoding=\"async\" class=\"wp-image-9546 size-thumbnail\" src=\"https:\/\/www.taller-palabras.com\/WordPress_04\/wp-content\/uploads\/2024\/04\/Rick-Riordan-150x150.png\" alt=\"\" width=\"150\" height=\"150\" srcset=\"https:\/\/www.taller-palabras.com\/WordPress_04\/wp-content\/uploads\/2024\/04\/Rick-Riordan-150x150.png 150w, https:\/\/www.taller-palabras.com\/WordPress_04\/wp-content\/uploads\/2024\/04\/Rick-Riordan-100x100.png 100w\" sizes=\"auto, (max-width: 150px) 100vw, 150px\" \/><figcaption id=\"caption-attachment-9546\" class=\"wp-caption-text\">Autor Rick Riordan<\/figcaption><\/figure>\n<p>Lester ha perdido los poderes que pose\u00eda cuando era el dios Apolo, pero aun as\u00ed lucha para seguir siendo un h\u00e9roe. Despu\u00e9s de salir con vida del Laberinto en Llamas, deber\u00e1 hacer frente a una nueva ofensiva del triunvirato, que va camino de destruir el Campamento J\u00fapiter. Para salvar el mundo, Lester y sus amigos deber\u00e1n encontrar la tumba olvidada de un tirano inmortal, un rey romano mucho m\u00e1s peligroso que los enemigos con los que se han enfrentado hasta ahora.<\/p>\n","protected":false},"excerpt":{"rendered":"<p>Lester ha perdido los poderes que pose\u00eda cuando era el dios Apolo, pero aun as\u00ed lucha para seguir siendo un h\u00e9roe. Despu\u00e9s de salir con vida del Laberinto en Llamas, deber\u00e1 hacer frente a una nueva ofensiva del triunvirato, que va camino de destruir el Campamento J\u00fapiter. Para salvar el mundo, Lester y sus amigos [&hellip;]<\/p>\n","protected":false},"featured_media":9935,"template":"","meta":[],"product_brand":[],"product_cat":[25,47],"product_tag":[1181,1328,225,1289],"class_list":{"0":"post-9932","1":"product","2":"type-product","3":"status-publish","4":"has-post-thumbnail","6":"product_cat-libros-digitales-ebooks","7":"product_cat-libros-digitales-sagas","8":"product_tag-descargar-ebooks","9":"product_tag-la-tumba-del-tirano","10":"product_tag-mejores-novelas","11":"product_tag-rick-riordan","13":"first","14":"instock","15":"shipping-taxable","16":"purchasable","17":"product-type-variable","18":"has-default-attributes"},"_links":{"self":[{"href":"https:\/\/www.taller-palabras.com\/WordPress_04\/wp-json\/wp\/v2\/product\/9932","targetHints":{"allow":["GET"]}}],"collection":[{"href":"https:\/\/www.taller-palabras.com\/WordPress_04\/wp-json\/wp\/v2\/product"}],"about":[{"href":"https:\/\/www.taller-palabras.com\/WordPress_04\/wp-json\/wp\/v2\/types\/product"}],"wp:featuredmedia":[{"embeddable":true,"href":"https:\/\/www.taller-palabras.com\/WordPress_04\/wp-json\/wp\/v2\/media\/9935"}],"wp:attachment":[{"href":"https:\/\/www.taller-palabras.com\/WordPress_04\/wp-json\/wp\/v2\/media?parent=9932"}],"wp:term":[{"taxonomy":"product_brand","embeddable":true,"href":"https:\/\/www.taller-palabras.com\/WordPress_04\/wp-json\/wp\/v2\/product_brand?post=9932"},{"taxonomy":"product_cat","embeddable":true,"href":"https:\/\/www.taller-palabras.com\/WordPress_04\/wp-json\/wp\/v2\/product_cat?post=9932"},{"taxonomy":"product_tag","embeddable":true,"href":"https:\/\/www.taller-palabras.com\/WordPress_04\/wp-json\/wp\/v2\/product_tag?post=9932"}],"curies":[{"name":"wp","href":"https:\/\/api.w.org\/{rel}","templated":true}]}}