{"id":59,"date":"2014-05-19T14:18:05","date_gmt":"2014-05-19T17:18:05","guid":{"rendered":"http:\/\/leyendo.taller-palabras.com\/?page_id=59"},"modified":"2018-09-09T15:01:50","modified_gmt":"2018-09-09T18:01:50","slug":"inicio","status":"publish","type":"page","link":"https:\/\/www.taller-palabras.com\/WordPress_05\/?page_id=59","title":{"rendered":"Inicio"},"content":{"rendered":"<p><em><a href=\"https:\/\/www.taller-palabras.com\/WordPress_05\/wp-content\/uploads\/2014\/04\/inicio.jpeg\"><img decoding=\"async\" loading=\"lazy\" class=\"alignleft size-thumbnail wp-image-13\" alt=\"inicio\" src=\"https:\/\/www.taller-palabras.com\/WordPress_05\/wp-content\/uploads\/2014\/04\/inicio.jpeg\" width=\"150\" height=\"150\" srcset=\"https:\/\/www.taller-palabras.com\/WordPress_05\/wp-content\/uploads\/2014\/04\/inicio.jpeg 216w, https:\/\/www.taller-palabras.com\/WordPress_05\/wp-content\/uploads\/2014\/04\/inicio-150x150.jpeg 150w\" sizes=\"(max-width: 150px) 100vw, 150px\" \/><\/a><\/em><strong>Leyendo <\/strong>con Patricia Miranda.<\/p>\n<p>Profesora y coordinadora del <a href=\"https:\/\/www.taller-palabras.com\" target=\"_blank\">Taller Literario Palabras. <\/a>Correctora literaria y trabajos de edici\u00f3n para editoriales.\u00a0 <a href=\"https:\/\/www.taller-palabras.com\/responsables.html\" target=\"_blank\">(m\u00e1s infos)<\/a><\/p>\n<p><strong>Bienvenidos!!<\/strong><\/p>\n<p>Todos sabemos que la lectura comienza a formar parte de nuestra vida en cualquier momento. Un d\u00eda te encuentras con un libro entre las manos y casi sin darte cuenta, las p\u00e1ginas pasan por tus dedos como rozando tu alma. Como el ala de una mariposa cada frase impregna tus sentidos los envuelve con un tenue polvillo blanco, transparente, definitivo, indeleble. Y es que desde ese d\u00eda, en ese momento, las palabras escritas han pasado a formar parte de tu vida y entonces resulta que el olor a tinta te reclama, un estante colmado es un mundo por descubrir y el mundo resulta que es inacabable, el l\u00edmite son los cientos, los miles de libros que a\u00fan te quedan por leer.<br \/>\nAlgunos llegar\u00e1n a la lectura por casualidad, otros inducidos, todos irremediablemente ser\u00e1n absorbidos por el encanto de las palabras que pronto se convierten en h\u00e1bito y \u00e9ste no tarda en convertirse en necesidad. Lo cierto es que una vez dentro del mundo de los libros es imposible salir, es in\u00fatil resistirse, todo te anunciar\u00e1 que el camino sigue y \u00bfqui\u00e9n puede resistirse a transitar un camino plagado de descubrimientos?<br \/>\nLos libros forman parte de mi existencia desde que tengo uso de raz\u00f3n. Las im\u00e1genes colmaban mis d\u00edas de serena ignorancia sobre el arte de leer y m\u00e1s tarde las palabras una a una se unieron para completar la realidad de todos los d\u00edas, con esa otra realidad re-creada: la de la ficci\u00f3n.<br \/>\nPor eso y por todo lo que pueda empujarte hacia un libro abierto ha nacido este rinc\u00f3n que intenta ser algo m\u00e1s que un lugar donde halles recomendaciones de libros.<\/p>\n<p style=\"text-align: left;\"><b>Este ser\u00e1 nuestro lugar de encuentro donde descubrir\u00e1s algo m\u00e1s que saber si un libro es bueno o malo. Porque en realidad no existen los libros mejor o peor escritos, existe tan solo ese libro que en ese instante se conecta con tu alma y la impregna de ese polvillo blanco indeleble. Te invito a descubrir ese planeta inexplorado del libro a\u00fan no le\u00eddo.<br \/>\nTe ofrezco mi compa\u00f1\u00eda para encontrarlo, de vos depende dejarte conmover por las frases y permitir que una historia se apoder\u00e9 de vos el breve instante en que dura la lectura.<\/b> Y como dec\u00eda Borges: <i> \u00abSi un libro no te atrapa como lector, hay que desecharlo, dejarlo y leerlo en otra etapa de la vida.\u201d<\/i><br \/>\n<b>Siempre hay un libro en un anaquel esper\u00e1ndote. Te invito a descubrir cu\u00e1l es el siguiente.<\/b><\/p>\n<p style=\"text-align: right;\">Patricia Miranda<\/p>\n","protected":false},"excerpt":{"rendered":"<p>Leyendo con Patricia Miranda. Profesora y coordinadora del Taller Literario Palabras. Correctora literaria y trabajos de edici\u00f3n para editoriales.\u00a0 (m\u00e1s infos) Bienvenidos!! Todos sabemos que la lectura comienza a formar parte de nuestra vida en cualquier momento. Un d\u00eda te encuentras con un libro entre las manos y casi sin darte cuenta, las p\u00e1ginas pasan &hellip; <a href=\"https:\/\/www.taller-palabras.com\/WordPress_05\/?page_id=59\" class=\"more-link\">Seguir leyendo <span class=\"screen-reader-text\">Inicio<\/span> <span class=\"meta-nav\">&rarr;<\/span><\/a><\/p>\n","protected":false},"author":1,"featured_media":0,"parent":0,"menu_order":0,"comment_status":"closed","ping_status":"open","template":"","meta":[],"categories":[],"tags":[],"_links":{"self":[{"href":"https:\/\/www.taller-palabras.com\/WordPress_05\/index.php?rest_route=\/wp\/v2\/pages\/59"}],"collection":[{"href":"https:\/\/www.taller-palabras.com\/WordPress_05\/index.php?rest_route=\/wp\/v2\/pages"}],"about":[{"href":"https:\/\/www.taller-palabras.com\/WordPress_05\/index.php?rest_route=\/wp\/v2\/types\/page"}],"author":[{"embeddable":true,"href":"https:\/\/www.taller-palabras.com\/WordPress_05\/index.php?rest_route=\/wp\/v2\/users\/1"}],"replies":[{"embeddable":true,"href":"https:\/\/www.taller-palabras.com\/WordPress_05\/index.php?rest_route=%2Fwp%2Fv2%2Fcomments&post=59"}],"version-history":[{"count":13,"href":"https:\/\/www.taller-palabras.com\/WordPress_05\/index.php?rest_route=\/wp\/v2\/pages\/59\/revisions"}],"predecessor-version":[{"id":2463,"href":"https:\/\/www.taller-palabras.com\/WordPress_05\/index.php?rest_route=\/wp\/v2\/pages\/59\/revisions\/2463"}],"wp:attachment":[{"href":"https:\/\/www.taller-palabras.com\/WordPress_05\/index.php?rest_route=%2Fwp%2Fv2%2Fmedia&parent=59"}],"wp:term":[{"taxonomy":"category","embeddable":true,"href":"https:\/\/www.taller-palabras.com\/WordPress_05\/index.php?rest_route=%2Fwp%2Fv2%2Fcategories&post=59"},{"taxonomy":"post_tag","embeddable":true,"href":"https:\/\/www.taller-palabras.com\/WordPress_05\/index.php?rest_route=%2Fwp%2Fv2%2Ftags&post=59"}],"curies":[{"name":"wp","href":"https:\/\/api.w.org\/{rel}","templated":true}]}}